-- Table structure for table `approval_people`
--

CREATE TABLE `approval_people` (
  `id` bigint unsigned NOT NULL AUTO_INCREMENT,
  `name` varchar(255) CHARACTER SET utf8mb4 COLLATE utf8mb4_unicode_ci NOT NULL,
  `user_id` bigint unsigned DEFAULT NULL,
  `campus_id` bigint unsigned DEFAULT NULL,
  `atype` bigint unsigned DEFAULT NULL,
  `is_active` int NOT NULL DEFAULT '1' COMMENT 'Active=1, In Active=0',
  `created_at` timestamp NULL DEFAULT NULL,
  `updated_at` timestamp NULL DEFAULT NULL,
  `deleted_at` timestamp NULL DEFAULT NULL,
  PRIMARY KEY (`id`),
  KEY `approval_people_user_id_foreign` (`user_id`),
  KEY `approval_people_campus_id_foreign` (`campus_id`),
  KEY `approval_people_atype_foreign` (`atype`),
  CONSTRAINT `approval_people_atype_foreign` FOREIGN KEY (`atype`) REFERENCES `approval_types` (`id`) ON DELETE RESTRICT ON UPDATE RESTRICT,
  CONSTRAINT `approval_people_campus_id_foreign` FOREIGN KEY (`campus_id`) REFERENCES `campuses` (`id`) ON DELETE RESTRICT ON UPDATE RESTRICT,
  CONSTRAINT `approval_people_user_id_foreign` FOREIGN KEY (`user_id`) REFERENCES `users` (`id`) ON DELETE RESTRICT ON UPDATE RESTRICT
) ENGINE=InnoDB AUTO_INCREMENT=17 DEFAULT CHARSET=utf8mb4 COLLATE=utf8mb4_unicode_ci;

--
-- Dumping data for table `approval_people`
--

INSERT INTO `approval_people` VALUES (1,'Amit Goel',24,3,1,1,'2024-11-15 11:37:31','2024-11-15 11:37:31',NULL),(2,'Ashish Kumar',198,3,1,1,'2024-11-15 11:37:37','2024-11-15 11:37:37',NULL),(3,'Binaya Patnaik',168,3,1,1,'2024-11-15 11:37:42','2025-09-11 15:12:06','2025-09-11 15:12:06'),(4,'Saurabh Jindal',229,3,1,1,'2024-11-15 11:38:01','2025-01-27 00:03:10','2025-01-27 00:03:10'),(5,'Shiv Kumar',1,3,1,1,'2024-11-15 11:38:09','2024-11-15 11:38:09',NULL),(6,'Nakul Gupta',409,3,1,1,'2024-11-15 11:42:06','2024-11-15 11:42:06',NULL),(7,'Director Delhi-ncr',503,3,1,1,'2024-11-15 11:42:24','2025-01-26 23:48:23',NULL),(8,'Anuj Kodan',28,3,2,1,'2024-11-15 11:43:01','2025-09-01 11:03:12',NULL),(9,'Administration Department - Delhi-NCR',514,3,3,1,'2024-11-15 11:43:18','2025-09-11 15:11:47',NULL),(10,'Rajesh Goyal',410,3,1,1,'2025-01-26 23:49:06','2025-01-26 23:49:06',NULL),(11,'Registrar - Delhi-ncr',530,3,1,1,'2025-01-26 23:49:44','2025-01-26 23:49:44',NULL),(12,'Ameet Sao',509,3,1,1,'2025-01-26 23:50:55','2025-01-26 23:50:55',NULL),(13,'Hemant Bhanawat',510,3,1,1,'2025-01-26 23:51:07','2025-01-26 23:51:07',NULL),(14,'Rp Saini',26,3,1,1,'2025-03-25 16:00:28','2025-03-25 16:00:28',NULL),(15,'Saurabh Jindal',229,3,1,1,'2025-08-14 12:21:22','2025-08-14 12:21:22',NULL),(16,'Atul Kumar Singh',1133,3,1,1,'2025-09-19 14:04:55','2025-09-19 14:04:55',NULL);

--
-- Table structure for table `approval_types`
--

CREATE TABLE `approval_types` (
  `id` bigint unsigned NOT NULL AUTO_INCREMENT,
  `name` varchar(255) CHARACTER SET utf8mb4 COLLATE utf8mb4_unicode_ci NOT NULL,
  `slug` varchar(255) CHARACTER SET utf8mb4 COLLATE utf8mb4_unicode_ci NOT NULL,
  `created_at` timestamp NULL DEFAULT NULL,
  `updated_at` timestamp NULL DEFAULT NULL,
  `deleted_at` timestamp NULL DEFAULT NULL,
  PRIMARY KEY (`id`),
  UNIQUE KEY `approval_types_name_unique` (`name`),
  UNIQUE KEY `approval_types_slug_unique` (`slug`)
) ENGINE=InnoDB AUTO_INCREMENT=4 DEFAULT CHARSET=utf8mb4 COLLATE=utf8mb4_unicode_ci;

--
-- Dumping data for table `approval_types`
--

INSERT INTO `approval_types` VALUES (1,'Verified/Approved','verified-approved','2024-11-14 00:47:26','2024-11-14 00:47:26',NULL),(2,'Stationery','stationery','2024-11-14 00:47:26','2024-11-14 00:47:26',NULL),(3,'Administration','administration','2024-11-14 00:47:26','2024-11-14 00:47:26',NULL);

--
-- Table structure for table `approvals`
--

CREATE TABLE `approvals` (
  `id` bigint unsigned NOT NULL AUTO_INCREMENT,
  `name` varchar(255) CHARACTER SET utf8mb4 COLLATE utf8mb4_unicode_ci NOT NULL,
  `slug` varchar(255) CHARACTER SET utf8mb4 COLLATE utf8mb4_unicode_ci NOT NULL,
  `class` varchar(255) CHARACTER SET utf8mb4 COLLATE utf8mb4_unicode_ci NOT NULL DEFAULT 'info',
  `is_active` int NOT NULL DEFAULT '1' COMMENT 'Active=1, In Active=0',
  `created_at` timestamp NULL DEFAULT NULL,
  `updated_at` timestamp NULL DEFAULT NULL,
  `deleted_at` timestamp NULL DEFAULT NULL,
  PRIMARY KEY (`id`),
  UNIQUE KEY `approvals_name_unique` (`name`),
  UNIQUE KEY `approvals_slug_unique` (`slug`)
) ENGINE=InnoDB AUTO_INCREMENT=6 DEFAULT CHARSET=utf8mb4 COLLATE=utf8mb4_unicode_ci;

--
-- Dumping data for table `approvals`
--

INSERT INTO `approvals` VALUES (1,'Pending','pending','primary',1,'2024-11-15 11:35:59','2024-11-15 11:35:59',NULL),(2,'Approved','approved','success',1,'2024-11-15 11:36:16','2024-11-15 11:36:16',NULL),(3,'In-Progress','in-progress','info',1,'2024-11-15 11:36:27','2024-11-15 11:36:27',NULL),(4,'Rejected','rejected','danger',1,'2024-11-15 11:36:37','2025-03-22 18:02:03',NULL),(5,'Delivered','delivered','success',1,'2024-11-15 11:36:48','2024-11-15 11:36:48',NULL);

--
-- Table structure for table `authors`
--

CREATE TABLE `authors` (
  `id` bigint unsigned NOT NULL AUTO_INCREMENT,
  `name` varchar(255) CHARACTER SET utf8mb4 COLLATE utf8mb4_unicode_ci NOT NULL,
  `slug` varchar(255) CHARACTER SET utf8mb4 COLLATE utf8mb4_unicode_ci NOT NULL,
  `campus` bigint unsigned DEFAULT NULL COMMENT 'Pune=1, Hyderabad=2, Delhi-NCR=3',
  `is_active` int NOT NULL DEFAULT '1' COMMENT 'Active=1, In Active=0',
  `created_at` timestamp NULL DEFAULT NULL,
  `updated_at` timestamp NULL DEFAULT NULL,
  `deleted_at` timestamp NULL DEFAULT NULL,
  PRIMARY KEY (`id`),
  UNIQUE KEY `authors_name_unique` (`name`),
  UNIQUE KEY `authors_slug_unique` (`slug`),
  KEY `authors_campus_foreign` (`campus`),
  CONSTRAINT `authors_campus_foreign` FOREIGN KEY (`campus`) REFERENCES `campuses` (`id`)
) ENGINE=InnoDB AUTO_INCREMENT=931 DEFAULT CHARSET=utf8mb4 COLLATE=utf8mb4_unicode_ci;

--
-- Dumping data for table `authors`
--

INSERT INTO `authors` VALUES (3,'Khan My & P.k.jain','khan-my-pkjain',3,1,'2025-03-03 11:30:57','2025-03-03 11:30:57',NULL),(4,'Pandey I M','pandey-i-m',3,1,'2025-03-03 11:30:57','2025-03-03 11:30:57',NULL),(5,'Chandra Prasanna','chandra-prasanna',3,1,'2025-03-03 11:30:57','2025-03-03 11:30:57',NULL),(410,'Afuah Allan','afuah-allan',3,1,'2025-03-05 11:35:52','2025-03-05 11:35:52',NULL),(411,'Ahuja K.k.','ahuja-kk',3,1,'2025-03-05 11:35:52','2025-03-05 11:35:52',NULL),(412,'Arora M. N & Priyanka','arora-m-n-priyanka',3,1,'2025-03-05 11:35:52','2025-03-05 11:35:52',NULL),(413,'Case Karl E.','case-karl-e',3,1,'2025-03-05 11:35:52','2025-03-05 11:35:52',NULL),(414,'Cova Bernard','cova-bernard',3,1,'2025-03-05 11:35:52','2025-03-05 11:35:52',NULL),(415,'Melvin Micheal','melvin-micheal',3,1,'2025-03-05 11:35:52','2025-03-05 11:35:52',NULL),(416,'Parikh Margie & Rajan Gupta','parikh-margie-rajan-gupta',3,1,'2025-03-05 11:35:52','2025-03-05 11:35:52',NULL),(417,'Aczel Amir D','aczel-amir-d',3,1,'2025-03-05 11:35:52','2025-03-05 11:35:52',NULL),(418,'Adams John','adams-john',3,1,'2025-03-05 11:35:52','2025-03-05 11:35:52',NULL),(419,'Adoranti Frank','adoranti-frank',3,1,'2025-03-05 11:35:52','2025-03-05 11:35:52',NULL),(420,'Agile Alliance','agile-alliance',3,1,'2025-03-05 11:35:52','2025-03-05 11:35:52',NULL),(421,'Ahuja Hira N.','ahuja-hira-n',3,1,'2025-03-05 11:35:52','2025-03-05 11:35:52',NULL),(422,'Akintoye Akintola','akintoye-akintola',3,1,'2025-03-05 11:35:52','2025-03-05 11:35:52',NULL),(423,'Albright S. Christian','albright-s-christian',3,1,'2025-03-05 11:35:52','2025-03-05 11:35:52',NULL),(424,'Alexander Alan A.','alexander-alan-a',3,1,'2025-03-05 11:35:52','2025-03-05 11:35:52',NULL),(425,'Anderson David R.','anderson-david-r',3,1,'2025-03-05 11:35:52','2025-03-05 11:35:52',NULL),(426,'Anjaneyulu Y. And Vali Manicam','anjaneyulu-y-and-vali-manicam',3,1,'2025-03-05 11:35:52','2025-03-05 11:35:52',NULL),(427,'Anthony Robert N. & Vijay Govinderayen','anthony-robert-n-vijay-govinderayen',3,1,'2025-03-05 11:35:52','2025-03-05 11:35:52',NULL),(428,'Anumba Chimay J.','anumba-chimay-j',3,1,'2025-03-05 11:35:52','2025-03-05 11:35:52',NULL),(429,'Arceivala Soli J','arceivala-soli-j',3,1,'2025-03-05 11:35:52','2025-03-05 11:35:52',NULL),(430,'Armstrong Micheal','armstrong-micheal',3,1,'2025-03-05 11:35:52','2025-03-05 11:35:52',NULL),(431,'Arya Anand S.','arya-anand-s',3,1,'2025-03-05 11:35:52','2025-03-05 11:35:52',NULL),(432,'Ashford J.l.','ashford-jl',3,1,'2025-03-05 11:35:52','2025-03-05 11:35:52',NULL),(433,'Ashford Norman J.','ashford-norman-j',3,1,'2025-03-05 11:35:52','2025-03-05 11:35:52',NULL),(434,'Aswathappa K.','aswathappa-k',3,1,'2025-03-05 11:35:52','2025-03-05 11:35:52',NULL),(435,'Atesmen M. Kemal','atesmen-m-kemal',3,1,'2025-03-05 11:35:52','2025-03-05 11:35:52',NULL),(436,'Badiru Adedeji B.','badiru-adedeji-b',3,1,'2025-03-05 11:35:52','2025-03-05 11:35:52',NULL),(437,'Baines Paul','baines-paul',3,1,'2025-03-05 11:35:52','2025-03-05 11:35:52',NULL),(438,'Bajpai Naval','bajpai-naval',3,1,'2025-03-05 11:35:52','2025-03-05 11:35:52',NULL),(439,'Balakrishna Sidharth','balakrishna-sidharth',3,1,'2025-03-05 11:35:52','2025-03-05 11:35:52',NULL),(440,'Ballou Ronold H.','ballou-ronold-h',3,1,'2025-03-05 11:35:52','2025-03-05 11:35:52',NULL),(441,'Bannister Arthur','bannister-arthur',3,1,'2025-03-05 11:35:52','2025-03-05 11:35:52',NULL),(442,'Bardopralos Anne Michele','bardopralos-anne-michele',3,1,'2025-03-05 11:35:52','2025-03-05 11:35:52',NULL),(443,'Barron\'s','barrons',3,1,'2025-03-05 11:35:52','2025-03-05 11:35:52',NULL),(444,'Barthwal R.r.','barthwal-rr',3,1,'2025-03-05 11:35:52','2025-03-05 11:35:52',NULL),(445,'Bartlett Robert E.','bartlett-robert-e',3,1,'2025-03-05 11:35:52','2025-03-05 11:35:52',NULL),(446,'Basak Ranjan Kumar','basak-ranjan-kumar',3,1,'2025-03-05 11:35:52','2025-03-05 11:35:52',NULL),(447,'Bedi Kanishka','bedi-kanishka',3,1,'2025-03-05 11:35:52','2025-03-05 11:35:52',NULL),(448,'Belch George E.','belch-george-e',3,1,'2025-03-05 11:35:52','2025-03-05 11:35:52',NULL),(449,'Beri G C','beri-g-c',3,1,'2025-03-05 11:35:52','2025-03-05 11:35:52',NULL),(450,'Bernold Leonhard E.','bernold-leonhard-e',3,1,'2025-03-05 11:35:52','2025-03-05 11:35:52',NULL),(451,'Besterfield Dale H.','besterfield-dale-h',3,1,'2025-03-05 11:35:52','2025-03-05 11:35:52',NULL),(452,'Bhattacharya Dipak Kumar','bhattacharya-dipak-kumar',3,1,'2025-03-05 11:35:52','2025-03-05 11:35:52',NULL),(453,'Bhole L M','bhole-l-m',3,1,'2025-03-05 11:35:52','2025-03-05 11:35:52',NULL),(454,'Biafore Bonnie','biafore-bonnie',3,1,'2025-03-05 11:35:52','2025-03-05 11:35:52',NULL),(455,'Bindra S.p.','bindra-sp',3,1,'2025-03-05 11:35:52','2025-03-05 11:35:52',NULL),(456,'Binggeli, Corky, Asid','binggeli-corky-asid',3,1,'2025-03-05 11:35:52','2025-03-05 11:35:52',NULL),(457,'Birdie G.s.','birdie-gs',3,1,'2025-03-05 11:35:52','2025-03-05 11:35:52',NULL),(458,'Black Ken','black-ken',3,1,'2025-03-05 11:35:52','2025-03-05 11:35:52',NULL),(459,'Blanchard Benjamin S.','blanchard-benjamin-s',3,1,'2025-03-05 11:35:52','2025-03-05 11:35:52',NULL),(460,'Block Stanley B.','block-stanley-b',3,1,'2025-03-05 11:35:52','2025-03-05 11:35:52',NULL),(461,'Boardman Anthony E.','boardman-anthony-e',3,1,'2025-03-05 11:35:52','2025-03-05 11:35:52',NULL),(462,'Bodie Zvi','bodie-zvi',3,1,'2025-03-05 11:35:52','2025-03-05 11:35:52',NULL),(463,'Bodie, Kane,mareus','bodie-kanemareus',3,1,'2025-03-05 11:35:52','2025-03-05 11:35:52',NULL),(464,'Bohlander George W.','bohlander-george-w',3,1,'2025-03-05 11:35:52','2025-03-05 11:35:52',NULL),(465,'Booth Laurence','booth-laurence',3,1,'2025-03-05 11:35:52','2025-03-05 11:35:52',NULL),(466,'Borgatti Stephenp.','borgatti-stephenp',3,1,'2025-03-05 11:35:52','2025-03-05 11:35:52',NULL),(467,'Bourne Lynda','bourne-lynda',3,1,'2025-03-05 11:35:52','2025-03-05 11:35:52',NULL),(468,'Bovee Courtland','bovee-courtland',3,1,'2025-03-05 11:35:52','2025-03-05 11:35:52',NULL),(469,'Bowerman Bruce L.','bowerman-bruce-l',3,1,'2025-03-05 11:35:52','2025-03-05 11:35:52',NULL),(470,'Bowersox Donald J.','bowersox-donald-j',3,1,'2025-03-05 11:35:52','2025-03-05 11:35:52',NULL),(471,'Boyee Tim','boyee-tim',3,1,'2025-03-05 11:35:52','2025-03-05 11:35:52',NULL),(472,'Brealey Richard','brealey-richard',3,1,'2025-03-05 11:35:52','2025-03-05 11:35:52',NULL),(473,'Brien James A O\'','brien-james-a-o',3,1,'2025-03-05 11:35:52','2025-03-05 11:35:52',NULL),(474,'Briesemeister John K.','briesemeister-john-k',3,1,'2025-03-05 11:35:52','2025-03-05 11:35:52',NULL),(475,'Brighm Eugene F.','brighm-eugene-f',3,1,'2025-03-05 11:35:52','2025-03-05 11:35:52',NULL),(476,'Broomfield John P.','broomfield-john-p',3,1,'2025-03-05 11:35:52','2025-03-05 11:35:52',NULL),(477,'Bryman Alen & Emma Bell','bryman-alen-emma-bell',3,1,'2025-03-05 11:35:52','2025-03-05 11:35:52',NULL),(478,'Bryon Tony','bryon-tony',3,1,'2025-03-05 11:35:52','2025-03-05 11:35:52',NULL),(479,'Buffa Elwood S.','buffa-elwood-s',3,1,'2025-03-05 11:35:52','2025-03-05 11:35:52',NULL),(480,'Burke Rory','burke-rory',3,1,'2025-03-05 11:35:52','2025-03-05 11:35:52',NULL),(481,'Cachon Gerard','cachon-gerard',3,1,'2025-03-05 11:35:52','2025-03-05 11:35:52',NULL),(482,'Campbell Harry F.','campbell-harry-f',3,1,'2025-03-05 11:35:52','2025-03-05 11:35:52',NULL),(483,'Cassell Catherine','cassell-catherine',3,1,'2025-03-05 11:35:52','2025-03-05 11:35:52',NULL),(484,'Chadha O.p.','chadha-op',3,1,'2025-03-05 11:35:52','2025-03-05 11:35:52',NULL),(485,'Chakraborti M.','chakraborti-m',3,1,'2025-03-05 11:35:52','2025-03-05 11:35:52',NULL),(486,'Chang Kang - Tsong','chang-kang-tsong',3,1,'2025-03-05 11:35:52','2025-03-05 11:35:52',NULL),(487,'Chapman Chris & Stephen Ward','chapman-chris-stephen-ward',3,1,'2025-03-05 11:35:52','2025-03-05 11:35:52',NULL),(488,'Chapman R.f.','chapman-rf',3,1,'2025-03-05 11:35:52','2025-03-05 11:35:52',NULL),(489,'Chappell David','chappell-david',3,1,'2025-03-05 11:35:52','2025-03-05 11:35:52',NULL),(490,'Charantimath Poornima M.','charantimath-poornima-m',3,1,'2025-03-05 11:35:52','2025-03-05 11:35:52',NULL),(491,'Chase Richard B.','chase-richard-b',3,1,'2025-03-05 11:35:52','2025-03-05 11:35:52',NULL),(492,'Chatfield Carl & Timothy Johnson','chatfield-carl-timothy-johnson',3,1,'2025-03-05 11:35:52','2025-03-05 11:35:52',NULL),(493,'Chaudhuri Sudip','chaudhuri-sudip',3,1,'2025-03-05 11:35:52','2025-03-05 11:35:52',NULL),(494,'Chauhan Gajendra Singh','chauhan-gajendra-singh',3,1,'2025-03-05 11:35:52','2025-03-05 11:35:52',NULL),(495,'Chawla H.s.','chawla-hs',3,1,'2025-03-05 11:35:52','2025-03-05 11:35:52',NULL),(496,'Chen Wai - Fah And Lian Duan','chen-wai-fah-and-lian-duan',3,1,'2025-03-05 11:35:52','2025-03-05 11:35:52',NULL),(497,'Cherunilam Francis','cherunilam-francis',3,1,'2025-03-05 11:35:52','2025-03-05 11:35:52',NULL),(498,'Chhabra Sandhya','chhabra-sandhya',3,1,'2025-03-05 11:35:52','2025-03-05 11:35:52',NULL),(499,'Chhabra T.n.','chhabra-tn',3,1,'2025-03-05 11:35:52','2025-03-05 11:35:52',NULL),(500,'Chhokar Kiran B.','chhokar-kiran-b',3,1,'2025-03-05 11:35:52','2025-03-05 11:35:52',NULL),(501,'Chinyio Ezekiel','chinyio-ezekiel',3,1,'2025-03-05 11:35:52','2025-03-05 11:35:52',NULL),(502,'Chitale A.k. & R.c. Gupta','chitale-ak-rc-gupta',3,1,'2025-03-05 11:35:52','2025-03-05 11:35:52',NULL),(503,'Chitkara K K','chitkara-k-k',3,1,'2025-03-05 11:35:52','2025-03-05 11:35:52',NULL),(504,'Chopra Sunil','chopra-sunil',3,1,'2025-03-05 11:35:52','2025-03-05 11:35:52',NULL),(505,'Choudhary S.','choudhary-s',3,1,'2025-03-05 11:35:52','2025-03-05 11:35:52',NULL),(506,'Choudhury Bishwajit','choudhury-bishwajit',3,1,'2025-03-05 11:35:52','2025-03-05 11:35:52',NULL),(507,'Chudley Roy','chudley-roy',3,1,'2025-03-05 11:35:52','2025-03-05 11:35:52',NULL),(508,'Chunawalla S.a.','chunawalla-sa',3,1,'2025-03-05 11:35:52','2025-03-05 11:35:52',NULL),(509,'Chundawat B.s.','chundawat-bs',3,1,'2025-03-05 11:35:52','2025-03-05 11:35:52',NULL),(510,'Clough Richard H.','clough-richard-h',3,1,'2025-03-05 11:35:52','2025-03-05 11:35:52',NULL),(511,'Clow Kenneth E.','clow-kenneth-e',3,1,'2025-03-05 11:35:52','2025-03-05 11:35:52',NULL),(512,'Clow Kenneth E. Donald Back','clow-kenneth-e-donald-back',3,1,'2025-03-05 11:35:52','2025-03-05 11:35:52',NULL),(513,'Colell Andreu Mas','colell-andreu-mas',3,1,'2025-03-05 11:35:52','2025-03-05 11:35:52',NULL),(514,'Cooke Brain','cooke-brain',3,1,'2025-03-05 11:35:52','2025-03-05 11:35:52',NULL),(515,'Cooper Donald R','cooper-donald-r',3,1,'2025-03-05 11:35:52','2025-03-05 11:35:52',NULL),(516,'Cothari Cr','cothari-cr',3,1,'2025-03-05 11:35:52','2025-03-05 11:35:52',NULL),(517,'Courter Gini','courter-gini',3,1,'2025-03-05 11:35:52','2025-03-05 11:35:52',NULL),(518,'Coyle John J.','coyle-john-j',3,1,'2025-03-05 11:35:52','2025-03-05 11:35:52',NULL),(519,'Craighead Geoff','craighead-geoff',3,1,'2025-03-05 11:35:52','2025-03-05 11:35:52',NULL),(520,'Crane Andrew & Dirk Matten','crane-andrew-dirk-matten',3,1,'2025-03-05 11:35:52','2025-03-05 11:35:52',NULL),(521,'Dabholkar Vinay','dabholkar-vinay',3,1,'2025-03-05 11:35:52','2025-03-05 11:35:52',NULL),(522,'Damodaran Aswath','damodaran-aswath',3,1,'2025-03-05 11:35:52','2025-03-05 11:35:52',NULL),(523,'Dandekar M M & K N Sharma','dandekar-m-m-k-n-sharma',3,1,'2025-03-05 11:35:52','2025-03-05 11:35:52',NULL),(524,'Dangayach S.b. & Anil Sharma','dangayach-sb-anil-sharma',3,1,'2025-03-05 11:35:52','2025-03-05 11:35:52',NULL),(525,'Daniel,radebough','danielradebough',3,1,'2025-03-05 11:35:52','2025-03-05 11:35:52',NULL),(526,'Darwin David ( Et.al)','darwin-david-etal',3,1,'2025-03-05 11:35:52','2025-03-05 11:35:52',NULL),(527,'Das Braja M.','das-braja-m',3,1,'2025-03-05 11:35:52','2025-03-05 11:35:52',NULL),(528,'Das Dilip Kumar','das-dilip-kumar',3,1,'2025-03-05 11:35:52','2025-03-05 11:35:52',NULL),(529,'Das Prashant & Divyanshu Sharma','das-prashant-divyanshu-sharma',3,1,'2025-03-05 11:35:52','2025-03-05 11:35:52',NULL),(530,'Datt Gaurav','datt-gaurav',3,1,'2025-03-05 11:35:52','2025-03-05 11:35:52',NULL),(531,'Datt Gaurav &ashwani Mahajan','datt-gaurav-ashwani-mahajan',3,1,'2025-03-05 11:35:52','2025-03-05 11:35:52',NULL),(532,'Datta A.k','datta-ak',3,1,'2025-03-05 11:35:52','2025-03-05 11:35:52',NULL),(533,'David Fred R.','david-fred-r',3,1,'2025-03-05 11:35:52','2025-03-05 11:35:52',NULL),(534,'Davis V.j.& K.tomasin','davis-vj-ktomasin',3,1,'2025-03-05 11:35:52','2025-03-05 11:35:52',NULL),(535,'Dawson Jermy','dawson-jermy',3,1,'2025-03-05 11:35:52','2025-03-05 11:35:52',NULL),(536,'Dayal Sham','dayal-sham',3,1,'2025-03-05 11:35:52','2025-03-05 11:35:52',NULL),(537,'Deitel Harvey M.','deitel-harvey-m',3,1,'2025-03-05 11:35:52','2025-03-05 11:35:52',NULL),(538,'Denisi, Griffin ,sarkar','denisi-griffin-sarkar',3,1,'2025-03-05 11:35:52','2025-03-05 11:35:52',NULL),(539,'Deolalikar Sg','deolalikar-sg',3,1,'2025-03-05 11:35:52','2025-03-05 11:35:52',NULL),(540,'Depamphilis Donald M.','depamphilis-donald-m',3,1,'2025-03-05 11:35:52','2025-03-05 11:35:52',NULL),(541,'Desai T. R','desai-t-r',3,1,'2025-03-05 11:35:52','2025-03-05 11:35:52',NULL),(542,'Deshmukh L M','deshmukh-l-m',3,1,'2025-03-05 11:35:52','2025-03-05 11:35:52',NULL),(543,'Dess Gregory G.','dess-gregory-g',3,1,'2025-03-05 11:35:52','2025-03-05 11:35:52',NULL),(544,'Dessler Gray & Biju Varkey','dessler-gray-biju-varkey',3,1,'2025-03-05 11:35:52','2025-03-05 11:35:52',NULL),(545,'Dictionary','dictionary',3,1,'2025-03-05 11:35:52','2025-03-05 11:35:52',NULL),(546,'Dilawar Syed Ali','dilawar-syed-ali',3,1,'2025-03-05 11:35:52','2025-03-05 11:35:52',NULL),(547,'Dodson Ian','dodson-ian',3,1,'2025-03-05 11:35:52','2025-03-05 11:35:52',NULL),(548,'Domone Peter','domone-peter',3,1,'2025-03-05 11:35:52','2025-03-05 11:35:52',NULL),(549,'Dornbusch Rudiger','dornbusch-rudiger',3,1,'2025-03-05 11:35:52','2025-03-05 11:35:52',NULL),(550,'Dr. Bindra S.p.','dr-bindra-sp',3,1,'2025-03-05 11:35:52','2025-03-05 11:35:52',NULL),(551,'Dr. Dayaratnam P.','dr-dayaratnam-p',3,1,'2025-03-05 11:35:52','2025-03-05 11:35:52',NULL),(552,'Dr. Jain V.k.','dr-jain-vk',3,1,'2025-03-05 11:35:52','2025-03-05 11:35:52',NULL),(553,'Dr. Kadiyali L.r.','dr-kadiyali-lr',3,1,'2025-03-05 11:35:52','2025-03-05 11:35:52',NULL),(554,'Dr. Modi P.n.','dr-modi-pn',3,1,'2025-03-05 11:35:52','2025-03-05 11:35:52',NULL),(555,'Dr. Punmia B.c.','dr-punmia-bc',3,1,'2025-03-05 11:35:52','2025-03-05 11:35:52',NULL),(556,'Dr. Ramchandra & Virendra Gehlot','dr-ramchandra-virendra-gehlot',3,1,'2025-03-05 11:35:52','2025-03-05 11:35:52',NULL),(557,'Dr. Singhania Vinod K. Dr. Kapil Singhnia','dr-singhania-vinod-k-dr-kapil-singhnia',3,1,'2025-03-05 11:35:52','2025-03-05 11:35:52',NULL),(558,'Dr. Sinha Pardeep Kumar','dr-sinha-pardeep-kumar',3,1,'2025-03-05 11:35:52','2025-03-05 11:35:52',NULL),(559,'Dr. Suresh R.','dr-suresh-r',3,1,'2025-03-05 11:35:52','2025-03-05 11:35:52',NULL),(560,'Dr. Verma Mahesh','dr-verma-mahesh',3,1,'2025-03-05 11:35:52','2025-03-05 11:35:52',NULL),(561,'Dr.ahuja Girish & Dr. Ravi Gupta','drahuja-girish-dr-ravi-gupta',3,1,'2025-03-05 11:35:52','2025-03-05 11:35:52',NULL),(562,'Dr.edison J.c.','dredison-jc',3,1,'2025-03-05 11:35:52','2025-03-05 11:35:52',NULL),(563,'Dr.kumar S.','drkumar-s',3,1,'2025-03-05 11:35:52','2025-03-05 11:35:52',NULL),(564,'Duggal S.k.','duggal-sk',3,1,'2025-03-05 11:35:52','2025-03-05 11:35:52',NULL),(565,'Dutta B.n.','dutta-bn',3,1,'2025-03-05 11:35:52','2025-03-05 11:35:52',NULL),(566,'Edmonds Thomos P.','edmonds-thomos-p',3,1,'2025-03-05 11:35:52','2025-03-05 11:35:52',NULL),(567,'Edwards Robert D.','edwards-robert-d',3,1,'2025-03-05 11:35:52','2025-03-05 11:35:52',NULL),(568,'Ekinci Yuksel','ekinci-yuksel',3,1,'2025-03-05 11:35:52','2025-03-05 11:35:52',NULL),(569,'Elmasri Ramez [et.al.]','elmasri-ramez-etal',3,1,'2025-03-05 11:35:52','2025-03-05 11:35:52',NULL),(570,'Elton Edwin J.','elton-edwin-j',3,1,'2025-03-05 11:35:52','2025-03-05 11:35:52',NULL),(571,'Ennew Christin E','ennew-christin-e',3,1,'2025-03-05 11:35:52','2025-03-05 11:35:52',NULL),(572,'Feranado A.C.','feranado-ac',3,1,'2025-03-05 11:35:52','2025-03-21 14:32:12',NULL),(573,'Field Andy','field-andy',3,1,'2025-03-05 11:35:52','2025-03-05 11:35:52',NULL),(574,'Fight Andrew','fight-andrew',3,1,'2025-03-05 11:35:52','2025-03-05 11:35:52',NULL),(575,'Finnerty John D.','finnerty-john-d',3,1,'2025-03-05 11:35:52','2025-03-05 11:35:52',NULL),(576,'Flyvbjerg Bent','flyvbjerg-bent',3,1,'2025-03-05 11:35:52','2025-03-05 11:35:52',NULL),(577,'Forbes Lincoln H.','forbes-lincoln-h',3,1,'2025-03-05 11:35:52','2025-03-05 11:35:52',NULL),(578,'Frazier William C And Dennis C Westhoff','frazier-william-c-and-dennis-c-westhoff',3,1,'2025-03-05 11:35:52','2025-03-05 11:35:52',NULL),(579,'Freeman R. Edward','freeman-r-edward',3,1,'2025-03-05 11:35:52','2025-03-05 11:35:52',NULL),(580,'French Wendell L.','french-wendell-l',3,1,'2025-03-05 11:35:52','2025-03-05 11:35:52',NULL),(581,'G.k. Publication','gk-publication',3,1,'2025-03-05 11:35:52','2025-03-05 11:35:52',NULL),(582,'G.s. Rawat','gs-rawat',3,1,'2025-03-05 11:35:52','2025-03-05 11:35:52',NULL),(583,'Gambhir M.l., Neha Jamwal','gambhir-ml-neha-jamwal',3,1,'2025-03-05 11:35:52','2025-03-05 11:35:52',NULL),(584,'Gaur Ajai S., Snjay S. Gavn','gaur-ajai-s-snjay-s-gavn',3,1,'2025-03-05 11:35:52','2025-03-05 11:35:52',NULL),(585,'Ghosh Moy Karuna','ghosh-moy-karuna',3,1,'2025-03-05 11:35:52','2025-03-05 11:35:52',NULL),(586,'Gitlow Howard S','gitlow-howard-s',3,1,'2025-03-05 11:35:52','2025-03-05 11:35:52',NULL),(587,'Glover Jeremy','glover-jeremy',3,1,'2025-03-05 11:35:52','2025-03-05 11:35:52',NULL),(588,'Goldrelt Eliyahu M.','goldrelt-eliyahu-m',3,1,'2025-03-05 11:35:52','2025-03-05 11:35:52',NULL),(589,'Gopalkrishanan P.','gopalkrishanan-p',3,1,'2025-03-05 11:35:52','2025-03-05 11:35:52',NULL),(590,'Gopalkrishanan P. & Sundaresen M.','gopalkrishanan-p-sundaresen-m',3,1,'2025-03-05 11:35:52','2025-03-05 11:35:52',NULL),(591,'Gopalkrishnan P. Abid Haleem','gopalkrishnan-p-abid-haleem',3,1,'2025-03-05 11:35:52','2025-03-05 11:35:52',NULL),(592,'Gordon Robert J.','gordon-robert-j',3,1,'2025-03-05 11:35:52','2025-03-05 11:35:52',NULL),(593,'Graham Anne','graham-anne',3,1,'2025-03-05 11:35:52','2025-03-05 11:35:52',NULL),(594,'Gray Clifford F.','gray-clifford-f',3,1,'2025-03-05 11:35:52','2025-03-05 11:35:52',NULL),(595,'Gray Grifford F.','gray-grifford-f',3,1,'2025-03-05 11:35:52','2025-03-05 11:35:52',NULL),(596,'Greatbatch David & Timothy Clark','greatbatch-david-timothy-clark',3,1,'2025-03-05 11:35:52','2025-03-05 11:35:52',NULL),(597,'Greener Michael','greener-michael',3,1,'2025-03-05 11:35:52','2025-03-05 11:35:52',NULL),(598,'Greenhalgh Brain','greenhalgh-brain',3,1,'2025-03-05 11:35:52','2025-03-05 11:35:52',NULL),(599,'Greiman Virginia A.','greiman-virginia-a',3,1,'2025-03-05 11:35:52','2025-03-05 11:35:52',NULL),(600,'Griffin Joseph A.','griffin-joseph-a',3,1,'2025-03-05 11:35:52','2025-03-05 11:35:52',NULL),(601,'Grover S.k.','grover-sk',3,1,'2025-03-05 11:35:52','2025-03-05 11:35:52',NULL),(602,'Gruneberg Stephen','gruneberg-stephen',3,1,'2025-03-05 11:35:52','2025-03-05 11:35:52',NULL),(603,'Gudrun And David W. Lowlor','gudrun-and-david-w-lowlor',3,1,'2025-03-05 11:35:52','2025-03-05 11:35:52',NULL),(604,'Gujarati Danodar M.','gujarati-danodar-m',3,1,'2025-03-05 11:35:52','2025-03-05 11:35:52',NULL),(605,'Gulati Sumit & Y.p. Singh','gulati-sumit-yp-singh',3,1,'2025-03-05 11:35:52','2025-03-05 11:35:52',NULL),(606,'Gulhati Shashi K. & Manoj Dutta','gulhati-shashi-k-manoj-dutta',3,1,'2025-03-05 11:35:52','2025-03-05 11:35:52',NULL),(607,'Gupta Ambrish','gupta-ambrish',3,1,'2025-03-05 11:35:52','2025-03-05 11:35:52',NULL),(608,'Gupta Gs','gupta-gs',3,1,'2025-03-05 11:35:52','2025-03-05 11:35:52',NULL),(609,'Gupta M.p. And R.b. Khanna','gupta-mp-and-rb-khanna',3,1,'2025-03-05 11:35:52','2025-03-05 11:35:52',NULL),(610,'Gupta Manoj Kumar','gupta-manoj-kumar',3,1,'2025-03-05 11:35:52','2025-03-05 11:35:52',NULL),(611,'Gupta P.k.','gupta-pk',3,1,'2025-03-05 11:35:52','2025-03-05 11:35:52',NULL),(612,'Gupta S L & Hitesh Gupta','gupta-s-l-hitesh-gupta',3,1,'2025-03-05 11:35:52','2025-03-05 11:35:52',NULL),(613,'Gupta S. P.','gupta-s-p',3,1,'2025-03-05 11:35:52','2025-03-05 11:35:52',NULL),(614,'Gupta S.c. & V.k. Kapoor','gupta-sc-vk-kapoor',3,1,'2025-03-05 11:35:52','2025-03-05 11:35:52',NULL),(615,'Gupta S.p. And S.s.gupta','gupta-sp-and-ssgupta',3,1,'2025-03-05 11:35:52','2025-03-05 11:35:52',NULL),(616,'Gurusamy Dr S','gurusamy-dr-s',3,1,'2025-03-05 11:35:52','2025-03-05 11:35:52',NULL),(617,'Halpin Daniel W. Ronald W. Woodhead','halpin-daniel-w-ronald-w-woodhead',3,1,'2025-03-05 11:35:52','2025-03-05 11:35:52',NULL),(618,'Hammer Mark J.','hammer-mark-j',3,1,'2025-03-05 11:35:52','2025-03-05 11:35:52',NULL),(619,'Hansen / Mowen','hansen-mowen',3,1,'2025-03-05 11:35:52','2025-03-05 11:35:52',NULL),(620,'Hardin Brad','hardin-brad',3,1,'2025-03-05 11:35:52','2025-03-05 11:35:52',NULL),(621,'Harris Frank','harris-frank',3,1,'2025-03-05 11:35:52','2025-03-05 11:35:52',NULL),(622,'Harris Paul Eastwood','harris-paul-eastwood',3,1,'2025-03-05 11:35:52','2025-03-05 11:35:52',NULL),(623,'Havlin John L.','havlin-john-l',3,1,'2025-03-05 11:35:52','2025-03-05 11:35:52',NULL),(624,'Heinze Kurt','heinze-kurt',3,1,'2025-03-05 11:35:52','2025-03-05 11:35:52',NULL),(625,'Herren Rav V.','herren-rav-v',3,1,'2025-03-05 11:35:52','2025-03-05 11:35:52',NULL),(626,'Hill Charles W.l. & Arun Kumar Jain','hill-charles-wl-arun-kumar-jain',3,1,'2025-03-05 11:35:52','2025-03-05 11:35:52',NULL),(627,'Hillier Frederick S.','hillier-frederick-s',3,1,'2025-03-05 11:35:52','2025-03-05 11:35:52',NULL),(628,'Hillson David& Peter Simon','hillson-david-peter-simon',3,1,'2025-03-05 11:35:52','2025-03-05 11:35:52',NULL),(629,'Hinze Jimmie','hinze-jimmie',3,1,'2025-03-05 11:35:52','2025-03-05 11:35:52',NULL),(630,'Hitt Michael A.','hitt-michael-a',3,1,'2025-03-05 11:35:52','2025-03-05 11:35:52',NULL),(631,'Holm Len','holm-len',3,1,'2025-03-05 11:35:52','2025-03-05 11:35:52',NULL),(632,'Horne J. Van John M. Wechowicz','horne-j-van-john-m-wechowicz',3,1,'2025-03-05 11:35:52','2025-03-05 11:35:52',NULL),(633,'Horne Van & James','horne-van-james',3,1,'2025-03-05 11:35:52','2025-03-05 11:35:52',NULL),(634,'Horngren Charles T.','horngren-charles-t',3,1,'2025-03-05 11:35:52','2025-03-05 11:35:52',NULL),(635,'Horonjeff Robert','horonjeff-robert',3,1,'2025-03-05 11:35:52','2025-03-05 11:35:52',NULL),(636,'Howard Ben','howard-ben',3,1,'2025-03-05 11:35:52','2025-03-05 11:35:52',NULL),(637,'Howell','howell',3,1,'2025-03-05 11:35:52','2025-03-05 11:35:52',NULL),(638,'Hughes Bob','hughes-bob',3,1,'2025-03-05 11:35:52','2025-03-05 11:35:52',NULL),(639,'Hughes Phil Mbe','hughes-phil-mbe',3,1,'2025-03-05 11:35:52','2025-03-05 11:35:52',NULL),(640,'Hughes Will','hughes-will',3,1,'2025-03-05 11:35:52','2025-03-05 11:35:52',NULL),(641,'Hull John C.','hull-john-c',3,1,'2025-03-05 11:35:52','2025-03-05 11:35:52',NULL),(642,'Humphereys Kennath K.','humphereys-kennath-k',3,1,'2025-03-05 11:35:52','2025-03-05 11:35:52',NULL),(643,'Icar','icar',3,1,'2025-03-05 11:35:52','2025-03-05 11:35:52',NULL),(644,'Idm14(photocopy)','idm14photocopy',3,1,'2025-03-05 11:35:52','2025-03-05 11:35:52',NULL),(645,'Ingram, Laforge','ingram-laforge',3,1,'2025-03-05 11:35:52','2025-03-05 11:35:52',NULL),(646,'Jain R.k. & Sunil S. Rao','jain-rk-sunil-s-rao',3,1,'2025-03-05 11:35:52','2025-03-05 11:35:52',NULL),(647,'Janakiraman B., R.k. Gopal','janakiraman-b-rk-gopal',3,1,'2025-03-05 11:35:52','2025-03-05 11:35:52',NULL),(648,'Jawadekar Woman S.','jawadekar-woman-s',3,1,'2025-03-05 11:35:52','2025-03-05 11:35:52',NULL),(649,'Jeevanandam C.','jeevanandam-c',3,1,'2025-03-05 11:35:52','2025-03-05 11:35:52',NULL),(650,'Jha Kumar Neeraj','jha-kumar-neeraj',3,1,'2025-03-05 11:35:52','2025-03-05 11:35:52',NULL),(651,'Jha Shankar','jha-shankar',3,1,'2025-03-05 11:35:52','2025-03-05 11:35:52',NULL),(652,'Jiambalvo James','jiambalvo-james',3,1,'2025-03-05 11:35:52','2025-03-05 11:35:52',NULL),(653,'Joglekar P.t.','joglekar-pt',3,1,'2025-03-05 11:35:52','2025-03-05 11:35:52',NULL),(654,'Johnson Gerry','johnson-gerry',3,1,'2025-03-05 11:35:52','2025-03-05 11:35:52',NULL),(655,'Jordan Andy','jordan-andy',3,1,'2025-03-05 11:35:52','2025-03-05 11:35:52',NULL),(656,'Joshi Piyush','joshi-piyush',3,1,'2025-03-05 11:35:52','2025-03-05 11:35:52',NULL),(657,'Joy P.k.','joy-pk',3,1,'2025-03-05 11:35:52','2025-03-05 11:35:52',NULL),(658,'Kadyali L.r. & A.b.lal','kadyali-lr-ablal',3,1,'2025-03-05 11:35:52','2025-03-05 11:35:52',NULL),(659,'Kalavathy S','kalavathy-s',3,1,'2025-03-05 11:35:52','2025-03-05 11:35:52',NULL),(660,'Kamardeen Imriyas','kamardeen-imriyas',3,1,'2025-03-05 11:35:52','2025-03-05 11:35:52',NULL),(661,'Kaplan Robert S., David P. Norton','kaplan-robert-s-david-p-norton',3,1,'2025-03-05 11:35:52','2025-03-05 11:35:52',NULL),(662,'Kashyap Subhash C.','kashyap-subhash-c',3,1,'2025-03-05 11:35:52','2025-03-05 11:35:52',NULL),(663,'Keller Gerald','keller-gerald',3,1,'2025-03-05 11:35:52','2025-03-05 11:35:52',NULL),(664,'Keller Kevin Lane','keller-kevin-lane',3,1,'2025-03-05 11:35:52','2025-03-05 11:35:52',NULL),(665,'Kelly Kevin','kelly-kevin',3,1,'2025-03-05 11:35:52','2025-03-05 11:35:52',NULL),(666,'Kene P.j.& A.f.calna','kene-pj-afcalna',3,1,'2025-03-05 11:35:52','2025-03-05 11:35:52',NULL),(667,'Kerzner Harold R.','kerzner-harold-r',3,1,'2025-03-05 11:35:52','2025-03-05 11:35:52',NULL),(668,'Khalil Tarekm., Ravi Shankar','khalil-tarekm-ravi-shankar',3,1,'2025-03-05 11:35:52','2025-03-05 11:35:52',NULL),(669,'Khan My','khan-my',3,1,'2025-03-05 11:35:52','2025-03-05 11:35:52',NULL),(670,'Khanna R.b.','khanna-rb',3,1,'2025-03-05 11:35:52','2025-03-05 11:35:52',NULL),(671,'Khanna S.k.','khanna-sk',3,1,'2025-03-05 11:35:52','2025-03-05 11:35:52',NULL),(672,'Khanna V N','khanna-v-n',3,1,'2025-03-05 11:35:52','2025-03-05 11:35:52',NULL),(673,'Khare C.p.','khare-cp',3,1,'2025-03-05 11:35:52','2025-03-05 11:35:52',NULL),(674,'Khatua Sitangshu','khatua-sitangshu',3,1,'2025-03-05 11:35:52','2025-03-05 11:35:52',NULL),(675,'Khurmi R.s. & J.k. Gupta','khurmi-rs-jk-gupta',3,1,'2025-03-05 11:35:52','2025-03-05 11:35:52',NULL),(676,'Kibert Charles J.','kibert-charles-j',3,1,'2025-03-05 11:35:52','2025-03-05 11:35:52',NULL),(677,'Knutson Kraig','knutson-kraig',3,1,'2025-03-05 11:35:52','2025-03-05 11:35:52',NULL),(678,'Kochhar Sl','kochhar-sl',3,1,'2025-03-05 11:35:52','2025-03-05 11:35:52',NULL),(679,'Koller Tim','koller-tim',3,1,'2025-03-05 11:35:52','2025-03-05 11:35:52',NULL),(680,'Koner Jonardan','koner-jonardan',3,1,'2025-03-05 11:35:52','2025-03-05 11:35:52',NULL),(681,'Koontz Harold & Heinz Weihrich','koontz-harold-heinz-weihrich',3,1,'2025-03-05 11:35:52','2025-03-05 11:35:52',NULL),(682,'Kothari Cr & Gaurav Garg','kothari-cr-gaurav-garg',3,1,'2025-03-05 11:35:52','2025-03-05 11:35:52',NULL),(683,'Kotler Philip','kotler-philip',3,1,'2025-03-05 11:35:52','2025-03-05 11:35:52',NULL),(684,'Krajewski Lee J.','krajewski-lee-j',3,1,'2025-03-05 11:35:52','2025-03-05 11:35:52',NULL),(685,'Krishnamoorthy Bala','krishnamoorthy-bala',3,1,'2025-03-05 11:35:52','2025-03-05 11:35:52',NULL),(686,'Kubba Sam','kubba-sam',3,1,'2025-03-05 11:35:52','2025-03-05 11:35:52',NULL),(687,'Kubiak T.m.','kubiak-tm',3,1,'2025-03-05 11:35:52','2025-03-05 11:35:52',NULL),(688,'Kumar Arun &n Meenakshi','kumar-arun-n-meenakshi',3,1,'2025-03-05 11:35:52','2025-03-05 11:35:52',NULL),(689,'Kumar P. Vijaya','kumar-p-vijaya',3,1,'2025-03-05 11:35:52','2025-03-05 11:35:52',NULL),(690,'Kumar Sanjay','kumar-sanjay',3,1,'2025-03-05 11:35:52','2025-03-05 11:35:52',NULL),(691,'Kumar U Dinesh','kumar-u-dinesh',3,1,'2025-03-05 11:35:52','2025-03-05 11:35:52',NULL),(692,'Langford John W.','langford-john-w',3,1,'2025-03-05 11:35:52','2025-03-05 11:35:52',NULL),(693,'Laudon Knneethc.','laudon-knneethc',3,1,'2025-03-05 11:35:52','2025-03-05 11:35:52',NULL),(694,'Lee Bill & Mark N.k. Saunders','lee-bill-mark-nk-saunders',3,1,'2025-03-05 11:35:52','2025-03-05 11:35:52',NULL),(695,'Lee Santra','lee-santra',3,1,'2025-03-05 11:35:52','2025-03-05 11:35:52',NULL),(696,'Lehman Carol M','lehman-carol-m',3,1,'2025-03-05 11:35:52','2025-03-05 11:35:52',NULL),(697,'Lesikar Roymond V.','lesikar-roymond-v',3,1,'2025-03-05 11:35:52','2025-03-05 11:35:52',NULL),(698,'Levin Richard I. [et,al]','levin-richard-i-etal',3,1,'2025-03-05 11:35:52','2025-03-05 11:35:52',NULL),(699,'Levine David M.[et,al]','levine-david-metal',3,1,'2025-03-05 11:35:52','2025-03-05 11:35:52',NULL),(700,'Levine David M.','levine-david-m',3,1,'2025-03-05 11:35:52','2025-03-05 11:35:52',NULL),(701,'Lewis Harold','lewis-harold',3,1,'2025-03-05 11:35:52','2025-03-05 11:35:52',NULL),(702,'Lind Douglas A.','lind-douglas-a',3,1,'2025-03-05 11:35:52','2025-03-05 11:35:52',NULL),(703,'Loosemore Martin','loosemore-martin',3,1,'2025-03-05 11:35:52','2025-03-05 11:35:52',NULL),(704,'Ludhra Subash','ludhra-subash',3,1,'2025-03-05 11:35:52','2025-03-05 11:35:52',NULL),(705,'Luthans Fred','luthans-fred',3,1,'2025-03-05 11:35:52','2025-03-05 11:35:52',NULL),(706,'Madura','madura',3,1,'2025-03-05 11:35:52','2025-03-05 11:35:52',NULL),(707,'Mahadevan B.','mahadevan-b',3,1,'2025-03-05 11:35:52','2025-03-05 11:35:52',NULL),(708,'Maley Claude H.','maley-claude-h',3,1,'2025-03-05 11:35:52','2025-03-05 11:35:52',NULL),(709,'Malhotra Naresh K.','malhotra-naresh-k',3,1,'2025-03-05 11:35:52','2025-03-05 11:35:52',NULL),(710,'Malhotra Naresh K. And Satyabhushan Dash','malhotra-naresh-k-and-satyabhushan-dash',3,1,'2025-03-05 11:35:52','2025-03-05 11:35:52',NULL),(711,'Mamlouk Michael S. & John P. Zanicwski','mamlouk-michael-s-john-p-zanicwski',3,1,'2025-03-05 11:35:52','2025-03-05 11:35:52',NULL),(712,'Mamoria','mamoria',3,1,'2025-03-05 11:35:52','2025-03-05 11:35:52',NULL),(713,'Mankiw N. Gregory','mankiw-n-gregory',3,1,'2025-03-05 11:35:52','2025-03-05 11:35:52',NULL),(714,'Mantel Samuel J.','mantel-samuel-j',3,1,'2025-03-05 11:35:52','2025-03-05 11:35:52',NULL),(715,'Mantri Sandeep','mantri-sandeep',3,1,'2025-03-05 11:35:52','2025-03-05 11:35:52',NULL),(716,'Mathur Pradeep Kumar','mathur-pradeep-kumar',3,1,'2025-03-05 11:35:52','2025-03-05 11:35:52',NULL),(717,'Mccann Philip','mccann-philip',3,1,'2025-03-05 11:35:52','2025-03-05 11:35:52',NULL),(718,'Mcconnell Campbell R.','mcconnell-campbell-r',3,1,'2025-03-05 11:35:52','2025-03-05 11:35:52',NULL),(719,'Mcgeorge Denny','mcgeorge-denny',3,1,'2025-03-05 11:35:52','2025-03-05 11:35:52',NULL),(720,'Mehta P. Kumar &paulo M. Monteiro','mehta-p-kumar-paulo-m-monteiro',3,1,'2025-03-05 11:35:52','2025-03-05 11:35:52',NULL),(721,'Mello Jeffery A.','mello-jeffery-a',3,1,'2025-03-05 11:35:52','2025-03-05 11:35:52',NULL),(722,'Meredith Jack R. & Samuel J. Mantel','meredith-jack-r-samuel-j-mantel',3,1,'2025-03-05 11:35:52','2025-03-05 11:35:52',NULL),(723,'Metcalf & Eddy','metcalf-eddy',3,1,'2025-03-05 11:35:52','2025-03-05 11:35:52',NULL),(724,'Michael Chew Yit Lin','michael-chew-yit-lin',3,1,'2025-03-05 11:35:52','2025-03-05 11:35:52',NULL),(725,'Millington A.f.','millington-af',3,1,'2025-03-05 11:35:52','2025-03-05 11:35:52',NULL),(726,'Mingst Karen A.','mingst-karen-a',3,1,'2025-03-05 11:35:52','2025-03-05 11:35:52',NULL),(727,'Mishkin Frederic & Stanely G.eakins','mishkin-frederic-stanely-geakins',3,1,'2025-03-05 11:35:52','2025-03-05 11:35:52',NULL),(728,'Mishra M.n. & S.b. Mishra','mishra-mn-sb-mishra',3,1,'2025-03-05 11:35:52','2025-03-05 11:35:52',NULL),(729,'Mitra Amitava','mitra-amitava',3,1,'2025-03-05 11:35:52','2025-03-05 11:35:52',NULL),(730,'Mohenty R.p.& R.r.lakne','mohenty-rp-rrlakne',3,1,'2025-03-05 11:35:52','2025-03-05 11:35:52',NULL),(731,'Mudambi Sumati R.','mudambi-sumati-r',3,1,'2025-03-05 11:35:52','2025-03-05 11:35:52',NULL),(732,'Mukherjee P.n.','mukherjee-pn',3,1,'2025-03-05 11:35:52','2025-03-05 11:35:52',NULL),(733,'Mukhopadhyaya Anil Kumar','mukhopadhyaya-anil-kumar',3,1,'2025-03-05 11:35:52','2025-03-05 11:35:52',NULL),(734,'Mulcahy Rita','mulcahy-rita',3,1,'2025-03-05 11:35:52','2025-03-05 11:35:52',NULL),(735,'Murty Kotta G.','murty-kotta-g',3,1,'2025-03-05 11:35:52','2025-03-05 11:35:52',NULL),(736,'Myers Danny','myers-danny',3,1,'2025-03-05 11:35:52','2025-03-05 11:35:52',NULL),(737,'Naharandi Afsenen','naharandi-afsenen',3,1,'2025-03-05 11:35:52','2025-03-05 11:35:52',NULL),(738,'Nangia Vinay Kumar [et.al.]','nangia-vinay-kumar-etal',3,1,'2025-03-05 11:35:52','2025-03-05 11:35:52',NULL),(739,'Naoum Shamil G.','naoum-shamil-g',3,1,'2025-03-05 11:35:52','2025-03-05 11:35:52',NULL),(740,'Narayanan K.t.','narayanan-kt',3,1,'2025-03-05 11:35:52','2025-03-05 11:35:52',NULL),(741,'Natarajan A.m','natarajan-am',3,1,'2025-03-05 11:35:52','2025-03-05 11:35:52',NULL),(742,'Neopolitian Richard E.','neopolitian-richard-e',3,1,'2025-03-05 11:35:52','2025-03-05 11:35:52',NULL),(743,'Nersesion Roy L.','nersesion-roy-l',3,1,'2025-03-05 11:35:52','2025-03-05 11:35:52',NULL),(744,'Neville A.m. & J.j.brooks','neville-am-jjbrooks',3,1,'2025-03-05 11:35:52','2025-03-05 11:35:52',NULL),(745,'Nicholas John M.','nicholas-john-m',3,1,'2025-03-05 11:35:52','2025-03-05 11:35:52',NULL),(746,'NICMAR','nicmar',3,1,'2025-03-05 11:35:52','2025-03-05 11:41:55',NULL),(748,'Noe Raymond A','noe-raymond-a',3,1,'2025-03-05 11:35:52','2025-03-05 11:35:52',NULL),(749,'Noreen, Brewer','noreen-brewer',3,1,'2025-03-05 11:35:52','2025-03-05 11:35:52',NULL),(750,'Nussbaumer Linda L.','nussbaumer-linda-l',3,1,'2025-03-05 11:35:52','2025-03-05 11:35:52',NULL),(751,'Oates Caroline J.','oates-caroline-j',3,1,'2025-03-05 11:35:52','2025-03-05 11:35:52',NULL),(752,'O\'brien James A.','obrien-james-a',3,1,'2025-03-05 11:35:52','2025-03-05 11:35:52',NULL),(753,'Ojha N.n.','ojha-nn',3,1,'2025-03-05 11:35:52','2025-03-05 11:35:52',NULL),(754,'Oza Hashmukhp., Gautam H. Oza','oza-hashmukhp-gautam-h-oza',3,1,'2025-03-05 11:35:52','2025-03-05 11:35:52',NULL),(755,'Pahwa H.p.s.','pahwa-hps',3,1,'2025-03-05 11:35:52','2025-03-05 11:35:52',NULL),(756,'Panday N.l.','panday-nl',3,1,'2025-03-05 11:35:52','2025-03-05 11:35:52',NULL),(757,'Pandey B.p.','pandey-bp',3,1,'2025-03-05 11:35:52','2025-03-05 11:35:52',NULL),(758,'Pandey I M & Ramesh Bhat','pandey-i-m-ramesh-bhat',3,1,'2025-03-05 11:35:52','2025-03-05 11:35:52',NULL),(759,'Panneerselvam R.','panneerselvam-r',3,1,'2025-03-05 11:35:52','2025-03-05 11:35:52',NULL),(760,'Park Chan S.','park-chan-s',3,1,'2025-03-05 11:35:52','2025-03-05 11:35:52',NULL),(761,'Pathak Bharati V.','pathak-bharati-v',3,1,'2025-03-05 11:35:52','2025-03-05 11:35:52',NULL),(762,'Patil B.s.','patil-bs',3,1,'2025-03-05 11:35:52','2025-03-05 11:35:52',NULL),(763,'Pattanayak Biswajeet','pattanayak-biswajeet',3,1,'2025-03-05 11:35:52','2025-03-05 11:35:52',NULL),(764,'Pearce David W.','pearce-david-w',3,1,'2025-03-05 11:35:52','2025-03-05 11:35:52',NULL),(765,'Penrose John M.','penrose-john-m',3,1,'2025-03-05 11:35:52','2025-03-05 11:35:52',NULL),(766,'Perry Brea L.','perry-brea-l',3,1,'2025-03-05 11:35:52','2025-03-05 11:35:52',NULL),(767,'Petersen Steven J. & Frank R.defesting','petersen-steven-j-frank-rdefesting',3,1,'2025-03-05 11:35:52','2025-03-05 11:35:52',NULL),(768,'Peurifoy Robert L.','peurifoy-robert-l',3,1,'2025-03-05 11:35:52','2025-03-05 11:35:52',NULL),(769,'Peurifoy Robert L., Galold D. Obserlender','peurifoy-robert-l-galold-d-obserlender',3,1,'2025-03-05 11:35:52','2025-03-05 11:35:52',NULL),(770,'Peurifoy Schexnayder Shapira','peurifoy-schexnayder-shapira',3,1,'2025-03-05 11:35:52','2025-03-05 11:35:52',NULL),(771,'Pgpm (photocopy )','pgpm-photocopy',3,1,'2025-03-05 11:35:52','2025-03-05 11:35:52',NULL),(772,'Pindyck Robert S.','pindyck-robert-s',3,1,'2025-03-05 11:35:52','2025-03-05 11:35:52',NULL),(773,'Pinto Jeffrey K.','pinto-jeffrey-k',3,1,'2025-03-05 11:35:52','2025-03-05 11:35:52',NULL),(774,'Piotrowski Christine M. Fasid','piotrowski-christine-m-fasid',3,1,'2025-03-05 11:35:52','2025-03-05 11:35:52',NULL),(775,'Plenert Gerhard','plenert-gerhard',3,1,'2025-03-05 11:35:52','2025-03-05 11:35:52',NULL),(776,'Pmbok','pmbok',3,1,'2025-03-05 11:35:52','2025-03-05 11:35:52',NULL),(777,'Pollio Gerald','pollio-gerald',3,1,'2025-03-05 11:35:52','2025-03-05 11:35:52',NULL),(778,'Ponnuswamy S','ponnuswamy-s',3,1,'2025-03-05 11:35:52','2025-03-05 11:35:52',NULL),(779,'Porter Michacl E.','porter-michacl-e',3,1,'2025-03-05 11:35:52','2025-03-05 11:35:52',NULL),(780,'Potter Norman N.','potter-norman-n',3,1,'2025-03-05 11:35:52','2025-03-05 11:35:52',NULL),(781,'Pradhan S.','pradhan-s',3,1,'2025-03-05 11:35:52','2025-03-05 11:35:52',NULL),(782,'Prahalad C.r.','prahalad-cr',3,1,'2025-03-05 11:35:52','2025-03-05 11:35:52',NULL),(783,'Prakash V.a.','prakash-va',3,1,'2025-03-05 11:35:52','2025-03-05 11:35:52',NULL),(784,'Prasad Durga','prasad-durga',3,1,'2025-03-05 11:35:52','2025-03-05 11:35:52',NULL),(785,'Punmia B.c.','punmia-bc',3,1,'2025-03-05 11:35:52','2025-03-05 11:35:52',NULL),(786,'Pyzdek Thomas','pyzdek-thomas',3,1,'2025-03-05 11:35:52','2025-03-05 11:35:52',NULL),(787,'Rai G.d.','rai-gd',3,1,'2025-03-05 11:35:52','2025-03-05 11:35:52',NULL),(788,'Raj Antony Joseph','raj-antony-joseph',3,1,'2025-03-05 11:35:52','2025-03-05 11:35:52',NULL),(789,'Raj P. Purushothama','raj-p-purushothama',3,1,'2025-03-05 11:35:52','2025-03-05 11:35:52',NULL),(790,'Raju Dr. T.','raju-dr-t',3,1,'2025-03-05 11:35:52','2025-03-05 11:35:52',NULL),(791,'Raju N. Krishna','raju-n-krishna',3,1,'2025-03-05 11:35:52','2025-03-05 11:35:52',NULL),(792,'Raju N. Krishna & R.m. Pranesh','raju-n-krishna-rm-pranesh',3,1,'2025-03-05 11:35:52','2025-03-05 11:35:52',NULL),(793,'Raju N.v.s.','raju-nvs',3,1,'2025-03-05 11:35:52','2025-03-05 11:35:52',NULL),(794,'Rakesh, Mohan ( Photocopy )','rakesh-mohan-photocopy',3,1,'2025-03-05 11:35:52','2025-03-05 11:35:52',NULL),(795,'Ramamruthan S.','ramamruthan-s',3,1,'2025-03-05 11:35:52','2025-03-05 11:35:52',NULL),(796,'Ramawat K.g.','ramawat-kg',3,1,'2025-03-05 11:35:52','2025-03-05 11:35:52',NULL),(797,'Ramesh G.','ramesh-g',3,1,'2025-03-05 11:35:52','2025-03-05 11:35:52',NULL),(798,'Rangwala S.c.','rangwala-sc',3,1,'2025-03-05 11:35:52','2025-03-05 11:35:52',NULL),(799,'Rastogi Veer Bala','rastogi-veer-bala',3,1,'2025-03-05 11:35:52','2025-03-05 11:35:52',NULL),(800,'Ratcliffe John','ratcliffe-john',3,1,'2025-03-05 11:35:52','2025-03-05 11:35:52',NULL),(801,'Rawat Prem','rawat-prem',3,1,'2025-03-05 11:35:52','2025-03-05 11:35:52',NULL),(802,'Reddy M. Anji','reddy-m-anji',3,1,'2025-03-05 11:35:52','2025-03-05 11:35:52',NULL),(803,'Reddy Sr','reddy-sr',3,1,'2025-03-05 11:35:52','2025-03-05 11:35:52',NULL),(804,'Reese Charles D.','reese-charles-d',3,1,'2025-03-05 11:35:52','2025-03-05 11:35:52',NULL),(805,'Richardson Gary L.','richardson-gary-l',3,1,'2025-03-05 11:35:52','2025-03-05 11:35:52',NULL),(806,'Riggs James L.','riggs-james-l',3,1,'2025-03-05 11:35:52','2025-03-05 11:35:52',NULL),(807,'Rijmenam Mark Van','rijmenam-mark-van',3,1,'2025-03-05 11:35:52','2025-03-05 11:35:52',NULL),(808,'Robbin Stephen P.','robbin-stephen-p',3,1,'2025-03-05 11:35:52','2025-03-05 11:35:52',NULL),(809,'Robbins Stephen P.','robbins-stephen-p',3,1,'2025-03-05 11:35:52','2025-03-05 11:35:52',NULL),(810,'Rogers Martin &aidan Duffy','rogers-martin-aidan-duffy',3,1,'2025-03-05 11:35:52','2025-03-05 11:35:52',NULL),(811,'Ross Sheldon M.','ross-sheldon-m',3,1,'2025-03-05 11:35:52','2025-03-05 11:35:52',NULL),(812,'Ross Stephen A.','ross-stephen-a',3,1,'2025-03-05 11:35:52','2025-03-05 11:35:52',NULL),(813,'Rourke James S.o.\'','rourke-james-so',3,1,'2025-03-05 11:35:52','2025-03-05 11:35:52',NULL),(814,'Rumane Abdul Razzak','rumane-abdul-razzak',3,1,'2025-03-05 11:35:52','2025-03-05 11:35:52',NULL),(815,'Russell Roberta S.','russell-roberta-s',3,1,'2025-03-05 11:35:52','2025-03-05 11:35:52',NULL),(816,'S. Pratap Giri','s-pratap-giri',3,1,'2025-03-05 11:35:52','2025-03-05 11:35:52',NULL),(817,'S.r.vishwanath','srvishwanath',3,1,'2025-03-05 11:35:52','2025-03-05 11:35:52',NULL),(818,'Sachdeva J.k.','sachdeva-jk',3,1,'2025-03-05 11:35:52','2025-03-05 11:35:52',NULL),(819,'Sahai V.n.','sahai-vn',3,1,'2025-03-05 11:35:52','2025-03-05 11:35:52',NULL),(820,'Sahu Gc','sahu-gc',3,1,'2025-03-05 11:35:52','2025-03-05 11:35:52',NULL),(821,'Saleem Shaikh','saleem-shaikh',3,1,'2025-03-05 11:35:52','2025-03-05 11:35:52',NULL),(822,'Saleh Mubarak','saleh-mubarak',3,1,'2025-03-05 11:35:52','2025-03-05 11:35:52',NULL),(823,'Salvatore Dominick','salvatore-dominick',3,1,'2025-03-05 11:35:52','2025-03-05 11:35:52',NULL),(824,'Samuelson William P. &stephen G. Marks','samuelson-william-p-stephen-g-marks',3,1,'2025-03-05 11:35:52','2025-03-05 11:35:52',NULL),(825,'Sanghvi Kirti S','sanghvi-kirti-s',3,1,'2025-03-05 11:35:52','2025-03-05 11:35:52',NULL),(826,'Santra Sc','santra-sc',3,1,'2025-03-05 11:35:52','2025-03-05 11:35:52',NULL),(827,'Sarkar Subhir K.s. , Subhajit Saraswah','sarkar-subhir-ks-subhajit-saraswah',3,1,'2025-03-05 11:35:52','2025-03-05 11:35:52',NULL),(828,'Sarma A M','sarma-a-m',3,1,'2025-03-05 11:35:52','2025-03-05 11:35:52',NULL),(829,'Saunders Anthony','saunders-anthony',3,1,'2025-03-05 11:35:52','2025-03-05 11:35:52',NULL),(830,'Saunders Mark','saunders-mark',3,1,'2025-03-05 11:35:52','2025-03-05 11:35:52',NULL),(831,'Sawczuk Basil','sawczuk-basil',3,1,'2025-03-05 11:35:52','2025-03-05 11:35:52',NULL),(832,'Scarrett Douglas And Sylvia Osborn','scarrett-douglas-and-sylvia-osborn',3,1,'2025-03-05 11:35:52','2025-03-05 11:35:52',NULL),(833,'Schaufelberger John E & Giovanni C. Migliaccio','schaufelberger-john-e-giovanni-c-migliaccio',3,1,'2025-03-05 11:35:52','2025-03-05 11:35:52',NULL),(834,'Scherbaum Charles A.& Kristen M. Shockley','scherbaum-charles-a-kristen-m-shockley',3,1,'2025-03-05 11:35:52','2025-03-05 11:35:52',NULL),(835,'Schermehorn John R.','schermehorn-john-r',3,1,'2025-03-05 11:35:52','2025-03-05 11:35:52',NULL),(836,'Schermerhorn','schermerhorn',3,1,'2025-03-05 11:35:52','2025-03-05 11:35:52',NULL),(837,'Schiffman Leon G.','schiffman-leon-g',3,1,'2025-03-05 11:35:52','2025-03-05 11:35:52',NULL),(838,'Scott John','scott-john',3,1,'2025-03-05 11:35:52','2025-03-05 11:35:52',NULL),(839,'Seijts Gerard H.','seijts-gerard-h',3,1,'2025-03-05 11:35:52','2025-03-05 11:35:52',NULL),(840,'Sekaran Uma And Roger Bougie','sekaran-uma-and-roger-bougie',3,1,'2025-03-05 11:35:52','2025-03-05 11:35:52',NULL),(841,'Sengupta B. And M Guha','sengupta-b-and-m-guha',3,1,'2025-03-05 11:35:52','2025-03-05 11:35:52',NULL),(842,'Shah Janat','shah-janat',3,1,'2025-03-05 11:35:52','2025-03-05 11:35:52',NULL),(843,'Shah Mg ,cm Kale, Sy Patki','shah-mg-cm-kale-sy-patki',3,1,'2025-03-05 11:35:52','2025-03-05 11:35:52',NULL),(844,'Shah Mona N.','shah-mona-n',3,1,'2025-03-05 11:35:52','2025-03-05 11:35:52',NULL),(845,'Shah R.d.','shah-rd',3,1,'2025-03-05 11:35:52','2025-03-05 11:35:52',NULL),(846,'Shankaranarayana H.v.','shankaranarayana-hv',3,1,'2025-03-05 11:35:52','2025-03-05 11:35:52',NULL),(847,'Sharma Avantina','sharma-avantina',3,1,'2025-03-05 11:35:52','2025-03-05 11:35:52',NULL),(848,'Sharma Op','sharma-op',3,1,'2025-03-05 11:35:52','2025-03-05 11:35:52',NULL),(849,'Sharma P.d.','sharma-pd',3,1,'2025-03-05 11:35:52','2025-03-05 11:35:52',NULL),(850,'Sharma S.c.','sharma-sc',3,1,'2025-03-05 11:35:52','2025-03-05 11:35:52',NULL),(851,'Sharman M.l.','sharman-ml',3,1,'2025-03-05 11:35:52','2025-03-05 11:35:52',NULL),(852,'Shetty M.s.','shetty-ms',3,1,'2025-03-05 11:35:52','2025-03-05 11:35:52',NULL),(853,'Shiva Vandana','shiva-vandana',3,1,'2025-03-05 11:35:52','2025-03-05 11:35:52',NULL),(854,'Shiyekar M.r.','shiyekar-mr',3,1,'2025-03-05 11:35:52','2025-03-05 11:35:52',NULL),(855,'Singh A K','singh-a-k',3,1,'2025-03-05 11:35:52','2025-03-05 11:35:52',NULL),(856,'Singh Avtar','singh-avtar',3,1,'2025-03-05 11:35:52','2025-03-05 11:35:52',NULL),(857,'Singh B.d.','singh-bd',3,1,'2025-03-05 11:35:52','2025-03-05 11:35:52',NULL),(858,'Singh Gurcharan','singh-gurcharan',3,1,'2025-03-05 11:35:52','2025-03-05 11:35:52',NULL),(859,'Singh Jagman','singh-jagman',3,1,'2025-03-05 11:35:52','2025-03-05 11:35:52',NULL),(860,'Singh Kavita','singh-kavita',3,1,'2025-03-05 11:35:52','2025-03-05 11:35:52',NULL),(861,'Singh Ranjit','singh-ranjit',3,1,'2025-03-05 11:35:52','2025-03-05 11:35:52',NULL),(862,'Singhania Vinod K.','singhania-vinod-k',3,1,'2025-03-05 11:35:52','2025-03-05 11:35:52',NULL),(863,'Sinha N.c.','sinha-nc',3,1,'2025-03-05 11:35:52','2025-03-05 11:35:52',NULL),(864,'Skipper Harold D. & W. Jean Kwon','skipper-harold-d-w-jean-kwon',3,1,'2025-03-05 11:35:52','2025-03-05 11:35:52',NULL),(865,'Slack Nigel','slack-nigel',3,1,'2025-03-05 11:35:52','2025-03-05 11:35:52',NULL),(866,'Sloman John & Mark Sutcliffe','sloman-john-mark-sutcliffe',3,1,'2025-03-05 11:35:52','2025-03-05 11:35:52',NULL),(867,'Snyder Cynthia & Nancy Muir','snyder-cynthia-nancy-muir',3,1,'2025-03-05 11:35:52','2025-03-05 11:35:52',NULL),(868,'Sohi Darshan','sohi-darshan',3,1,'2025-03-05 11:35:52','2025-03-05 11:35:52',NULL),(869,'Somayaji Shan','somayaji-shan',3,1,'2025-03-05 11:35:52','2025-03-05 11:35:52',NULL),(870,'Spiegel Ross','spiegel-ross',3,1,'2025-03-05 11:35:52','2025-03-05 11:35:52',NULL),(871,'Srilakshmi B','srilakshmi-b',3,1,'2025-03-05 11:35:52','2025-03-05 11:35:52',NULL),(872,'Srinivasulu P. & C.v. Vaidyanathan','srinivasulu-p-cv-vaidyanathan',3,1,'2025-03-05 11:35:52','2025-03-05 11:35:52',NULL),(873,'Stevenson Angus','stevenson-angus',3,1,'2025-03-05 11:35:52','2025-03-05 11:35:52',NULL),(874,'Stevenson William J.','stevenson-william-j',3,1,'2025-03-05 11:35:52','2025-03-05 11:35:52',NULL),(875,'Stitt Fred A','stitt-fred-a',3,1,'2025-03-05 11:35:52','2025-03-05 11:35:52',NULL),(876,'Stover Teresa S.','stover-teresa-s',3,1,'2025-03-05 11:35:52','2025-03-05 11:35:52',NULL),(877,'Stranks Jeremy','stranks-jeremy',3,1,'2025-03-05 11:35:52','2025-03-05 11:35:52',NULL),(878,'Suganthi L. & Anand A. Samuel','suganthi-l-anand-a-samuel',3,1,'2025-03-05 11:35:52','2025-03-05 11:35:52',NULL),(879,'Sulphey M.m.& M.m.safeer','sulphey-mm-mmsafeer',3,1,'2025-03-05 11:35:52','2025-03-05 11:35:52',NULL),(880,'Sustainable Building','sustainable-building',3,1,'2025-03-05 11:35:52','2025-03-05 11:35:52',NULL),(881,'Swarupkanti','swarupkanti',3,1,'2025-03-05 11:35:52','2025-03-05 11:35:52',NULL),(882,'Taha Hamdy A.','taha-hamdy-a',3,1,'2025-03-05 11:35:52','2025-03-05 11:35:52',NULL),(883,'Tayntor Christine B.','tayntor-christine-b',3,1,'2025-03-05 11:35:52','2025-03-05 11:35:52',NULL),(884,'Thakkar Parthesh','thakkar-parthesh',3,1,'2025-03-05 11:35:52','2025-03-05 11:35:52',NULL),(885,'Thompson Arthur A.','thompson-arthur-a',3,1,'2025-03-05 11:35:52','2025-03-05 11:35:52',NULL),(886,'Thornley Gail','thornley-gail',3,1,'2025-03-05 11:35:52','2025-03-05 11:35:52',NULL),(887,'Tiffin Ralph','tiffin-ralph',3,1,'2025-03-05 11:35:52','2025-03-05 11:35:52',NULL),(888,'Tinsley Stephen & Llona Piliai','tinsley-stephen-llona-piliai',3,1,'2025-03-05 11:35:52','2025-03-05 11:35:52',NULL),(889,'Tiwari N.k. & Shishir K. Shandilya','tiwari-nk-shishir-k-shandilya',3,1,'2025-03-05 11:35:52','2025-03-05 11:35:52',NULL),(890,'Tulsian Pc , & Vishal Pandey','tulsian-pc-vishal-pandey',3,1,'2025-03-05 11:35:52','2025-03-05 11:35:52',NULL),(891,'Tulsian Pc ,bharat Tulsian','tulsian-pc-bharat-tulsian',3,1,'2025-03-05 11:35:52','2025-03-05 11:35:52',NULL),(892,'Tulsians P.c.','tulsians-pc',3,1,'2025-03-05 11:35:52','2025-03-05 11:35:52',NULL),(893,'Uberoi Nk','uberoi-nk',3,1,'2025-03-05 11:35:52','2025-03-05 11:35:52',NULL),(894,'Vaid K.n.','vaid-kn',3,1,'2025-03-05 11:35:52','2025-03-05 11:35:52',NULL),(895,'Varghese P.c.','varghese-pc',3,1,'2025-03-05 11:35:52','2025-03-05 11:35:52',NULL),(896,'Vazirani V.n.','vazirani-vn',3,1,'2025-03-05 11:35:52','2025-03-05 11:35:52',NULL),(897,'Vazirani V.n., S.p. Chandola','vazirani-vn-sp-chandola',3,1,'2025-03-05 11:35:52','2025-03-05 11:35:52',NULL),(898,'Venkatasiva Kumar','venkatasiva-kumar',3,1,'2025-03-05 11:35:52','2025-03-05 11:35:52',NULL),(899,'Venkatasivakumar V.','venkatasivakumar-v',3,1,'2025-03-05 11:35:52','2025-03-05 11:35:52',NULL),(900,'Venugopal Pingali','venugopal-pingali',3,1,'2025-03-05 11:35:52','2025-03-05 11:35:52',NULL),(901,'Verma Harshv.','verma-harshv',3,1,'2025-03-05 11:35:52','2025-03-05 11:35:52',NULL),(902,'Victor D Johnson','victor-d-johnson',3,1,'2025-03-05 11:35:52','2025-03-05 11:35:52',NULL),(903,'Vohra N D','vohra-n-d',3,1,'2025-03-05 11:35:52','2025-03-05 11:35:52',NULL),(904,'Walia Ramank','walia-ramank',3,1,'2025-03-05 11:35:52','2025-03-05 11:35:52',NULL),(905,'Walker Orville C.','walker-orville-c',3,1,'2025-03-05 11:35:52','2025-03-05 11:35:52',NULL),(906,'Watson Paul And Tim Howarth','watson-paul-and-tim-howarth',3,1,'2025-03-05 11:35:52','2025-03-05 11:35:52',NULL),(907,'Weber Sandra Christensn','weber-sandra-christensn',3,1,'2025-03-05 11:35:52','2025-03-05 11:35:52',NULL),(908,'Weihrich Heinz & Harold Koontz','weihrich-heinz-harold-koontz',3,1,'2025-03-05 11:35:52','2025-03-05 11:35:52',NULL),(909,'Well-stam D Van','well-stam-d-van',3,1,'2025-03-05 11:35:52','2025-03-05 11:35:52',NULL),(910,'Weston J. Fred','weston-j-fred',3,1,'2025-03-05 11:35:52','2025-03-05 11:35:52',NULL),(911,'Wiest Jerome D.','wiest-jerome-d',3,1,'2025-03-05 11:35:52','2025-03-05 11:35:52',NULL),(912,'Wilson Richard M.s. And Colin Gilligan','wilson-richard-ms-and-colin-gilligan',3,1,'2025-03-05 11:35:52','2025-03-05 11:35:52',NULL),(913,'Winston Wayne','winston-wayne',3,1,'2025-03-05 11:35:52','2025-03-05 11:35:52',NULL),(914,'Wysocki Robert K.','wysocki-robert-k',3,1,'2025-03-05 11:35:52','2025-03-05 11:35:52',NULL),(915,'Young Seth B. And Alaxander T. Wells','young-seth-b-and-alaxander-t-wells',3,1,'2025-03-05 11:35:52','2025-03-05 11:35:52',NULL),(916,'Yukul Garg','yukul-garg',3,1,'2025-03-05 11:35:52','2025-03-05 11:35:52',NULL),(917,'Zikmund William G.','zikmund-william-g',3,1,'2025-03-05 11:35:52','2025-03-05 11:35:52',NULL),(918,'NICMAR-Photocopy','nicmar-photocopy',3,1,'2025-03-05 11:44:03','2025-03-05 11:44:16',NULL),(924,'Project Management Insititute','project-management-insititute',3,1,'2025-03-19 14:49:37','2025-03-19 14:49:37',NULL),(925,'The Penguin','the-penguin',3,1,'2025-03-24 15:48:51','2025-03-24 15:48:51',NULL),(926,'Kumar Ranjit','kumar-ranjit',3,1,'2025-03-26 16:13:01','2025-03-26 16:13:01',NULL),(927,'Westney Richard E.','westney-richard-e',3,1,'2025-04-01 11:20:24','2025-04-01 11:20:24',NULL),(928,'Jetli, Narinder K.','jetli-narinder-k',3,1,'2025-04-01 11:52:51','2025-04-01 11:52:51',NULL),(929,' D K','d-k',3,1,'2025-04-01 15:24:21','2025-04-01 15:24:21',NULL),(930,'Neufert','neufert',3,1,'2025-04-01 15:50:17','2025-04-01 15:50:17',NULL);

--
-- Table structure for table `backup_progress`
--

CREATE TABLE `backup_progress` (
  `id` bigint unsigned NOT NULL AUTO_INCREMENT,
  `is_cancelled` tinyint(1) NOT NULL DEFAULT '0',
  `is_paused` tinyint(1) NOT NULL DEFAULT '0',
  `file_name` varchar(255) CHARACTER SET utf8mb4 COLLATE utf8mb4_unicode_ci DEFAULT NULL,
  `percent` int NOT NULL DEFAULT '0',
  `processed_files` bigint NOT NULL DEFAULT '0',
  `total_files` bigint NOT NULL DEFAULT '0',
  `processed_bytes` bigint NOT NULL DEFAULT '0',
  `total_bytes` bigint NOT NULL DEFAULT '0',
  `started_at` timestamp NULL DEFAULT NULL,
  `label` varchar(255) CHARACTER SET utf8mb4 COLLATE utf8mb4_unicode_ci DEFAULT NULL,
  `created_at` timestamp NULL DEFAULT NULL,
  `updated_at` timestamp NULL DEFAULT NULL,
  PRIMARY KEY (`id`)
) ENGINE=InnoDB AUTO_INCREMENT=3 DEFAULT CHARSET=utf8mb4 COLLATE=utf8mb4_unicode_ci;

--
-- Dumping data for table `backup_progress`
--

INSERT INTO `backup_progress` VALUES (2,0,0,NULL,30,0,0,0,0,NULL,'Dumping database...',NULL,'2026-08-14 17:21:11');

--
-- Table structure for table `backups`
--

CREATE TABLE `backups` (
  `id` bigint unsigned NOT NULL AUTO_INCREMENT,
  `file_name` varchar(255) CHARACTER SET utf8mb4 COLLATE utf8mb4_unicode_ci NOT NULL,
  `storage_path` varchar(255) CHARACTER SET utf8mb4 COLLATE utf8mb4_unicode_ci NOT NULL,
  `storage_type` enum('local','s3') CHARACTER SET utf8mb4 COLLATE utf8mb4_unicode_ci NOT NULL,
  `file_size` varchar(255) CHARACTER SET utf8mb4 COLLATE utf8mb4_unicode_ci DEFAULT NULL,
  `created_at` timestamp NULL DEFAULT NULL,
  `updated_at` timestamp NULL DEFAULT NULL,
  PRIMARY KEY (`id`)
) ENGINE=InnoDB DEFAULT CHARSET=utf8mb4 COLLATE=utf8mb4_unicode_ci;

--
-- Dumping data for table `backups`
--


--
-- Table structure for table `batches`
--

CREATE TABLE `batches` (
  `id` bigint unsigned NOT NULL AUTO_INCREMENT,
  `name` varchar(255) CHARACTER SET utf8mb4 COLLATE utf8mb4_unicode_ci DEFAULT NULL,
  `pyear` varchar(255) CHARACTER SET utf8mb4 COLLATE utf8mb4_unicode_ci DEFAULT NULL,
  `program` bigint unsigned DEFAULT NULL,
  `campus` bigint unsigned DEFAULT NULL COMMENT 'Pune=1, Hyderabad=2, Delhi-NCR=3',
  `batch_year` varchar(255) CHARACTER SET utf8mb4 COLLATE utf8mb4_unicode_ci DEFAULT NULL,
  `is_active` int NOT NULL DEFAULT '1' COMMENT 'Active=1, In Active=0',
  `is_intern` int NOT NULL DEFAULT '1' COMMENT 'Active=1, In Active=0',
  `is_job` int NOT NULL DEFAULT '0' COMMENT 'Active=1, In Active=0',
  `is_alumini` int NOT NULL DEFAULT '0' COMMENT 'Active=1, In Active=0',
  `is_student` int NOT NULL DEFAULT '1' COMMENT 'Active=1, In Active=0',
  `user_by` bigint unsigned DEFAULT NULL,
  `created_at` timestamp NULL DEFAULT NULL,
  `updated_at` timestamp NULL DEFAULT NULL,
  `deleted_at` timestamp NULL DEFAULT NULL,
  PRIMARY KEY (`id`),
  KEY `batches_program_foreign` (`program`),
  KEY `batches_campus_foreign` (`campus`),
  KEY `batches_user_by_foreign` (`user_by`),
  CONSTRAINT `batches_campus_foreign` FOREIGN KEY (`campus`) REFERENCES `campuses` (`id`),
  CONSTRAINT `batches_program_foreign` FOREIGN KEY (`program`) REFERENCES `programs` (`id`),
  CONSTRAINT `batches_user_by_foreign` FOREIGN KEY (`user_by`) REFERENCES `users` (`id`)
) ENGINE=InnoDB AUTO_INCREMENT=38 DEFAULT CHARSET=utf8mb4 COLLATE=utf8mb4_unicode_ci;

--
-- Dumping data for table `batches`
--

INSERT INTO `batches` VALUES (1,'2025-2027','2027',1,3,'2',1,1,0,0,1,1,'2025-03-12 15:44:45','2025-06-03 12:05:02',NULL),(2,'2025-2027','2027',2,3,'2',1,1,0,0,1,1,'2025-03-12 15:45:03','2025-03-12 15:45:03',NULL),(3,'2025-2026','2026',3,3,'1',1,1,0,0,1,1,'2025-03-12 15:45:18','2025-06-03 12:04:50',NULL),(4,'2024-2026','2026',1,3,'2',1,1,0,0,1,1,'2025-06-03 12:07:45','2025-06-03 12:07:45',NULL),(5,'2024-2025','2025',3,3,'1',1,1,0,0,1,1,'2025-06-03 12:08:09','2025-06-03 12:08:09',NULL),(6,'2026-2028','2028',1,3,'2',1,1,0,0,1,1,'2025-11-11 17:27:26','2025-11-11 17:27:26',NULL),(7,'2026-2028','2028',2,3,'2',1,1,0,0,1,1,'2025-11-12 11:46:54','2025-11-12 11:46:54',NULL),(8,'2026-2027','2027',3,3,'1',1,1,0,0,1,1,'2025-11-12 11:49:34','2025-11-12 11:49:34',NULL),(9,'2024-2026','2026',4,1,'2',0,1,1,0,1,1,'2026-05-28 22:01:07','2026-08-14 12:20:27',NULL),(10,'2024-2026','2026',5,1,'2',0,1,1,0,1,1,'2026-06-02 15:10:41','2026-08-10 13:48:42',NULL),(11,'2024-2026','2026',6,1,'2',0,1,1,0,1,1,'2026-06-03 12:21:45','2026-08-10 13:48:46',NULL),(12,'2024-2026','2026',7,1,'2',0,1,1,0,1,1,'2026-06-05 11:54:32','2026-08-10 13:48:49',NULL),(13,'2024-2026','2026',8,1,'2',0,1,1,0,1,1,'2026-06-05 11:54:52','2026-08-10 13:48:52',NULL),(14,'2024-2026','2026',9,1,'2',0,1,1,0,1,1,'2026-06-05 11:55:29','2026-08-10 13:48:54',NULL),(15,'2025-2026','2026',10,1,'1',0,1,1,0,1,1,'2026-06-05 11:55:46','2026-08-10 13:48:58',NULL),(16,'2025-2027','2027',4,1,'2',1,1,1,0,1,1,'2026-06-30 09:50:30','2026-06-30 09:50:30',NULL),(17,'2025-2027','2027',11,1,'2',1,1,1,0,1,1,'2026-06-30 13:40:57','2026-06-30 13:40:57',NULL),(18,'2025-2027','2027',5,1,'2',1,1,1,0,1,1,'2026-07-16 16:43:29','2026-08-10 13:47:31',NULL),(19,'2025-2027','2027',12,1,'2',1,1,0,0,1,1,'2026-07-20 10:48:18','2026-07-20 10:48:18',NULL),(20,'2025-2027','2027',6,1,'2',1,1,1,0,1,1,'2026-07-20 11:14:12','2026-08-10 13:28:31',NULL),(21,'2025-2027','2027',9,1,'2',1,1,1,0,1,1,'2026-07-20 13:27:01','2026-08-10 13:47:40',NULL),(22,'2025-2027','2027',8,1,'2',1,1,1,0,1,1,'2026-07-20 15:04:46','2026-08-10 13:47:43',NULL),(23,'2025-2027','2027',7,1,'2',1,1,1,0,1,1,'2026-07-21 12:39:23','2026-08-10 13:47:45',NULL),(24,'2026-2028','2028',14,1,'2',1,1,0,0,1,1,'2026-08-03 12:22:26','2026-08-03 12:22:26',NULL),(25,'2026-2027','2027',10,1,'1',1,1,0,0,1,1,'2026-08-03 13:34:30','2026-08-03 13:34:30',NULL),(26,'2025-2027','2027',15,2,'2',1,1,0,0,1,1,'2026-08-06 14:50:56','2026-08-06 14:50:56',NULL),(27,'2025-2027','2027',16,2,'2',1,1,0,0,1,1,'2026-08-06 15:43:17','2026-08-06 15:43:17',NULL),(28,'2026-2028','2028',17,1,'2',1,1,0,0,1,1,'2026-08-13 10:12:25','2026-08-13 10:12:25',NULL),(29,'2023-2027','2027',18,1,'4',1,1,0,0,1,1,'2026-08-13 10:13:16','2026-08-13 10:13:16',NULL),(30,'2026-2028','2028',4,1,'2',1,1,0,0,1,1,'2026-08-13 10:16:05','2026-08-13 10:16:05',NULL),(31,'2026-2028','2028',5,1,'2',1,1,0,0,1,1,'2026-08-13 10:16:19','2026-08-13 10:16:19',NULL),(32,'2026-2028','2028',9,1,'2',1,1,0,0,1,1,'2026-08-13 10:16:34','2026-08-13 10:16:34',NULL),(33,'2026-2028','2028',8,1,'2',1,1,0,0,1,1,'2026-08-13 10:16:51','2026-08-13 10:16:51',NULL),(34,'2026-2028','2028',7,1,'2',1,1,0,0,1,1,'2026-08-13 10:17:01','2026-08-13 10:17:01',NULL),(35,'2026-2028','2028',6,1,'2',1,1,0,0,1,1,'2026-08-13 10:17:11','2026-08-13 10:17:11',NULL),(36,'2026-2028','2028',13,1,'2',1,1,0,0,1,1,'2026-08-13 10:17:25','2026-08-13 10:17:25',NULL),(37,'2026-2028','2028',19,1,'2',1,1,0,0,1,1,'2026-08-13 11:25:15','2026-08-13 11:25:15',NULL);

--
-- Table structure for table `book_categories`
--

CREATE TABLE `book_categories` (
  `id` bigint unsigned NOT NULL AUTO_INCREMENT,
  `name` varchar(255) CHARACTER SET utf8mb4 COLLATE utf8mb4_unicode_ci NOT NULL,
  `slug` varchar(255) CHARACTER SET utf8mb4 COLLATE utf8mb4_unicode_ci NOT NULL,
  `campus` bigint unsigned DEFAULT NULL COMMENT 'Pune=1, Hyderabad=2, Delhi-NCR=3',
  `is_active` int NOT NULL DEFAULT '1' COMMENT 'Active=1, In Active=0',
  `created_at` timestamp NULL DEFAULT NULL,
  `updated_at` timestamp NULL DEFAULT NULL,
  `deleted_at` timestamp NULL DEFAULT NULL,
  PRIMARY KEY (`id`),
  UNIQUE KEY `book_categories_name_unique` (`name`),
  UNIQUE KEY `book_categories_slug_unique` (`slug`),
  KEY `book_categories_campus_foreign` (`campus`),
  CONSTRAINT `book_categories_campus_foreign` FOREIGN KEY (`campus`) REFERENCES `campuses` (`id`)
) ENGINE=InnoDB AUTO_INCREMENT=48 DEFAULT CHARSET=utf8mb4 COLLATE=utf8mb4_unicode_ci;

--
-- Dumping data for table `book_categories`
--

INSERT INTO `book_categories` VALUES (1,'Accounting','accounting',3,1,'2025-02-28 10:53:53','2025-02-28 10:53:53',NULL),(2,'Architects','architects',3,1,'2025-02-28 16:00:32','2025-02-28 16:00:32',NULL),(3,'Building Materials ','building-materials',3,1,'2025-02-28 16:00:52','2025-02-28 16:00:52',NULL),(4,'Business Communication','business-communication',3,1,'2025-02-28 16:01:31','2025-02-28 16:01:31',NULL),(5,'Business Research','business-research',3,1,'2025-02-28 16:01:57','2025-02-28 16:01:57',NULL),(6,'Commerce','commerce',3,1,'2025-02-28 16:02:27','2025-02-28 16:02:27',NULL),(7,'Concrete','concrete',3,1,'2025-02-28 16:02:48','2025-02-28 16:02:48',NULL),(8,'Construction Management','construction-management',3,1,'2025-02-28 16:03:17','2025-02-28 16:03:17',NULL),(9,'Construction Technology','construction-technology',3,1,'2025-02-28 16:03:36','2025-02-28 16:03:36',NULL),(10,'Contract','contract',3,1,'2025-02-28 16:04:01','2025-02-28 16:04:01',NULL),(11,'Database','database',3,1,'2025-02-28 16:04:20','2025-02-28 16:04:20',NULL),(12,'Economics','economics',3,1,'2025-02-28 16:04:36','2025-02-28 16:04:36',NULL),(13,'Engineering','engineering',3,1,'2025-02-28 16:05:03','2025-02-28 16:05:03',NULL),(14,'Environmental Management','environmental-management',3,1,'2025-02-28 16:05:21','2025-02-28 16:05:21',NULL),(15,'Estimatimg And Costing ','estimatimg-and-costing',3,1,'2025-02-28 16:05:46','2025-02-28 16:05:46',NULL),(16,'Financial Management','financial-management',3,1,'2025-02-28 16:06:10','2025-02-28 16:06:10',NULL),(17,'Human Resource Management','human-resource-management',3,1,'2025-02-28 16:06:32','2025-02-28 16:06:32',NULL),(18,'Infrasturcture','infrasturcture',3,1,'2025-02-28 16:06:55','2025-02-28 16:06:55',NULL),(19,'Insurance','insurance',3,1,'2025-02-28 16:07:13','2025-02-28 16:07:13',NULL),(20,'Interior','interior',3,1,'2025-02-28 16:07:30','2025-02-28 16:07:30',NULL),(21,'International Business','international-business',3,1,'2025-02-28 16:07:48','2025-02-28 16:07:48',NULL),(22,'Investment','investment',3,1,'2025-02-28 16:08:08','2025-02-28 16:08:08',NULL),(23,'Logistics','logistics',3,1,'2025-02-28 16:08:23','2025-02-28 16:08:23',NULL),(24,'Management','management',3,1,'2025-02-28 16:08:47','2025-02-28 16:08:47',NULL),(25,'Marketing ','marketing',3,1,'2025-02-28 16:09:18','2025-02-28 16:09:18',NULL),(26,'Materials Management','materials-management',3,1,'2025-02-28 16:09:38','2025-02-28 16:09:38',NULL),(27,'Operation Management','operation-management',3,1,'2025-02-28 16:09:58','2025-02-28 16:09:58',NULL),(28,'Operation Research','operation-research',3,1,'2025-02-28 16:10:15','2025-02-28 16:10:15',NULL),(29,'Organisational Behaviour','organisational-behaviour',3,1,'2025-02-28 16:10:32','2025-02-28 16:10:32',NULL),(30,'Others','others',3,1,'2025-02-28 16:10:54','2025-02-28 16:10:54',NULL),(31,'Public Private Partnership','public-private-partnership',3,1,'2025-02-28 16:11:10','2025-02-28 16:11:10',NULL),(32,'Project Management','project-management',3,1,'2025-02-28 16:11:35','2025-02-28 16:11:35',NULL),(33,'Quality Management','quality-management',3,1,'2025-02-28 16:11:53','2025-02-28 16:11:53',NULL),(34,'Quantitative','quantitative',3,1,'2025-02-28 16:12:14','2025-02-28 16:12:14',NULL),(35,'Real Estate','real-estate',3,1,'2025-02-28 16:12:41','2025-02-28 16:12:41',NULL),(36,'Risk Management','risk-management',3,1,'2025-02-28 16:18:28','2025-02-28 16:18:28',NULL),(37,'Safety Management','safety-management',3,1,'2025-02-28 16:18:44','2025-02-28 16:18:44',NULL),(38,'Software','software',3,1,'2025-02-28 16:19:01','2025-02-28 16:19:01',NULL),(39,'Statistics','statistics',3,1,'2025-02-28 16:19:17','2025-02-28 16:19:17',NULL),(40,'Strategic Management','strategic-management',3,1,'2025-02-28 16:19:37','2025-02-28 16:19:37',NULL),(41,'Structure','structure',3,1,'2025-02-28 16:19:54','2025-02-28 16:19:54',NULL),(42,'Supply Chain','supply-chain',3,1,'2025-02-28 16:20:12','2025-02-28 16:20:12',NULL),(43,'Surveying ','surveying',3,1,'2025-02-28 16:20:28','2025-02-28 16:20:28',NULL),(44,'Taxes','taxes',3,1,'2025-02-28 16:20:46','2025-02-28 16:20:46',NULL),(45,'Valuation','valuation',3,1,'2025-02-28 16:21:40','2025-02-28 16:21:40',NULL),(47,'Law','law',3,1,'2025-03-25 11:32:04','2025-03-25 11:32:04',NULL);

--
-- Table structure for table `book_locations`
--

CREATE TABLE `book_locations` (
  `id` bigint unsigned NOT NULL AUTO_INCREMENT,
  `name` varchar(255) CHARACTER SET utf8mb4 COLLATE utf8mb4_unicode_ci NOT NULL,
  `slug` varchar(255) CHARACTER SET utf8mb4 COLLATE utf8mb4_unicode_ci NOT NULL,
  `campus` bigint unsigned DEFAULT NULL COMMENT 'Pune=1, Hyderabad=2, Delhi-NCR=3',
  `is_active` int NOT NULL DEFAULT '1' COMMENT 'Active=1, In Active=0',
  `created_at` timestamp NULL DEFAULT NULL,
  `updated_at` timestamp NULL DEFAULT NULL,
  `deleted_at` timestamp NULL DEFAULT NULL,
  PRIMARY KEY (`id`),
  UNIQUE KEY `book_locations_name_unique` (`name`),
  UNIQUE KEY `book_locations_slug_unique` (`slug`),
  KEY `book_locations_campus_foreign` (`campus`),
  CONSTRAINT `book_locations_campus_foreign` FOREIGN KEY (`campus`) REFERENCES `campuses` (`id`)
) ENGINE=InnoDB AUTO_INCREMENT=39 DEFAULT CHARSET=utf8mb4 COLLATE=utf8mb4_unicode_ci;

--
-- Dumping data for table `book_locations`
--

INSERT INTO `book_locations` VALUES (1,'A-1 Sh-1','a-1-sh-1',3,1,'2025-03-10 09:35:09','2025-03-10 09:35:09',NULL),(2,'A-1 Sh-2','a-1-sh-2',3,1,'2025-03-10 09:35:09','2025-03-10 09:35:09',NULL),(3,'A-1 Sh-3','a-1-sh-3',3,1,'2025-03-10 09:35:09','2025-03-10 09:35:09',NULL),(4,'A-1 Sh-4','a-1-sh-4',3,1,'2025-03-10 09:35:09','2025-03-10 09:35:09',NULL),(5,'A-2 Sh-1','a-2-sh-1',3,1,'2025-03-10 09:35:09','2025-03-10 09:35:09',NULL),(6,'A-2 Sh-2','a-2-sh-2',3,1,'2025-03-10 09:35:09','2025-03-10 09:35:09',NULL),(7,'A-2 Sh-3','a-2-sh-3',3,1,'2025-03-10 09:35:09','2025-03-10 09:35:09',NULL),(8,'A-2 Sh-4','a-2-sh-4',3,1,'2025-03-10 09:35:09','2025-03-10 09:35:09',NULL),(9,'A-6 Sh-1','a-6-sh-1',3,1,'2025-03-10 09:35:09','2025-03-10 09:35:09',NULL),(10,'A-6 Sh-2','a-6-sh-2',3,1,'2025-03-10 09:35:09','2025-03-10 09:35:09',NULL),(11,'A-6 Sh-3','a-6-sh-3',3,1,'2025-03-10 09:35:09','2025-03-10 09:35:09',NULL),(12,'A-6 Sh-4','a-6-sh-4',3,1,'2025-03-10 09:35:09','2025-03-10 09:35:09',NULL),(13,'A-7 Sh-1','a-7-sh-1',3,1,'2025-03-10 09:35:09','2025-03-10 09:35:09',NULL),(14,'A-7 Sh-2','a-7-sh-2',3,1,'2025-03-10 09:35:09','2025-03-10 09:35:09',NULL),(15,'A-7 Sh-3','a-7-sh-3',3,1,'2025-03-10 09:35:09','2025-03-10 09:35:09',NULL),(16,'A-7 Sh-4','a-7-sh-4',3,1,'2025-03-10 09:35:09','2025-03-10 09:35:09',NULL),(17,'A-8 Sh-1','a-8-sh-1',3,1,'2025-03-10 09:35:09','2025-03-10 09:35:09',NULL),(18,'A-8 Sh-2','a-8-sh-2',3,1,'2025-03-10 09:35:09','2025-03-10 09:35:09',NULL),(19,'A-8 Sh-3','a-8-sh-3',3,1,'2025-03-10 09:35:09','2025-03-10 09:35:09',NULL),(20,'A-8 Sh-4','a-8-sh-4',3,1,'2025-03-10 09:35:09','2025-03-10 09:35:09',NULL),(21,'A-3 Sh-1','a-3-sh-1',3,1,'2025-03-10 09:35:09','2025-03-10 09:35:09',NULL),(22,'A-3 Sh-2','a-3-sh-2',3,1,'2025-03-10 09:35:09','2025-03-10 09:35:09',NULL),(23,'A-3 Sh-3','a-3-sh-3',3,1,'2025-03-10 09:35:09','2025-03-10 09:35:09',NULL),(24,'A-3 Sh-4','a-3-sh-4',3,1,'2025-03-10 09:35:09','2025-03-10 09:35:09',NULL),(25,'A-4 Sh-1','a-4-sh-1',3,1,'2025-03-10 09:35:09','2025-03-10 09:35:09',NULL),(26,'A-4 Sh-2','a-4-sh-2',3,1,'2025-03-10 09:35:09','2025-03-10 09:35:09',NULL),(27,'A-4 Sh-3','a-4-sh-3',3,1,'2025-03-10 09:35:09','2025-03-10 09:35:09',NULL),(28,'A-4 Sh-4','a-4-sh-4',3,1,'2025-03-10 09:35:09','2025-03-10 09:35:09',NULL),(29,'A-5 Sh-1','a-5-sh-1',3,1,'2025-03-10 09:35:09','2025-03-10 09:35:09',NULL),(30,'A-5 Sh-2','a-5-sh-2',3,1,'2025-03-10 09:35:09','2025-03-10 09:35:09',NULL),(31,'A-5 Sh-3','a-5-sh-3',3,1,'2025-03-10 09:35:09','2025-03-10 09:35:09',NULL),(32,'A-5 Sh-4','a-5-sh-4',3,1,'2025-03-10 09:35:09','2025-03-10 09:35:09',NULL),(33,'A-9 Sh-1','a-9-sh-1',3,1,'2025-03-10 09:35:09','2025-03-10 09:35:09',NULL),(34,'A-10 Sh-1','a-10-sh-1',3,1,'2025-03-10 09:35:09','2025-03-10 09:35:09',NULL),(35,'A-10 Sh-2','a-10-sh-2',3,1,'2025-03-10 09:35:09','2025-03-10 09:35:09',NULL),(36,'A-10 Sh-3','a-10-sh-3',3,1,'2025-03-10 09:35:09','2025-03-10 09:35:09',NULL),(37,'A-11 Sh-2','a-11-sh-2',3,1,'2025-03-10 09:35:09','2025-03-10 09:35:09',NULL),(38,'A-11 Sh-3','a-11-sh-3',3,1,'2025-03-10 09:35:09','2025-03-10 09:35:09',NULL);

--
-- Table structure for table `books`
--

CREATE TABLE `books` (
  `id` bigint unsigned NOT NULL AUTO_INCREMENT,
  `isbn` varchar(255) CHARACTER SET utf8mb4 COLLATE utf8mb4_unicode_ci NOT NULL,
  `tblid` int NOT NULL,
  `name` varchar(255) CHARACTER SET utf8mb4 COLLATE utf8mb4_unicode_ci DEFAULT NULL COMMENT 'Book Title',
  `slug` varchar(255) CHARACTER SET utf8mb4 COLLATE utf8mb4_unicode_ci DEFAULT NULL,
  `author` bigint unsigned DEFAULT NULL,
  `domain` bigint unsigned DEFAULT NULL,
  `valume` varchar(32) CHARACTER SET utf8mb4 COLLATE utf8mb4_unicode_ci DEFAULT NULL,
  `publisher` bigint unsigned DEFAULT NULL,
  `year` varchar(32) CHARACTER SET utf8mb4 COLLATE utf8mb4_unicode_ci DEFAULT NULL,
  `pages` varchar(32) CHARACTER SET utf8mb4 COLLATE utf8mb4_unicode_ci DEFAULT NULL,
  `class_no` varchar(32) CHARACTER SET utf8mb4 COLLATE utf8mb4_unicode_ci DEFAULT NULL,
  `book_no` varchar(32) CHARACTER SET utf8mb4 COLLATE utf8mb4_unicode_ci DEFAULT NULL,
  `location` bigint unsigned DEFAULT NULL,
  `campus` bigint unsigned DEFAULT NULL COMMENT 'Pune=1, Hyderabad=2, Delhi-NCR=3',
  `is_active` int NOT NULL DEFAULT '1' COMMENT 'Active=1, In Active=0',
  `created_at` timestamp NULL DEFAULT NULL,
  `updated_at` timestamp NULL DEFAULT NULL,
  `deleted_at` timestamp NULL DEFAULT NULL,
  PRIMARY KEY (`id`),
  UNIQUE KEY `books_isbn_unique` (`isbn`),
  UNIQUE KEY `books_tblid_unique` (`tblid`),
  KEY `books_author_foreign` (`author`),
  KEY `books_domain_foreign` (`domain`),
  KEY `books_publisher_foreign` (`publisher`),
  KEY `books_location_foreign` (`location`),
  KEY `books_campus_foreign` (`campus`),
  CONSTRAINT `books_author_foreign` FOREIGN KEY (`author`) REFERENCES `authors` (`id`),
  CONSTRAINT `books_campus_foreign` FOREIGN KEY (`campus`) REFERENCES `campuses` (`id`),
  CONSTRAINT `books_domain_foreign` FOREIGN KEY (`domain`) REFERENCES `book_categories` (`id`),
  CONSTRAINT `books_location_foreign` FOREIGN KEY (`location`) REFERENCES `book_locations` (`id`),
  CONSTRAINT `books_publisher_foreign` FOREIGN KEY (`publisher`) REFERENCES `publishers` (`id`)
) ENGINE=InnoDB AUTO_INCREMENT=1049 DEFAULT CHARSET=utf8mb4 COLLATE=utf8mb4_unicode_ci;

--
-- Dumping data for table `books`
--

INSERT INTO `books` VALUES (1,'NDEL-001',1,'Financial Management','financial-management',3,16,'7th',1,'2014','36.45','658.15','KHA F',1,3,1,'2025-03-11 11:20:24','2025-03-11 11:20:24',NULL),(2,'NDEL-002',2,'Financial Management','financial-management',3,16,'7th',1,'2014','36.45','658.15','KHA F',1,3,1,'2025-03-11 11:21:22','2025-03-11 11:21:22',NULL),(3,'NDEL-003',3,'Financial Management','financial-management',3,16,'7th',1,'2014','36.45','658.15','KHA F',1,3,1,'2025-03-11 11:22:38','2025-03-11 11:22:38',NULL),(4,'NDEL-004',4,'Financial Management','financial-management',3,16,'7th',1,'2014','36.45','658.15','KHA F',1,3,1,'2025-03-11 11:23:32','2025-03-11 11:23:32',NULL),(5,'NDEL-005',5,'Financial Management','financial-management',3,16,'7th',1,'2014','36.45','658.15','KHA F',1,3,1,'2025-03-11 11:25:01','2025-03-11 11:25:01',NULL),(6,'NDEL-006',6,'Essentials Of Financial Management','essentials-of-financial-management',4,16,'4th',2,'2015','624','658.15','PAN F',1,3,1,'2025-03-11 11:28:01','2025-03-11 11:28:01',NULL),(7,'NDEL-007',7,'Essentials Of Financial Management','essentials-of-financial-management',4,16,'4th',2,'2015','624','658.15','PAN F',1,3,1,'2025-03-11 11:29:45','2025-03-11 11:29:45',NULL),(8,'NDEL-008',8,'Financial Management Theory & Practice','financial-management-theory-practice',5,16,'9th',1,'2016','1070','658.15','CHA F',1,3,1,'2025-03-11 11:32:11','2025-03-11 11:32:11',NULL),(9,'NDEL-009',9,'Financial Management Theory & Practice','financial-management-theory-practice',5,16,'9th',1,'2016','1070','658.15','CHA F',1,3,1,'2025-03-11 11:37:02','2025-03-11 11:37:02',NULL),(10,'NDEL-010',10,'Financial Management Theory & Practice','financial-management-theory-practice',5,16,'9th',1,'2015','1070','658.15','CHA F',1,3,1,'2025-03-11 11:45:08','2025-03-11 11:45:08',NULL),(11,'NDEL-011',11,'Financial Management Theory & Practice','financial-management-theory-practice',5,16,'9th',1,'2015','1070','658.15','CHA F',1,3,1,'2025-03-11 11:45:34','2025-03-11 11:45:34',NULL),(12,'NDEL-012',12,'Financial Management Theory & Practice','financial-management-theory-practice',5,16,'9th',1,'2015','1070','658.15','CHA F',1,3,1,'2025-03-11 11:45:52','2025-03-11 11:45:52',NULL),(13,'NDEL-013',13,'Financial Management','financial-management',4,16,'10th',2,'2014','879','658.15','PAN F',1,3,1,'2025-03-11 11:48:21','2025-03-11 11:48:21',NULL),(14,'NDEL-014',14,'Financial Management','financial-management',4,16,'10th',2,'2014','879','658.15','PAN F',1,3,1,'2025-03-11 11:55:58','2025-03-11 11:55:58',NULL),(15,'NDEL-015',15,'Financial Management','financial-management',4,16,'10th',2,'2014','879','658.15','PAN F',1,3,1,'2025-03-11 11:56:23','2025-03-11 11:56:23',NULL),(18,'NDEL-016',16,'Financial Management','financial-management',4,16,'10th',2,'2015','879','658.15','PAN F',1,3,1,'2025-03-11 11:59:03','2025-03-11 11:59:03',NULL),(19,'NDEL-017',17,'Financial Management','financial-management',4,16,'10th',2,'2015','921','658.15','PAN F',1,3,1,'2025-03-11 11:59:51','2025-03-11 11:59:51',NULL),(20,'NDEL-018',18,'Financial Management','financial-management',4,16,'10th',2,'2015','921','658.15','PAN F',1,3,1,'2025-03-11 12:00:15','2025-03-11 12:00:15',NULL),(21,'NDEL-019',19,'Financial Management And Policy','financial-management-and-policy',633,16,'10th',3,'2012','940','658.15','VAN F',2,3,1,'2025-03-11 12:02:24','2025-03-11 12:02:24',NULL),(22,'NDEL-020',20,'Financial Management And Policy','financial-management-and-policy',633,16,'10th',3,'2012','940','658.15','VAN F',2,3,1,'2025-03-11 12:02:46','2025-03-11 12:02:46',NULL),(23,'NDEL-021',21,'Financial Markets And Institutions','financial-markets-and-institutions',727,16,'6th',3,'2015','673','332.1','MIS F',2,3,1,'2025-03-11 12:05:48','2025-03-11 12:05:48',NULL),(24,'NDEL-022',22,'Financial Markets And Institutions','financial-markets-and-institutions',727,16,'6th',3,'2015','673','332.1','MIS F',2,3,1,'2025-03-11 12:06:10','2025-03-11 12:06:10',NULL),(25,'NDEL-023',23,'Financial Services','financial-services',669,16,'8th',1,'2015','ooo','332.1','KHA F',2,3,1,'2025-03-11 12:08:42','2025-03-11 12:08:42',NULL),(26,'NDEL-024',24,'Financial Services','financial-services',669,16,'8th',1,'2015','ooo','332.1','KHA F',2,3,1,'2025-03-11 12:14:19','2025-03-11 12:14:19',NULL),(27,'NDEL-025',25,'Financial Institutions And Market','financial-institutions-and-market',453,16,'5th',1,'2009','999','332.1','BHOF',2,3,1,'2025-03-11 12:16:22','2025-03-11 12:16:22',NULL),(28,'NDEL-026',26,'Financial Markets And Institutions','financial-markets-and-institutions',829,16,'3rd',1,'2017','721','332','SAU F',2,3,1,'2025-03-11 12:18:57','2025-03-11 12:18:57',NULL),(29,'NDEL-027',27,'Financial Services','financial-services',669,16,'9th',1,'2018','14.53','332.1','KHA F',2,3,1,'2025-03-11 12:25:06','2025-03-11 12:25:06',NULL),(30,'NDEL-028',28,'Foundation Of Financial Management','foundation-of-financial-management',460,16,'13th',4,'2011','665','658.15','BLOF',2,3,1,'2025-03-11 12:28:14','2025-03-11 12:28:14',NULL),(31,'NDEL-029',29,'Foundation Of Financial Management','foundation-of-financial-management',460,16,'13th',4,'2011','665','658.15','BLOF',2,3,1,'2025-03-11 12:28:43','2025-03-11 12:28:43',NULL),(32,'NDEL-030',30,'Financial Services','financial-services',616,16,'2nd',1,'2011','590','332.1','GUR F',2,3,1,'2025-03-11 12:33:21','2025-03-11 12:33:21',NULL),(33,'NDEL-031',31,'Financial Management','financial-management',3,16,'8th',1,'2019','34.47','658.15','KHA F',2,3,1,'2025-03-11 12:43:13','2025-03-11 12:43:13',NULL),(34,'NDEL-032',32,'Financial Management','financial-management',3,16,'8th',1,'2019','34.47','658.15','KHA F',2,3,1,'2025-03-11 12:43:34','2025-03-11 12:43:34',NULL),(35,'NDEL-033',33,'Financial Management Theory & Practice','financial-management-theory-practice',5,16,'8th',1,'2013','1062','658.15','CHA F',2,3,1,'2025-03-11 12:44:51','2025-03-11 12:44:51',NULL),(36,'NDEL-034',34,'Financial Management Theory & Practice','financial-management-theory-practice',5,16,'8th',1,'2013','1062','658.15','CHA F',2,3,1,'2025-03-11 12:45:12','2025-03-11 12:45:12',NULL),(38,'NDEL-035',35,'Fundamentals Of Financial Management','fundamentals-of-financial-management',632,16,'13th',3,'2016','688','658.15','HOR F',2,3,1,'2025-03-11 14:37:46','2025-03-11 14:37:46',NULL),(39,'NDEL-036',36,'Fundamentals Of Financial Management','fundamentals-of-financial-management',632,16,'13th',3,'2016','688','658.15','HOR F',2,3,1,'2025-03-11 14:38:02','2025-03-11 14:38:02',NULL),(40,'NDEL-037',37,'Essentials Of Financial Management','essentials-of-financial-management',4,16,'3rd',2,'2011','550','658.15','PAN F',2,3,1,'2025-03-11 14:40:51','2025-03-11 14:40:51',NULL),(41,'NDEL-038',38,'Essentials Of Financial Management','essentials-of-financial-management',4,16,'3rd',2,'2011','550','658.15','PAN F',2,3,1,'2025-03-11 14:41:19','2025-03-11 14:41:19',NULL),(42,'NDEL-039',39,'Indian Financial System ','indian-financial-system',761,16,'5th',3,'2018','876','332.0954','PAT F',2,3,1,'2025-03-11 14:44:55','2025-03-11 14:44:55',NULL),(43,'NDEL-040',40,'Financial Management ','financial-management',605,16,'5th',1,'2013','35.27','658.15','GUL F',2,3,1,'2025-03-11 14:49:05','2025-03-11 14:49:05',NULL),(44,'NDEL-041',41,'Financial Institutions And Market','financial-institutions-and-market',706,16,'10th',5,'2012','714','332.1','MAD F',2,3,1,'2025-03-11 14:50:53','2025-03-11 14:50:53',NULL),(45,'NDEL-042',42,'Financial Institutions And Market','financial-institutions-and-market',706,16,'10th',5,'2012','714','332.1','MAD F',2,3,1,'2025-03-11 14:51:17','2025-03-11 14:51:17',NULL),(46,'NDEL-043',43,'Cases In Financial Management','cases-in-financial-management',758,16,'3rd',1,'2015','602','658.15','PAN F',2,3,1,'2025-03-11 14:53:50','2025-03-11 14:53:50',NULL),(47,'NDEL-044',44,'Financial Services Marketing','financial-services-marketing',571,16,'3rd',6,'2013','591','332.1068','ENN F',2,3,1,'2025-03-11 15:12:14','2025-03-11 15:12:14',NULL),(48,'NDEL-045',45,'Financial Accounting','financial-accounting',892,1,'3rd',3,'2016','13.18','657.48','TUL F',3,3,1,'2025-03-11 15:19:09','2025-03-11 15:19:09',NULL),(49,'NDEL-046',46,'Financial Accounting','financial-accounting',892,1,'2nd',3,'2016','13.18','657.48','TUL F',3,3,1,'2025-03-11 15:19:56','2025-03-11 15:19:56',NULL),(50,'NDEL-047',47,'Financial Accounting','financial-accounting',892,1,'2nd',3,'2016','13.18','657.48','TUL F',3,3,1,'2025-03-11 15:20:16','2025-03-11 15:20:16',NULL),(51,'NDEL-048',48,'Introduction To Financial Accounting','introduction-to-financial-accounting',634,1,'9th',3,'2008','577','657.48','HOR F',3,3,1,'2025-03-11 15:22:28','2025-03-11 15:22:28',NULL),(52,'NDEL-049',49,'Introduction To Financial Accounting','introduction-to-financial-accounting',634,1,'10th',3,'2008','577','657.48','HOR F',3,3,1,'2025-03-11 15:23:10','2025-03-11 15:23:10',NULL),(53,'NDEL-050',50,'Managerial Accounting','managerial-accounting',652,1,'5th',7,'2015','499','658','JAM A',3,3,1,'2025-03-11 15:28:01','2025-03-11 15:28:01',NULL),(54,'NDEL-051',51,'Managerial Accounting For Managers','managerial-accounting-for-managers',749,1,'5th',1,'2011','646','658.1511','NOR M',3,3,1,'2025-03-11 15:33:05','2025-03-11 15:33:05',NULL),(55,'NDEL-052',52,'Managerial Accounting For Managers','managerial-accounting-for-managers',749,1,'5th',1,'2011','646','658.1511','NOR M',3,3,1,'2025-03-11 15:33:35','2025-03-11 15:33:35',NULL),(56,'NDEL-053',53,'Managerial Accounting For Managers','managerial-accounting-for-managers',749,1,'5th',1,'2011','646','658.1511','NOR M',3,3,1,'2025-03-11 15:34:02','2025-03-11 15:34:02',NULL),(57,'NDEL-054',54,'Managerial Accounting','managerial-accounting',619,1,'8th',5,'2013','874','658.1511','HAN M',3,3,1,'2025-03-11 15:58:23','2025-03-11 15:58:23',NULL),(58,'NDEL-055',55,'Managerial Accounting','managerial-accounting',619,1,'9th',5,'2013','874','658.1511','HAN M',3,3,1,'2025-03-11 15:59:04','2025-03-11 15:59:04',NULL),(59,'NDEL-056',56,'Managerial Accounting','managerial-accounting',619,1,'10th',5,'2013','874','658.1511','HAN M',3,3,1,'2025-03-11 15:59:39','2025-03-11 15:59:39',NULL),(60,'NDEL-057',57,'Managerial Accounting','managerial-accounting',619,1,'11th',5,'2013','874','658.1511','HAN M',3,3,1,'2025-03-11 16:00:13','2025-03-11 16:00:13',NULL),(61,'NDEL-058',58,'Financial Accounting For Management','financial-accounting-for-management',607,1,'5th',3,'2016','712','657.48','GUP F',3,3,1,'2025-03-11 16:01:43','2025-03-11 16:01:43',NULL),(62,'NDEL-059',59,'Financial Accounting For Management','financial-accounting-for-management',607,1,'6th',3,'2016','712','657.48','GUP F',3,3,1,'2025-03-11 16:02:18','2025-03-11 16:02:18',NULL),(63,'NDEL-060',60,'Financial Accounting For Management','financial-accounting-for-management',846,1,'2nd',5,'2014','796','657','SHA F',3,3,1,'2025-03-11 16:04:14','2025-03-11 16:04:14',NULL),(64,'NDEL-061',61,'Financial Accounting For Management','financial-accounting-for-management',846,1,'3rd',5,'2014','796','657','SHA F',3,3,1,'2025-03-11 16:04:46','2025-03-11 16:04:46',NULL),(65,'NDEL-062',62,'Cost Accounting And Financial Management','cost-accounting-and-financial-management',898,1,'2nd',3,'2011','450','657','VEN C',3,3,1,'2025-03-12 10:15:26','2025-03-12 10:15:26',NULL),(66,'NDEL-063',63,'Introduction To Financial Accounting','introduction-to-financial-accounting',634,1,'9th',3,'2015','577','657','HOR F',3,3,1,'2025-03-12 10:24:21','2025-03-12 10:24:21',NULL),(67,'NDEL-064',64,'Cost Accounting ','cost-accounting',634,1,'14th',3,'2013','1035','657.42','HOR F',3,3,1,'2025-03-12 10:25:41','2025-03-12 10:25:41',NULL),(68,'NDEL-065',65,'Cost Accounting ','cost-accounting',634,1,'14th',3,'2025','1035','657.42','HOR F',3,3,1,'2025-03-12 10:26:31','2025-03-12 10:26:31',NULL),(69,'NDEL-066',66,'Management Accounting Text, Problems & Case','management-accounting-text-problems-case',3,1,'6th',1,'2013','24.60','658.1511','KHA M',3,3,1,'2025-03-12 10:47:24','2025-03-12 10:47:24',NULL),(72,'NDEL-067',67,'Financial Accounting For Management','financial-accounting-for-management',846,1,'6th',5,'2011','693','657.48','SHA F',4,3,1,'2025-03-12 10:51:04','2025-03-12 10:51:04',NULL),(73,'NDEL-068',68,'Financial Accounting For Management','financial-accounting-for-management',846,1,'6th',5,'2011','693','657.48','SHA F',4,3,1,'2025-03-12 10:51:12','2025-03-12 10:51:12',NULL),(74,'NDEL-069',69,'Organizational Behavior ','organizational-behavior',416,29,'0',4,'2010','639','658.4','PAR O',6,3,1,'2025-03-12 11:18:18','2025-03-12 11:18:18',NULL),(75,'NDEL-070',70,'Organizational Behavior ','organizational-behavior',416,29,'0',4,'2010','639','658.4','PAR O',6,3,1,'2025-03-12 11:20:55','2025-03-12 11:20:55',NULL),(76,'NDEL-071',71,'Organizational Behavior ','organizational-behavior',416,29,'0',4,'2010','639','658.4','PAR O',6,3,1,'2025-03-12 11:21:12','2025-03-12 11:21:12',NULL),(77,'NDEL-072',72,'Organizational Behavior ','organizational-behavior',416,29,'0',4,'2010','639','658.4','PAR O',6,3,1,'2025-03-12 11:21:24','2025-03-12 11:21:24',NULL),(78,'NDEL-073',73,'Organizational Behavior ','organizational-behavior',416,29,'0',4,'2010','639','658.4','PAR O',6,3,1,'2025-03-12 11:21:36','2025-03-12 11:21:36',NULL),(79,'NDEL-074',74,'Principles Of Economics','principles-of-economics',713,12,'6th',5,'2012','856','330','MAN E',25,3,1,'2025-03-12 12:26:58','2025-03-12 12:26:58',NULL),(80,'NDEL-075',75,'Construction Project Management Theory & Practice','construction-project-management-theory-practice',650,32,'2nd',3,'2015','878','658','JHA C',9,3,1,'2025-03-12 12:31:14','2025-03-12 12:31:14',NULL),(82,'NDEL-076',76,'Organizational Behavior ','organizational-behavior',434,29,'11th',8,'2013','766','302.35','ASW O',6,3,1,'2025-03-12 12:34:17','2025-03-12 12:34:17',NULL),(83,'NDEL-077',77,'Organisational Behaviour ','organisational-behaviour',434,29,'12th',8,'2013','766','302.35','ASW O',6,3,1,'2025-03-12 12:36:27','2025-03-12 12:36:27',NULL),(84,'NDEL-078',78,'Organisational Behaviour ','organisational-behaviour',434,29,'13th',8,'2013','766','302.35','ASW O',6,3,1,'2025-03-12 12:37:22','2025-03-12 12:37:22',NULL),(85,'NDEL-079',79,'Organisational Behaviour ','organisational-behaviour',434,29,'14th',8,'2013','766','302.35','ASW O',6,3,1,'2025-03-12 12:38:20','2025-03-12 12:38:20',NULL),(86,'NDEL-080',80,'Organizational Behavior ','organizational-behavior',452,29,'2nd',20,'2014','583','302.35','BHA O',6,3,1,'2025-03-12 16:09:36','2025-03-12 16:09:36',NULL),(87,'NDEL-081',81,'Organisational Behaviour ','organisational-behaviour',705,29,'12th',1,'2013','574','658.4','LUT O',6,3,1,'2025-03-12 16:12:13','2025-03-12 16:12:13',NULL),(88,'NDEL-082',82,'Organisational Behaviour ','organisational-behaviour',705,29,'12th',1,'2013','574','658.4','LUT O',6,3,1,'2025-03-12 16:12:42','2025-03-12 16:12:42',NULL),(89,'NDEL-083',83,'Organisational Behaviour ','organisational-behaviour',705,29,'12th',1,'2013','574','658.4','LUT O',6,3,1,'2025-03-12 16:12:49','2025-03-12 16:12:49',NULL),(90,'NDEL-084',84,'Organisational Behaviour ','organisational-behaviour',705,29,'12th',1,'2013','574','658.4','LUT O',6,3,1,'2025-03-12 16:13:03','2025-03-12 16:13:03',NULL),(91,'NDEL-085',85,'Organisational Behaviour ','organisational-behaviour',705,29,'12th',1,'2013','574','658.4','LUT O',6,3,1,'2025-03-12 16:13:09','2025-03-12 16:13:09',NULL),(92,'NDEL-086',86,'Organisational Behaviour ','organisational-behaviour',705,29,'12th',1,'2013','574','658.4','LUT O',6,3,1,'2025-03-12 16:13:24','2025-03-12 16:13:24',NULL),(93,'NDEL-087',87,'Organisational Behaviour ','organisational-behaviour',809,29,'12th',3,'2013','672','658.4','ROB O',6,3,1,'2025-03-12 16:15:50','2025-03-12 16:15:50',NULL),(94,'NDEL-088',88,'Organisational Behaviour ','organisational-behaviour',860,29,'2nd',3,'2013','560','658.4','SIN O',6,3,1,'2025-03-12 16:18:17','2025-03-12 16:18:17',NULL),(95,'NDEL-089',89,'Organisational Behaviour ','organisational-behaviour',860,29,'3rd',3,'2013','560','658.4','SIN O',6,3,1,'2025-03-12 16:18:49','2025-03-12 16:18:49',NULL),(96,'NDEL-090',90,'Organisational Behaviour ','organisational-behaviour',808,29,'15th',3,'2013','672','658.3','ROB O',6,3,1,'2025-03-12 16:21:24','2025-03-12 16:21:24',NULL),(97,'NDEL-091',91,'Cases In Organiszational Behaviour','cases-in-organiszational-behaviour',808,29,'0',9,'2006','293','658.3','SEI O',6,3,1,'2025-03-12 16:24:12','2025-03-12 16:24:12',NULL),(98,'NDEL-092',92,'Leadership In Organizational ','leadership-in-organizational',916,29,'8th',3,'2014','448','303.34','YUKO',6,3,1,'2025-03-12 16:25:40','2025-03-12 16:25:40',NULL),(99,'NDEL-093',93,'Organisational Behaviour ','organisational-behaviour',809,29,'15th',3,'2013','672','658.78','ROB O',6,3,1,'2025-03-12 16:30:51','2025-03-12 16:30:51',NULL),(100,'NDEL-094',94,'Organisational Behaviour ','organisational-behaviour',809,29,'16th',3,'2013','672','658.78','ROB O',6,3,1,'2025-03-12 16:31:28','2025-03-12 16:31:28',NULL),(101,'NDEL-095',95,'Organisational Behaviour ','organisational-behaviour',809,29,'17th',3,'2013','672','658.78','ROB O',6,3,1,'2025-03-12 16:32:00','2025-03-12 16:32:00',NULL),(102,'NDEL-096',96,'Organisational Behaviour ','organisational-behaviour',836,29,'12th',10,'2012','425','658','SCH O',6,3,1,'2025-03-17 10:19:46','2025-03-17 10:19:46',NULL),(103,'NDEL-097',97,'Organisational Behaviour ','organisational-behaviour',737,29,'12th',9,'2015','453','302.35','NAH O',6,3,1,'2025-03-17 10:21:50','2025-03-17 10:21:50',NULL),(104,'NDEL-098',98,'Organisational Behaviour ','organisational-behaviour',790,29,'12th',11,'2013','421','658','RAJ O',6,3,1,'2025-03-17 10:23:54','2025-03-17 10:23:54',NULL),(105,'NDEL-099',99,'Construction Safety Handbook','construction-safety-handbook',534,37,'2nd',12,'1996','303','362.11','DAV C',7,3,1,'2025-03-17 10:28:50','2025-03-17 10:28:50',NULL),(106,'NDEL-100',100,'Industrial Safety Management','industrial-safety-management',542,37,'00',1,'2006','369','658.382','DES I',7,3,1,'2025-03-17 10:45:51','2025-03-17 10:45:51',NULL),(107,'NDEL-101',101,'Safety And Health In Industry A Handbook ','safety-and-health-in-industry-a-handbook',828,37,'00',13,'2009','375','332.11','SAR H',7,3,1,'2025-03-17 10:51:41','2025-03-17 10:51:41',NULL),(108,'NDEL-102',102,'Safety Health And Environment Handbook','safety-health-and-environment-handbook',740,37,'00',1,'2015','225','624','NAR H',7,3,1,'2025-03-17 10:53:31','2025-03-17 10:53:31',NULL),(109,'NDEL-103',103,'Health & Safety At Work ','health-safety-at-work',877,37,'00',14,'2010','340','362.11','STR H',7,3,1,'2025-03-17 10:55:41','2025-03-17 10:55:41',NULL),(110,'NDEL-104',104,'Principles Of Economics ','principles-of-economics',713,12,'6th',5,'2012','856','330','MAN E',25,3,1,'2025-03-17 10:58:23','2025-03-17 10:58:23',NULL),(111,'NDEL-105',105,'Principles Of Human Resource Management','principles-of-human-resource-management',464,17,'16th',5,'2013','807','658.3','BOH M',7,3,1,'2025-03-17 11:01:05','2025-03-17 11:01:05',NULL),(112,'NDEL-106',106,'Principles Of Human Resource Management','principles-of-human-resource-management',464,17,'17th',5,'2013','807','658.3','BOH M',7,3,1,'2025-03-17 11:11:41','2025-03-17 11:11:41',NULL),(113,'NDEL-107',107,'Common Sense Guide To Health & Safety In Construction ','common-sense-guide-to-health-safety-in-construction',704,37,'00',6,'2013','128','363.11969','LUD H',7,3,1,'2025-03-17 11:14:17','2025-03-17 11:14:17',NULL),(114,'NDEL-108',108,'Human Resource Management','human-resource-management',538,17,'00',6,'2013','407','658.3','DEN H',7,3,1,'2025-03-17 11:16:12','2025-03-17 11:16:12',NULL),(115,'NDEL-109',109,'Human Resource Management','human-resource-management',538,17,'00',6,'2013','407','658.3','DEN H',7,3,1,'2025-03-17 11:16:33','2025-03-17 11:16:33',NULL),(117,'NDEL-110',110,'Safety Management In The Construction Industry','safety-management-in-the-construction-industry',746,37,'00',15,'1998','175','690.22','NIC S',7,3,1,'2025-03-17 11:20:59','2025-03-17 11:20:59',NULL),(118,'NDEL-111',111,'Safety Management In The Construction Industry','safety-management-in-the-construction-industry',746,37,'00',15,'1998','175','690.22','NIC S',7,3,1,'2025-03-17 11:21:14','2025-03-17 11:21:14',NULL),(119,'NDEL-112',112,'Safety Management In The Construction Industry','safety-management-in-the-construction-industry',746,37,'00',15,'1998','175','690.22','NIC S',7,3,1,'2025-03-17 11:21:44','2025-03-17 11:21:44',NULL),(120,'NDEL-113',113,'Safety Management In The Construction Industry','safety-management-in-the-construction-industry',746,37,'00',15,'1998','175','690.22','NIC S',7,3,1,'2025-03-17 11:21:56','2025-03-17 11:21:56',NULL),(121,'NDEL-114',114,'Handbook Of Machine Foundation ','handbook-of-machine-foundation',872,30,'00',1,'1976','233','624.15','SRI H',31,3,1,'2025-03-17 11:25:44','2025-03-17 11:25:44',NULL),(122,'NDEL-115',115,'Handbook Of Machine Foundation ','handbook-of-machine-foundation',872,30,'00',1,'1976','233','624.15','SRI H',31,3,1,'2025-03-17 11:27:19','2025-03-17 11:27:19',NULL),(123,'NDEL-116',116,'Armstrong\'s Handbook Of Human Resource Management Practice','armstrongs-handbook-of-human-resource-management-practice',430,17,'12th',14,'2012','752','658.3','ARM H',7,3,1,'2025-03-17 11:55:18','2025-03-17 11:55:18',NULL),(124,'NDEL-117',117,'Armstrong\'s Handbook Of Human Resource Management Practice','armstrongs-handbook-of-human-resource-management-practice',430,17,'12th',14,'2012','752','658.3','ARM H',7,3,1,'2025-03-17 11:56:05','2025-03-17 11:56:05',NULL),(125,'NDEL-118',118,'Health & Safety At Work ','health-safety-at-work',877,37,'0',14,'2006','232','362.11','STR H',7,3,1,'2025-03-17 12:20:39','2025-03-17 12:20:39',NULL),(126,'NDEL-119',119,'Health & Safety At Work ','health-safety-at-work',877,37,'0',14,'2006','232','362.11','STR H',7,3,1,'2025-03-17 12:21:09','2025-03-17 12:21:09',NULL),(127,'NDEL-120',120,'Health & Safety At Work ','health-safety-at-work',877,37,'0',14,'2006','232','362.11','STR H',7,3,1,'2025-03-17 12:21:14','2025-03-17 12:21:14',NULL),(128,'NDEL-121',121,'Introduction To Health And Safety In Construction ','introduction-to-health-and-safety-in-construction',639,37,'5th',6,'2016','764','362.11','HUGH',7,3,1,'2025-03-17 12:22:59','2025-03-17 12:22:59',NULL),(129,'NDEL-122',122,'Human Resource Management','human-resource-management',763,17,'4th',16,'2014','707','658.3','PATH',7,3,1,'2025-03-17 12:25:34','2025-03-17 12:25:34',NULL),(130,'NDEL-123',123,'Human Resource Management','human-resource-management',763,17,'4th',16,'2014','707','658.3','PATH',7,3,1,'2025-03-17 12:25:59','2025-03-17 12:25:59',NULL),(131,'NDEL-124',124,'Human Resource Management','human-resource-management',434,17,'7th',1,'2015','874','658.3','ASWH',7,3,1,'2025-03-17 12:27:43','2025-03-17 12:27:43',NULL),(134,'NDEL-125',125,'Human Resource Management','human-resource-management',434,17,'7th',1,'2015','874','658.3','ASWH',7,3,1,'2025-03-17 12:38:52','2025-03-17 12:38:52',NULL),(136,'NDEL-126',126,'Handbook Of Osha Construction Safety And Health','handbook-of-osha-construction-safety-and-health',804,8,'2nd',17,'2006','946','363.11','REE C',22,3,1,'2025-03-17 12:46:51','2025-03-17 12:46:51',NULL),(137,'NDEL-127',127,'Human Resource Management','human-resource-management',544,17,'12th',3,'2013','736','658.3','DES M',7,3,1,'2025-03-17 14:10:48','2025-03-17 14:10:48',NULL),(138,'NDEL-128',128,'Human Resource Management','human-resource-management',544,17,'12th',3,'2013','736','658.3','DES M',7,3,1,'2025-03-17 14:11:08','2025-03-17 14:11:08',NULL),(140,'NDEL-129',129,'Industrial Health And Safety Management','industrial-health-and-safety-management',828,37,'2nd',8,'2012','270','658','SARI',7,3,1,'2025-03-17 14:14:46','2025-03-17 14:14:46',NULL),(141,'NDEL-130',130,'Industrial Health And Safety Management','industrial-health-and-safety-management',828,37,'2nd',8,'2012','270','658','SARI',7,3,1,'2025-03-17 14:15:44','2025-03-17 14:15:44',NULL),(142,'NDEL-131',131,'Health & Safety At Work ','health-safety-at-work',877,37,'00',14,'2010','340','362.11','STR H',7,3,1,'2025-03-17 14:17:29','2025-03-17 14:17:29',NULL),(143,'NDEL-132',132,'Construction Stakeholder Management','construction-stakeholder-management',501,8,'0',7,'2010','392','0','CHI C',22,3,1,'2025-03-18 10:13:33','2025-03-18 10:13:33',NULL),(144,'NDEL-133',133,'Construction Management Fundamentals','construction-management-fundamentals',677,8,'2nd',1,'2011','697','624.068','KNUC',5,3,1,'2025-03-18 10:38:06','2025-03-18 10:38:06',NULL),(145,'NDEL-134',134,'Construction Management Fundamentals','construction-management-fundamentals',677,8,'2nd',1,'2011','697','624.068','KNUC',5,3,1,'2025-03-18 10:38:46','2025-03-18 10:38:46',NULL),(146,'NDEL-135',135,'Construction Management Fundamentals','construction-management-fundamentals',677,8,'2nd',1,'2011','697','624.068','KNUC',5,3,1,'2025-03-18 10:38:54','2025-03-18 10:38:54',NULL),(147,'NDEL-136',136,'Construction Planning Equipment And Methods','construction-planning-equipment-and-methods',769,8,'7th',1,'2013','768','690.1','PEUC',23,3,1,'2025-03-18 10:41:30','2025-03-18 10:41:30',NULL),(148,'NDEL-137',137,'Construction Planning Equipment And Methods','construction-planning-equipment-and-methods',769,8,'7th',1,'2013','768','690.1','PEUC',23,3,1,'2025-03-18 10:41:50','2025-03-18 10:41:50',NULL),(149,'NDEL-138',138,'Construction Planning Equipment And Methods','construction-planning-equipment-and-methods',769,8,'7th',1,'2013','768','690.1','PEUC',23,3,1,'2025-03-18 10:41:56','2025-03-18 10:41:56',NULL),(150,'NDEL-139',139,'Construction Planning Equipment And Methods','construction-planning-equipment-and-methods',769,8,'7th',1,'2013','768','690.1','PEUC',23,3,1,'2025-03-18 10:42:02','2025-03-18 10:42:02',NULL),(151,'NDEL-140',140,'Strategic Management','strategic-management',579,40,'7th',19,'2010','276','658.01','FRE S',36,3,1,'2025-03-18 10:45:42','2025-03-18 10:45:42',NULL),(153,'NDEL-141',141,'Manging Technical Organisations And Professionals','manging-technical-organisations-and-professionals',894,24,'7th',15,'2003','193','658.03','VAI M',33,3,1,'2025-03-18 10:48:35','2025-03-18 10:48:35',NULL),(154,'NDEL-142',142,'Employee Training And Development','employee-training-and-development',748,24,'5th',1,'2012','632','658.3124','NOE E',33,3,1,'2025-03-18 10:50:29','2025-03-18 10:50:29',NULL),(155,'NDEL-143',143,'Compensation Management','compensation-management',452,24,'2nd',20,'2015','445','658.32','BHA M',33,3,1,'2025-03-18 10:52:54','2025-03-18 10:52:54',NULL),(156,'NDEL-144',144,'Construction Equipment Management','construction-equipment-management',833,8,'2nd',6,'2019','368','690.0284','SCH C',23,3,1,'2025-03-18 11:02:08','2025-03-18 11:02:08',NULL),(157,'NDEL-145',145,'Building And Engineering Contract','building-and-engineering-contract',762,10,'6th',21,'2011','612','343','PATC',14,3,1,'2025-03-18 11:04:12','2025-03-18 11:04:12',NULL),(158,'NDEL-146',146,'Construction Equipment And Methods','construction-equipment-and-methods',450,8,'00',22,'2013','594','624.0682','BERC',5,3,1,'2025-03-18 12:03:04','2025-03-18 12:03:04',NULL),(159,'NDEL-147',147,'Construction Equipment And Methods','construction-equipment-and-methods',450,8,'00',22,'2013','594','624.0682','BERC',5,3,1,'2025-03-18 12:03:37','2025-03-18 12:03:37',NULL),(160,'NDEL-148',148,'Materials Management','materials-management',590,26,'00',16,'2014','276','658.7','GOPM',11,3,1,'2025-03-18 12:05:40','2025-03-18 12:05:40',NULL),(161,'NDEL-149',149,'Construction Equipment & Machinery','construction-equipment-machinery',746,8,'00',56,'2001','684','690.1','NIC C',23,3,1,'2025-03-18 12:14:10','2025-03-18 12:14:10',NULL),(162,'NDEL-150',150,'Construction Equipment & Machinary','construction-equipment-machinary',746,8,'00',56,'2001','684','690.1','NIC C',23,3,1,'2025-03-18 12:14:26','2025-03-18 12:14:26',NULL),(163,'NDEL-151',151,'Construction Equipment And Its Management','construction-equipment-and-its-management',850,8,'6th',57,'2015','1028','690.1','SHAC',23,3,1,'2025-03-18 12:19:43','2025-03-18 12:19:43',NULL),(164,'NDEL-152',152,'Construction Equipment And Its Management','construction-equipment-and-its-management',850,8,'6th',57,'2015','1028','690.1','SHAC',23,3,1,'2025-03-18 12:20:08','2025-03-18 12:20:08',NULL),(165,'NDEL-153',153,'Construction Equipment And Its Management','construction-equipment-and-its-management',850,8,'6th',57,'2015','1028','690.1','SHAC',23,3,1,'2025-03-18 12:20:14','2025-03-18 12:20:14',NULL),(166,'NDEL-154',154,'Estimating Construction Costs','estimating-construction-costs',769,15,'6th',1,'2015','1028','624.0299','PEUE',29,3,1,'2025-03-18 12:24:15','2025-03-18 12:24:15',NULL),(167,'NDEL-155',155,'Social Network Analysis','social-network-analysis',838,38,'4th',9,'2017','227','302.3','SCOS',38,3,1,'2025-03-18 12:26:36','2025-03-18 12:26:36',NULL),(168,'NDEL-156',156,'Supply Chain Management  ','supply-chain-management',842,42,'2nd',3,'2016','480','658.5','SHAS',20,3,1,'2025-03-18 12:29:19','2025-03-18 12:29:19',NULL),(169,'NDEL-157',157,'Building, Measuring And Managing Brand Equity','building-measuring-and-managing-brand-equity',664,24,'4th',3,'2015','586','658.827','KELM',33,3,1,'2025-03-18 12:33:17','2025-03-18 12:33:17',NULL),(171,'NDEL-158',158,'Analyzing Quantitative Data','analyzing-quantitative-data',535,34,'00',9,'2017','88','300.723','DAWQ',19,3,1,'2025-03-18 12:36:40','2025-03-18 12:36:40',NULL),(172,'NDEL-159',159,'Analyzing Quantitative Data','analyzing-quantitative-data',834,34,'00',9,'2015','165','650.0721','SCHA',19,3,1,'2025-03-18 12:38:38','2025-03-18 12:38:38',NULL),(173,'NDEL-160',160,'Conducting Case Study Research','conducting-case-study-research',694,30,'00',9,'2017','122','650','LEE C',31,3,1,'2025-03-18 12:40:27','2025-03-18 12:40:27',NULL),(174,'NDEL-161',161,'Marketing Management','marketing-management',683,25,'14th',3,'2013','120','658.8','KOTM',8,3,1,'2025-03-18 12:46:25','2025-03-18 12:46:25',NULL),(175,'NDEL-162',162,'Principle Of Marketing','principle-of-marketing',683,25,'13th',3,'2010','114','658.8','KOTP',8,3,1,'2025-03-18 12:47:58','2025-03-18 12:47:58',NULL),(176,'NDEL-163',163,'Principle Of Marketing','principle-of-marketing',683,25,'13th',3,'2010','114','658.8','KOTP',8,3,1,'2025-03-18 12:48:35','2025-03-18 12:48:35',NULL),(177,'NDEL-164',164,'Marketing Management','marketing-management',683,25,'15th',3,'2016','756','658.8','KOTM',8,3,1,'2025-03-18 12:49:34','2025-03-18 12:49:34',NULL),(178,'NDEL-165',165,'Marketing Management','marketing-management',683,25,'15th',3,'2016','756','658.8','KOTM',8,3,1,'2025-03-18 12:49:52','2025-03-18 12:49:52',NULL),(179,'NDEL-166',166,'Cases In Marketing Management','cases-in-marketing-management',512,25,'00',9,'2012','523','658.8','CLOM',8,3,1,'2025-03-18 12:51:51','2025-03-18 12:51:51',NULL),(180,'NDEL-167',167,'Cases In Marketing Management','cases-in-marketing-management',512,25,'00',9,'2012','523','658.8','CLOM',8,3,1,'2025-03-18 12:53:21','2025-03-18 12:53:21',NULL),(181,'NDEL-168',168,'Cases In Marketing Management','cases-in-marketing-management',512,25,'00',9,'2012','523','658.8','CLOM',8,3,1,'2025-03-18 12:53:37','2025-03-18 12:53:37',NULL),(182,'NDEL-169',169,'Case Studies In Marketing','case-studies-in-marketing',439,25,'00',3,'2011','154','658','BALC',8,3,1,'2025-03-18 12:54:58','2025-03-18 12:54:58',NULL),(183,'NDEL-170',170,'Principle Of Marketing','principle-of-marketing',683,25,'15th',3,'2016','732','658.8','KOTP',8,3,1,'2025-03-18 12:56:38','2025-03-18 12:56:38',NULL),(184,'NDEL-171',171,'Principle Of Marketing','principle-of-marketing',683,25,'15th',3,'2016','732','658.8','KOTP',8,3,1,'2025-03-18 12:57:37','2025-03-18 12:57:37',NULL),(185,'NDEL-172',172,'Marketing &selling Professional Services','marketing-selling-professional-services',831,25,'00',18,'2010','254','720.68','SAWM',8,3,1,'2025-03-18 12:59:25','2025-03-18 12:59:25',NULL),(186,'NDEL-173',173,'Marketing Management','marketing-management',900,25,'00',9,'2010','245','658.8','VENM',8,3,1,'2025-03-18 13:03:33','2025-03-18 13:03:33',NULL),(187,'NDEL-174',174,'Marketing','marketing',901,25,'00',20,'2015','422','658.8','VERM',8,3,1,'2025-03-18 13:04:44','2025-03-18 13:04:44',NULL),(188,'NDEL-175',175,'Marketing Strategy','marketing-strategy',905,25,'5th',1,'2006','346','658','WALM',8,3,1,'2025-03-18 13:06:16','2025-03-18 13:06:16',NULL),(189,'NDEL-176',176,'Adversting, Promotion And Marketing Communication','adversting-promotion-and-marketing-communication',511,25,'6th',3,'2014','455','659.1','CLOM',8,3,1,'2025-03-18 13:09:34','2025-03-18 13:09:34',NULL),(190,'NDEL-177',177,'Consumer Behavior','consumer-behavior',837,30,'11th',3,'2016','508','658.8342','SCHC',31,3,1,'2025-03-18 13:13:05','2025-03-18 13:13:05',NULL),(191,'NDEL-178',178,'Marketing','marketing',437,25,'00',20,'2013','697','658.8','BAIM',8,3,1,'2025-03-18 13:15:28','2025-03-18 13:15:28',NULL),(192,'NDEL-179',179,'A Framework For Marketing Management','a-framework-for-marketing-management',683,25,'5th',3,'2014','288','658.8','KOTM',8,3,1,'2025-03-18 13:17:45','2025-03-18 13:17:45',NULL),(193,'NDEL-180',180,'Marketing Management','marketing-management',688,25,'2nd',2,'2011','942','658.8','KUMM',8,3,1,'2025-03-18 13:19:55','2025-03-18 13:19:55',NULL),(194,'NDEL-181',181,'Marketing Management','marketing-management',688,25,'2nd',2,'2011','942','658.8','KUMM',8,3,1,'2025-03-18 13:20:19','2025-03-18 13:20:19',NULL),(195,'NDEL-182',182,'Marketing Research An Applied Orientation','marketing-research-an-applied-orientation',709,25,'7th',3,'2016','968','658.83','MALM',8,3,1,'2025-03-18 13:22:04','2025-03-18 13:22:04',NULL),(197,'NDEL-183',183,'Principle Of Macroeconomics','principle-of-macroeconomics',713,12,'6th',5,'2012','551','339','MANE',26,3,1,'2025-03-18 14:30:36','2025-03-18 14:30:36',NULL),(198,'NDEL-184',184,'Principle Of Macroeconomics','principle-of-macroeconomics',713,12,'6th',5,'2012','551','339','MANE',26,3,1,'2025-03-18 14:32:06','2025-03-18 14:32:06',NULL),(199,'NDEL-185',185,'Principle Of Macroeconomics','principle-of-macroeconomics',713,12,'6th',5,'2012','551','339','MANE',26,3,1,'2025-03-18 14:32:23','2025-03-18 14:32:23',NULL),(200,'NDEL-186',186,'Principle Of Macroeconomics','principle-of-macroeconomics',713,12,'6th',5,'2012','551','339','MANE',26,3,1,'2025-03-18 14:32:51','2025-03-18 14:32:51',NULL),(201,'NDEL-187',187,'Principle Of Macroeconomics','principle-of-macroeconomics',713,12,'6th',5,'2012','856','330','MANE',26,3,1,'2025-03-18 14:33:40','2025-03-18 14:33:40',NULL),(202,'NDEL-188',188,'Principle Of Macroeconomics','principle-of-macroeconomics',713,12,'6th',5,'2012','856','330','MANE',26,3,1,'2025-03-18 14:34:00','2025-03-18 14:34:00',NULL),(203,'NDEL-189',189,' Principles Of Economics','principles-of-economics',415,12,'9th',5,'2013','853','330','MELE',26,3,1,'2025-03-18 14:36:36','2025-03-18 14:36:36',NULL),(204,'NDEL-190',190,' Principles Of Economics','principles-of-economics',415,12,'9th',5,'2013','853','330','MELE',26,3,1,'2025-03-18 14:37:14','2025-03-18 14:37:14',NULL),(205,'NDEL-191',191,'Principle Of Microeconomics','principle-of-microeconomics',713,12,'9th',5,'2012','503','338.5','MANE',26,3,1,'2025-03-18 14:39:46','2025-03-18 14:39:46',NULL),(206,'NDEL-192',192,'Principle Of Microeconomics','principle-of-microeconomics',713,12,'9th',5,'2012','503','338.5','MANE',26,3,1,'2025-03-18 14:41:44','2025-03-18 14:41:44',NULL),(207,'NDEL-193',193,'Principle Of Microeconomics','principle-of-microeconomics',713,12,'9th',5,'2012','503','338.5','MANE',26,3,1,'2025-03-18 14:41:50','2025-03-18 14:41:50',NULL),(208,'NDEL-194',194,'Principle Of Microeconomics','principle-of-microeconomics',713,12,'9th',5,'2012','503','338.5','MANE',26,3,1,'2025-03-18 14:41:56','2025-03-18 14:41:56',NULL),(209,'NDEL-195',195,'Economics','economics',493,12,'19th',1,'2014','916','330','CHAE',26,3,1,'2025-03-18 14:45:03','2025-03-18 14:45:03',NULL),(210,'NDEL-196',196,'Economics','economics',493,12,'19th',1,'2014','916','330','CHAE',26,3,1,'2025-03-18 14:45:22','2025-03-18 14:45:22',NULL),(211,'NDEL-197',197,' Economics For Business','economics-for-business',866,12,'3rd',3,'2004','726','330','SLOE',25,3,1,'2025-03-18 14:49:16','2025-03-18 14:49:16',NULL),(212,'NDEL-198',198,'Managerial Economics','managerial-economics',824,12,'6th',7,'2010','745','338.50246','SAME',25,3,1,'2025-03-18 14:50:57','2025-03-18 14:50:57',NULL),(213,'NDEL-199',199,'Economics','economics',493,12,'19th',1,'2014','916','330','CHAE',26,3,1,'2025-03-18 14:54:46','2025-03-18 14:54:46',NULL),(214,'NDEL-200',200,'Managerial Economics For Decision Making','managerial-economics-for-decision-making',418,12,'00',1,'2003','343','338.5024','ADAE',25,3,1,'2025-03-18 15:07:01','2025-03-18 15:07:01',NULL),(215,'NDEL-201',201,'Principles Of Economics','principles-of-economics',413,12,'00',3,'2014','699','330','CASE',25,3,1,'2025-03-18 15:08:29','2025-03-18 15:08:29',NULL),(216,'NDEL-202',202,'Mangerial Economics','mangerial-economics',823,12,'7th',20,'2015','707','338.5024','SALE',25,3,1,'2025-03-18 15:11:09','2025-03-18 15:11:09',NULL),(217,'NDEL-203',203,'Macroeconomics','macroeconomics',608,12,'4th',1,'2015','569','339','GUPE',25,3,1,'2025-03-18 15:12:38','2025-03-18 15:12:38',NULL),(218,'NDEL-204',204,'Construction Economics','construction-economics',736,12,'4th',6,'2017','346','338','MYEE',25,3,1,'2025-03-18 15:17:51','2025-03-18 15:17:51',NULL),(219,'NDEL-205',205,'Construction Economics','construction-economics',736,12,'4th',6,'2017','346','338','MYEE',25,3,1,'2025-03-18 15:18:27','2025-03-18 15:18:27',NULL),(220,'NDEL-206',206,'Economics','economics',493,12,'19th',1,'2013','916','330','CHOE',26,3,1,'2025-03-18 15:20:28','2025-03-18 15:20:28',NULL),(221,'NDEL-207',207,'Macroeconomics','macroeconomics',608,12,'3rd',58,'2013','532','339','GUPE',25,3,1,'2025-03-18 15:36:41','2025-03-18 15:36:41',NULL),(222,'NDEL-208',208,'Modern Urban And Regional Economics','modern-urban-and-regional-economics',717,12,'2nd',20,'2013','408','330.91732','MCCE',25,3,1,'2025-03-18 15:38:57','2025-03-18 15:38:57',NULL),(223,'NDEL-209',209,'Indian Economy','indian-economy',530,12,'68th',59,'2008','1036','338.9','DATE',25,3,1,'2025-03-18 15:43:07','2025-03-18 15:43:07',NULL),(224,'NDEL-210',210,'Macroeconomics','macroeconomics',608,12,'4th',58,'2015','569','339','GUPE',25,3,1,'2025-03-18 15:45:29','2025-03-18 15:45:29',NULL),(225,'NDEL-211',211,'Macroeconomics','macroeconomics',608,12,'4th',58,'2015','569','339','GUPE',25,3,1,'2025-03-18 15:45:53','2025-03-18 15:45:53',NULL),(226,'NDEL-212',212,'Indian Economy','indian-economy',530,12,'71st',59,'2008','1066','330.954','DTTE',25,3,1,'2025-03-18 15:49:11','2025-03-18 15:49:11',NULL),(227,'NDEL-213',213,'Contemporary Engineering Economics','contemporary-engineering-economics',760,12,'5th',3,'2015','858','658.15','PARE',25,3,1,'2025-03-18 15:59:36','2025-03-18 16:00:08',NULL),(228,'NDEL-214',214,'Contemporary Engineering Economics','contemporary-engineering-economics',760,12,'5th',3,'2015','858','658.15','PARE',25,3,1,'2025-03-18 16:00:31','2025-03-18 16:00:31',NULL),(229,'NDEL-215',215,'Engineering Economics ','engineering-economics',806,12,'4th',58,'2017','661','658.15','RIGE',25,3,1,'2025-03-18 16:03:24','2025-03-18 16:03:24',NULL),(230,'NDEL-216',216,'Macroeconomics','macroeconomics',592,12,'12th',3,'2015','629','339','GORE',25,3,1,'2025-03-18 16:04:59','2025-03-18 16:04:59',NULL),(231,'NDEL-217',217,'Macroeconomics','macroeconomics',549,12,'11th',58,'2015','636','339','DORE',25,3,1,'2025-03-18 16:15:23','2025-03-18 16:17:49',NULL),(232,'NDEL-218',218,'Economics','economics',718,12,'19th',58,'2013','835','330','MCCE',25,3,1,'2025-03-18 16:17:09','2025-03-18 16:18:00',NULL),(233,'NDEL-219',219,'Mangerial Economics','mangerial-economics',823,12,'7th',20,'2015','707','338.50246','SALE',25,3,1,'2025-03-18 16:20:16','2025-03-18 16:20:16',NULL),(234,'NDEL-220',220,'Indian Economy','indian-economy',531,12,'71th',59,'2008','1066','330.954','DATE',25,3,1,'2025-03-18 16:22:22','2025-03-18 16:22:22',NULL),(235,'NDEL-221',221,'Microeconomics Theory','microeconomics-theory',513,12,'00',20,'2006','981','338.5','COLE',25,3,1,'2025-03-18 16:26:15','2025-03-18 16:26:15',NULL),(236,'NDEL-222',222,'Engineering Economics ','engineering-economics',806,12,'4th',58,'2004','661','658.15','RIGE',25,3,1,'2025-03-18 16:29:58','2025-03-18 16:29:58',NULL),(237,'NDEL-223',223,'Indian Economy','indian-economy',530,12,'68th',59,'2008','1036','338.9','DA',25,3,1,'2025-03-18 16:33:44','2025-03-18 16:33:44',NULL),(238,'NDEL-224',224,'Microeconomics','microeconomics',772,12,'7th',3,'2009','674','338.5','PINE',25,3,1,'2025-03-18 16:35:28','2025-03-18 16:35:28',NULL),(239,'NDEL-225',225,'Making Project Work','making-project-work',467,32,'7th',17,'2017','240','658','BOUP',10,3,1,'2025-03-18 16:50:57','2025-03-18 16:50:57',NULL),(240,'NDEL-226',226,'Dissertation Research And Writng For Built Environment','dissertation-research-and-writng-for-built-environment',739,30,'4th',6,'2019','294','0','NAOD',10,3,1,'2025-03-18 16:52:43','2025-03-18 16:52:43',NULL),(241,'NDEL-227',227,'Construction Economics','construction-economics',736,12,'3rd',6,'2013','335','338.4762','MYEE',25,3,1,'2025-03-18 16:55:19','2025-03-18 16:55:19',NULL),(242,'NDEL-228',228,'Preventing Workplace Incident Construction ','preventing-workplace-incident-construction',660,30,'00',6,'2013','168','00','KAMC',31,3,1,'2025-03-19 09:59:23','2025-03-19 09:59:23',NULL),(243,'NDEL-229',229,'Introduction To Project Finance','introduction-to-project-finance',574,16,'00',60,'2006','205','332.673','FIGF',2,3,1,'2025-03-19 10:01:52','2025-03-19 10:02:10',NULL),(244,'NDEL-230',230,'Discovering Statistics Using Ibm Spass Statistics','discovering-statistics-using-ibm-spass-statistics',573,39,'4th',9,'2013','915','300.28555','FIED',27,3,1,'2025-03-19 10:04:41','2025-03-19 10:05:03',NULL),(245,'NDEL-231',231,'Earned Value Management ','earned-value-management',536,32,'00',5,'2008','228','658.404','DAYE',10,3,1,'2025-03-19 10:10:09','2025-03-19 10:10:09',NULL),(246,'NDEL-232',232,'E - Commerce And The Effect Of Technology On Taxation','e-commerce-and-the-effect-of-technology-on-taxation',442,30,'22nd',61,'2015','370','658.404','BARC',31,3,1,'2025-03-19 10:16:04','2025-03-19 12:16:04',NULL),(247,'NDEL-233',233,'Project Marketing','project-marketing',414,25,'00',10,'2002','223','658.404','COVP',8,3,1,'2025-03-19 10:26:34','2025-03-19 10:26:34',NULL),(248,'NDEL-234',234,'Project Marketing','project-marketing',414,25,'00',10,'2002','223','658.404','COVP',8,3,1,'2025-03-19 10:36:33','2025-03-19 10:36:33',NULL),(249,'NDEL-235',235,'Designing Research Question ','designing-research-question',568,30,'00',9,'2015','163','650.0723','EKID',31,3,1,'2025-03-19 10:38:30','2025-03-19 10:38:30',NULL),(250,'NDEL-236',236,'The Guide To Understanding Intemnity Clouses','the-guide-to-understanding-intemnity-clouses',419,10,'00',62,'2008','88','346.94022','ADOC',13,3,1,'2025-03-19 10:41:31','2025-03-19 10:41:31',NULL),(251,'NDEL-237',237,'Statistics','statistics',663,39,'10th',5,'2014','909','658.4033','KELS',27,3,1,'2025-03-19 10:44:53','2025-03-19 10:44:53',NULL),(252,'NDEL-238',238,'Statistics','statistics',663,39,'10th',5,'2014','909','658.4033','KELS',27,3,1,'2025-03-19 10:45:14','2025-03-19 10:45:14',NULL),(253,'NDEL-239',239,'Statistics For Management','statistics-for-management',698,39,'7th',3,'2013','999','519.','LEVS',27,3,1,'2025-03-19 10:53:04','2025-03-19 10:53:04',NULL),(254,'NDEL-240',240,'Statistics For Management','statistics-for-management',698,39,'7th',3,'2013','999','519.','LEVS',27,3,1,'2025-03-19 10:53:24','2025-03-19 10:53:24',NULL),(255,'NDEL-241',241,'Statistics For Management','statistics-for-management',698,39,'7th',3,'2013','999','519.','LEVS',27,3,1,'2025-03-19 10:53:31','2025-03-19 10:53:31',NULL),(256,'NDEL-242',242,'Statistics For Management','statistics-for-management',698,39,'7th',3,'2013','999','519.','LEVS',27,3,1,'2025-03-19 10:53:37','2025-03-19 10:53:37',NULL),(257,'NDEL-243',243,'Managerial Statistics','managerial-statistics',663,39,'9th',5,'2012','919','519.5','KELS',27,3,1,'2025-03-19 10:56:10','2025-03-19 10:56:10',NULL),(258,'NDEL-244',244,'Managerial Statistics','managerial-statistics',663,39,'9th',5,'2012','919','519.5','KELS',27,3,1,'2025-03-19 10:56:34','2025-03-19 10:56:34',NULL),(259,'NDEL-245',245,'Statistics For Business And Economics ','statistics-for-business-and-economics',425,39,'11th',5,'2011','1018','519.5','ANDS',27,3,1,'2025-03-19 11:00:33','2025-03-19 11:00:33',NULL),(260,'NDEL-246',246,'Statistics For Business And Economics ','statistics-for-business-and-economics',425,39,'11th',5,'2011','1018','519.5','ANDS',27,3,1,'2025-03-19 11:00:52','2025-03-19 11:00:52',NULL),(261,'NDEL-247',247,'Business Statistics','business-statistics',699,39,'5th',3,'2011','665','519.5','LEVS',27,3,1,'2025-03-19 11:03:26','2025-03-19 11:03:26',NULL),(262,'NDEL-248',248,'Business Statistics','business-statistics',699,39,'5th',3,'2011','665','519.5','LEVS',27,3,1,'2025-03-19 11:03:50','2025-03-19 11:03:50',NULL),(263,'NDEL-249',249,'Business Statistics','business-statistics',699,39,'5th',3,'2011','665','519.5','LEVS',27,3,1,'2025-03-19 11:03:59','2025-03-19 11:03:59',NULL),(264,'NDEL-250',250,'Statistics For Business And Economics ','statistics-for-business-and-economics',425,39,'12th',5,'2014','1088','519.5','ANDS',27,3,1,'2025-03-19 11:11:34','2025-03-19 11:11:34',NULL),(265,'NDEL-251',251,'Basic Statistics For Business & Economics','basic-statistics-for-business-economics',702,39,'7th',58,'2016','503','519.5','LINS',27,3,1,'2025-03-19 11:13:36','2025-03-19 11:13:36',NULL),(266,'NDEL-252',252,'Basic Statistics For Business & Economics','basic-statistics-for-business-economics',702,39,'7th',58,'2016','503','519.5','LINS',27,3,1,'2025-03-19 11:13:52','2025-03-19 11:13:52',NULL),(267,'NDEL-253',253,'Business Statistics In Practice','business-statistics-in-practice',469,39,'7th',58,'2014','823','519.5','BOWS',28,3,1,'2025-03-19 11:15:52','2025-03-19 11:15:52',NULL),(268,'NDEL-254',254,'Business Statistics In Practice','business-statistics-in-practice',469,39,'7th',58,'2014','823','519.5','BOWS',28,3,1,'2025-03-19 11:16:10','2025-03-19 11:16:10',NULL),(269,'NDEL-255',255,'Business Statistics In Practice','business-statistics-in-practice',469,39,'7th',58,'2014','823','519.5','BOWS',28,3,1,'2025-03-19 11:16:16','2025-03-19 11:16:16',NULL),(270,'NDEL-256',256,'Statistics For Management','statistics-for-management',698,39,'7th',3,'2014','1026','519.5','LEVS',28,3,1,'2025-03-19 11:19:16','2025-03-19 11:19:16',NULL),(271,'NDEL-257',257,'Statistics Methods For Practice And Research','statistics-methods-for-practice-and-research',584,39,'2nd',9,'2009','169','519.5','GAUS',28,3,1,'2025-03-19 11:21:09','2025-03-19 11:21:09',NULL),(272,'NDEL-258',258,'Statistics Methods For Practice And Research','statistics-methods-for-practice-and-research',584,39,'2nd',9,'2009','169','519.5','GAUS',28,3,1,'2025-03-19 11:21:24','2025-03-19 11:21:24',NULL),(273,'NDEL-259',259,'Business Statistics','business-statistics',903,39,'2nd',58,'2013','935','519.5','VOHS',28,3,1,'2025-03-19 11:22:54','2025-03-19 11:22:54',NULL),(274,'NDEL-260',260,'Business Statistics','business-statistics',903,39,'00',58,'2013','935','519.5','VOHS',28,3,1,'2025-03-19 11:23:18','2025-03-19 11:23:18',NULL),(275,'NDEL-261',261,'Complete Business Statistics','complete-business-statistics',417,39,'7th',58,'2015','960','519','ACZS',28,3,1,'2025-03-19 11:24:42','2025-03-19 11:24:42',NULL),(276,'NDEL-262',262,'Business Statistics','business-statistics',903,39,'7th',58,'2013','935','519.5','VOHS',28,3,1,'2025-03-19 11:26:55','2025-03-19 11:26:55',NULL),(277,'NDEL-263',263,'Business Statistics','business-statistics',903,39,'00',58,'2013','935','519.5','VOHS',28,3,1,'2025-03-19 11:27:16','2025-03-19 11:27:16',NULL),(278,'NDEL-264',264,'Complete Business Statistics','complete-business-statistics',417,39,'7th',58,'2015','960','519.5','ACZC',28,3,1,'2025-03-19 11:28:45','2025-03-19 11:28:45',NULL),(279,'NDEL-265',265,'Complete Business Statistics','complete-business-statistics',417,39,'7th',58,'2015','960','519.5','ACZC',28,3,1,'2025-03-19 11:29:03','2025-03-19 11:29:03',NULL),(280,'NDEL-266',266,'Fundamentals Of Mathatical Statistics','fundamentals-of-mathatical-statistics',614,39,'11th',78,'2002','20.28','519.5','GUPF',28,3,1,'2025-03-19 11:37:18','2025-03-19 11:37:18',NULL),(281,'NDEL-267',267,'Fundamentals Of Mathatical Statistics','fundamentals-of-mathatical-statistics',614,39,'11th',78,'2002','20.28','519.5','GUPF',28,3,1,'2025-03-19 11:37:33','2025-03-19 11:37:33',NULL),(282,'NDEL-268',268,'Fundamentals Of Mathatical Statistics','fundamentals-of-mathatical-statistics',614,39,'11th',78,'2002','20.28','519.5','GUPF',28,3,1,'2025-03-19 11:37:39','2025-03-19 11:37:39',NULL),(283,'NDEL-269',269,'Business Statistics','business-statistics',449,39,'3rd',58,'2010','802','519.5024','BERB',28,3,1,'2025-03-19 11:44:26','2025-03-19 11:44:26',NULL),(284,'NDEL-270',270,'Business Statistics','business-statistics',449,39,'3rd',58,'2010','802','519.5024','BERB',28,3,1,'2025-03-19 11:44:47','2025-03-19 11:44:47',NULL),(285,'NDEL-271',271,'Statistical Methods','statistical-methods',613,39,'43rd',78,'2014','1426','519.5','GUPS',28,3,1,'2025-03-19 11:46:56','2025-03-19 11:46:56',NULL),(286,'NDEL-272',272,'Statistical Methods','statistical-methods',613,39,'43rd',78,'2014','1426','519.5','GUPS',28,3,1,'2025-03-19 11:47:12','2025-03-19 11:47:12',NULL),(287,'NDEL-273',273,'Statistical Methods','statistical-methods',613,39,'43rd',78,'2014','1426','519.5','GUPS',28,3,1,'2025-03-19 11:47:23','2025-03-19 11:47:23',NULL),(288,'NDEL-274',274,'An Introduction Management Science','an-introduction-management-science',425,24,'13th',5,'2011','816','668.403','ANDM',33,3,1,'2025-03-19 11:50:12','2025-03-19 11:50:12',NULL),(289,'NDEL-275',275,'Applied Business Statistics','applied-business-statistics',458,39,'13th',7,'2013','850','519.5024','BLAS',27,3,1,'2025-03-19 11:52:28','2025-03-19 11:52:28',NULL),(290,'NDEL-276',276,'Conducting Focus','conducting-focus',458,30,'13th',9,'2018','90','00','OATC',27,3,1,'2025-03-19 11:57:35','2025-03-19 11:57:35',NULL),(291,'NDEL-277',277,'Conducting Research Interview','conducting-research-interview',483,30,'13th',9,'2015','96','650.0723','CASC',31,3,1,'2025-03-19 12:15:08','2025-03-19 12:15:08',NULL),(292,'NDEL-278',278,'Using Conversation Analysis','using-conversation-analysis',596,30,'00',9,'2018','106','302.346','GREC',31,3,1,'2025-03-19 12:20:06','2025-03-19 12:20:06',NULL),(293,'NDEL-279',279,'Operation Management ','operation-management',874,27,'9th',58,'2009','906','658.5','STEO',18,3,1,'2025-03-19 12:24:54','2025-03-19 12:24:54',NULL),(294,'NDEL-280',280,'Operation Management ','operation-management',874,27,'9th',58,'2009','906','658.5','STEO',18,3,1,'2025-03-19 12:25:15','2025-03-19 12:25:15',NULL),(295,'NDEL-281',281,'Operation Management ','operation-management',707,27,'3rd',3,'2015','610','658.5','MAHO',18,3,1,'2025-03-19 12:26:47','2025-03-19 12:26:47',NULL),(296,'NDEL-282',282,'Operation Management ','operation-management',707,27,'3rd',3,'2015','610','658.5','MAHO',18,3,1,'2025-03-19 12:27:02','2025-03-19 12:27:02',NULL),(297,'NDEL-283',283,'Operation Management ','operation-management',707,27,'3rd',3,'2015','610','658.5','MAHO',18,3,1,'2025-03-19 12:27:24','2025-03-19 12:27:24',NULL),(298,'NDEL-284',284,'Logistical Management','logistical-management',470,23,'00',58,'2013','730','658.7','BOWL',20,3,1,'2025-03-19 12:30:02','2025-03-19 12:30:35',NULL),(299,'NDEL-285',285,'Logistical Management','logistical-management',470,23,'00',58,'2013','730','658.7','BOWL',20,3,1,'2025-03-19 12:30:22','2025-03-19 12:30:22',NULL),(300,'NDEL-286',286,'Managing Supply Chains','managing-supply-chains',518,42,'9th',5,'2013','693','658.1','COYM',20,3,1,'2025-03-19 12:33:05','2025-03-19 12:33:05',NULL),(301,'NDEL-287',287,'Managing Supply Chains','managing-supply-chains',518,42,'9th',5,'2013','693','658.1','COYM',20,3,1,'2025-03-19 12:33:23','2025-03-19 12:33:23',NULL),(302,'NDEL-288',288,'Matching Supply With Demand','matching-supply-with-demand',481,42,'3rd',58,'2018','507','658.5','CACM',20,3,1,'2025-03-19 12:39:12','2025-03-19 12:39:12',NULL),(303,'NDEL-289',289,'Matching Supply With Demand','matching-supply-with-demand',481,42,'3rd',58,'2018','507','658.5','CACM',20,3,1,'2025-03-19 12:40:03','2025-03-19 12:40:03',NULL),(304,'NDEL-290',290,'Supply Chain Logistics Management ','supply-chain-logistics-management',470,42,'2nd',58,'2014','411','658.7','BOWM',20,3,1,'2025-03-19 12:41:49','2025-03-19 12:41:49',NULL),(305,'NDEL-291',291,'Logistics Principle And Application ','logistics-principle-and-application',692,23,'2nd',58,'2007','578','658.7','LANL',20,3,1,'2025-03-19 12:43:35','2025-03-19 12:43:35',NULL),(306,'NDEL-292',292,'Logistics Principle And Application ','logistics-principle-and-application',692,23,'2nd',58,'2007','578','658.7','LANL',20,3,1,'2025-03-19 12:44:54','2025-03-19 12:44:54',NULL),(307,'NDEL-293',293,'Logistics Engineering And Management','logistics-engineering-and-management',459,23,'2nd',16,'2004','546','658.7','BLAL',20,3,1,'2025-03-19 12:46:47','2025-03-19 12:46:47',NULL),(308,'NDEL-294',294,'Logistics Engineering And Management','logistics-engineering-and-management',459,23,'2nd',16,'2004','546','658.7','BLAL',20,3,1,'2025-03-19 12:47:01','2025-03-19 12:47:01',NULL),(309,'NDEL-295',295,'Production And Operation Management','production-and-operation-management',447,27,'3rd',20,'2013','680','658.5','BEDO',18,3,1,'2025-03-19 12:49:10','2025-03-19 12:49:10',NULL),(310,'NDEL-296',296,'Production And Operation Management','production-and-operation-management',447,27,'3rd',20,'2013','680','658.5','BEDO',18,3,1,'2025-03-19 12:49:26','2025-03-19 12:49:26',NULL),(311,'NDEL-297',297,'Modern Production /operation Management','modern-production-operation-management',479,27,'8th',7,'2014','834','658.5','BUFO',18,3,1,'2025-03-19 12:51:53','2025-03-19 12:51:53',NULL),(312,'NDEL-298',298,'Modern Production /operation Management','modern-production-operation-management',479,27,'8th',7,'2014','834','658.5','BUFO',18,3,1,'2025-03-19 12:53:08','2025-03-19 12:53:08',NULL),(313,'NDEL-299',299,'Operation Management ','operation-management',684,27,'9th',3,'2015','647','658.5','KRAO',18,3,1,'2025-03-19 12:54:31','2025-03-19 12:54:31',NULL),(314,'NDEL-300',300,'Operation Management ','operation-management',684,27,'9th',3,'2015','647','658.5','KRAO',18,3,1,'2025-03-19 12:54:50','2025-03-19 12:54:50',NULL),(315,'NDEL-301',301,'Operation And Supply Chain Management','operation-and-supply-chain-management',491,42,'14th',58,'2014','934','658.5','CHAO',20,3,1,'2025-03-19 13:14:57','2025-03-19 13:15:19',NULL),(316,'NDEL-302',302,'Agile Practice Guide','agile-practice-guide',420,32,'00',101,'2017','167','658','AGI',10,3,1,'2025-03-19 14:55:34','2025-03-19 14:55:34',NULL),(317,'NDEL-303',303,'Logistics Engineering And Management','logistics-engineering-and-management',459,23,'6th',3,'2015','546','658.7','BLAL',20,3,1,'2025-03-19 14:57:40','2025-03-19 14:57:40',NULL),(318,'NDEL-304',304,'Operation Research','operation-research',741,23,'2nd',3,'2014','728','658.4034','NATO',19,3,1,'2025-03-19 15:00:55','2025-03-19 15:00:55',NULL),(319,'NDEL-305',305,'Supply Chain Management','supply-chain-management',504,42,'5th',3,'2015','557','658.7','CHOS',20,3,1,'2025-03-19 15:03:11','2025-03-19 15:03:53',NULL),(320,'NDEL-306',306,'Supply Chain Management','supply-chain-management',504,42,'5th',3,'2015','557','658.7','CHOS',20,3,1,'2025-03-19 15:03:41','2025-03-19 15:03:41',NULL),(321,'NDEL-307',307,' Business Research Methods','business-research-methods',917,5,'8th',5,'2016','746','658.48','ZIKB',17,3,1,'2025-03-19 15:42:15','2025-03-19 15:42:15',NULL),(322,'NDEL-308',308,' Business Research Methods','business-research-methods',917,5,'8th',5,'2016','746','658.48','ZIKB',17,3,1,'2025-03-19 15:42:45','2025-03-19 15:42:45',NULL),(323,'NDEL-309',309,'Business Research Methodology','business-research-methodology',818,5,'00',8,'2013','481','658','SACB',17,3,1,'2025-03-19 15:44:12','2025-03-19 15:44:12',NULL),(324,'NDEL-310',310,'Business Research Methodology','business-research-methodology',818,5,'00',8,'2013','481','658','SACB',17,3,1,'2025-03-19 15:44:32','2025-03-19 15:44:32',NULL),(325,'NDEL-311',311,'Business Research Methodology','business-research-methodology',818,5,'00',8,'2013','481','658','SACB',17,3,1,'2025-03-19 15:44:38','2025-03-19 15:44:38',NULL),(326,'NDEL-312',312,'Business Research Methodology','business-research-methodology',818,5,'00',8,'2013','481','658','SACB',17,3,1,'2025-03-19 15:44:43','2025-03-19 15:44:43',NULL),(327,'NDEL-313',313,'Research Methods For Business Students','research-methods-for-business-students',830,5,'5th',3,'2014','614','658.0072','SAU R',17,3,1,'2025-03-19 15:46:34','2025-03-19 15:46:34',NULL),(328,'NDEL-314',314,'Research Methods For Business Students','research-methods-for-business-students',830,5,'5th',3,'2014','614','658.0072','SAU R',17,3,1,'2025-03-19 15:47:37','2025-03-19 15:47:37',NULL),(329,'NDEL-315',315,'Research Methods For Business Students','research-methods-for-business-students',830,5,'5th',3,'2014','614','658.0072','SAU R',17,3,1,'2025-03-19 15:47:43','2025-03-19 15:47:43',NULL),(330,'NDEL-316',316,'Research Methodology Methods And Technique','research-methodology-methods-and-technique',682,5,'3rd',63,'2014','449','658','KOTR',17,3,1,'2025-03-19 15:49:51','2025-03-19 15:49:51',NULL),(331,'NDEL-317',317,'Research Methodology Methods And Technique','research-methodology-methods-and-technique',682,5,'3rd',63,'2014','449','658','KOTR',17,3,1,'2025-03-19 15:50:10','2025-03-19 15:50:10',NULL),(332,'NDEL-318',318,'Business Research Methods ','business-research-methods',477,5,'4th',20,'2011','534','658.007','BRYB',17,3,1,'2025-03-19 15:52:40','2025-03-19 15:53:33',NULL),(333,'NDEL-319',319,'Business Research Methods ','business-research-methods',477,5,'4th',20,'2011','534','658.007','BRYB',17,3,1,'2025-03-19 15:53:09','2025-03-19 15:53:09',NULL),(334,'NDEL-320',320,'Business Research Methods ','business-research-methods',477,5,'4th',20,'2011','534','658.007','BRYB',17,3,1,'2025-03-19 15:53:41','2025-03-19 15:53:41',NULL),(335,'NDEL-321',321,'Business Research Methods ','business-research-methods',477,5,'4th',20,'2011','534','658.007','BRYB',17,3,1,'2025-03-19 15:54:00','2025-03-19 15:54:00',NULL),(336,'NDEL-322',322,'Business Research Methods ','business-research-methods',917,5,'8th',5,'2013','750','658.48','ZIKB',17,3,1,'2025-03-19 15:56:53','2025-03-19 15:56:53',NULL),(337,'NDEL-323',323,'Business Research Methods ','business-research-methods',917,5,'8th',5,'2013','750','658.48','ZIKB',17,3,1,'2025-03-19 15:57:11','2025-03-19 15:57:11',NULL),(338,'NDEL-324',324,'Business Research Methods ','business-research-methods',515,5,'11th',58,'2012','950','658.0072','COOB',17,3,1,'2025-03-19 15:59:23','2025-03-19 15:59:23',NULL),(339,'NDEL-325',325,'Research Methodology','research-methodology',682,5,'3rd',63,'2014','449','300','KOTR',17,3,1,'2025-03-20 10:02:23','2025-03-20 10:02:23',NULL),(340,'NDEL-326',326,'Paper On Management In Construction Industry','paper-on-management-in-construction-industry',894,8,'3rd',15,'2025','243','690','VAIC',22,3,1,'2025-03-20 10:12:06','2025-03-20 10:12:06',NULL),(341,'NDEL-327',327,'Construction Management ','construction-management',719,8,'3rd',18,'2013','300','692.8','MCGC',22,3,1,'2025-03-20 10:33:03','2025-03-20 10:33:03',NULL),(342,'NDEL-328',328,'Construction Practice','construction-practice',514,8,'00',18,'2011','392','690','COOC',22,3,1,'2025-03-20 10:34:42','2025-03-20 10:34:42',NULL),(343,'NDEL-329',329,'Construction Management & Accounts','construction-management-accounts',756,8,'00',64,'2011','228','692.8','PANC',22,3,1,'2025-03-20 10:36:12','2025-03-20 10:37:37',NULL),(344,'NDEL-330',330,'Construction Management & Accounts','construction-management-accounts',756,8,'00',64,'2011','228','692.8','PANC',22,3,1,'2025-03-20 10:38:04','2025-03-20 10:38:04',NULL),(345,'NDEL-331',331,'Construction Project Management ','construction-project-management',650,32,'2nd',3,'2016','878','658.404','JHA C',10,3,1,'2025-03-20 10:40:02','2025-03-20 10:41:56',NULL),(346,'NDEL-332',332,'Construction Project Management ','construction-project-management',650,32,'2nd',3,'2016','878','658.404','JHA C',10,3,1,'2025-03-20 10:42:51','2025-03-20 10:42:51',NULL),(347,'NDEL-333',333,' Construction Technology For Tall Building','construction-technology-for-tall-building',724,32,'4th',65,'2012','411','690','MICC',22,3,1,'2025-03-20 10:48:35','2025-03-20 10:48:35',NULL),(348,'NDEL-334',334,'Construction Business Opportunities','construction-business-opportunities',746,5,'4th',15,'2001','176','711.4','NICC',17,3,1,'2025-03-20 10:53:26','2025-03-20 10:53:26',NULL),(349,'NDEL-335',335,'Construction Business Opportunites','construction-business-opportunites',746,5,'4th',15,'2001','176','711.4','NICC',17,3,1,'2025-03-20 10:53:40','2025-03-20 10:53:40',NULL),(350,'NDEL-336',336,'Modern Construction Mangement','modern-construction-mangement',621,8,'7th',18,'2013','558','692.8','HARC',23,3,1,'2025-03-20 10:55:31','2025-03-20 10:55:31',NULL),(351,'NDEL-337',337,'Bim And Construction Management','bim-and-construction-management',620,8,'2nd',18,'2015','375','690','HARC',23,3,1,'2025-03-20 10:56:51','2025-03-20 10:56:51',NULL),(352,'NDEL-338',338,'Construction Management And Planning','construction-management-and-planning',841,8,'2nd',58,'2013','495','624','SENC',23,3,1,'2025-03-20 10:58:50','2025-03-20 10:58:50',NULL),(353,'NDEL-339',339,'Residential Construction Management','residential-construction-management',600,8,'2nd',66,'2010','272','690.8068','GRIC',23,3,1,'2025-03-20 11:01:03','2025-03-20 11:01:03',NULL),(354,'NDEL-340',340,'Practical Building Construction And Its Management','practical-building-construction-and-its-management',715,8,'00',67,'2016','654','690.068','MANC',22,3,1,'2025-03-20 11:04:05','2025-03-20 11:04:05',NULL),(355,'NDEL-341',341,'Introduction To Estimating For Construction ','introduction-to-estimating-for-construction',598,8,'00',67,'2013','192','692.5','GREC',22,3,1,'2025-03-20 11:12:24','2025-03-20 11:12:24',NULL),(356,'NDEL-342',342,'Paper On Management In Construction Industry','paper-on-management-in-construction-industry',894,8,'00',15,'2013','192','690','VAIC',23,3,1,'2025-03-20 11:15:51','2025-03-20 11:15:51',NULL),(357,'NDEL-343',343,'Construction Industry On Sri Lanka','construction-industry-on-sri-lanka',894,8,'00',15,'2003','129','690','VAIC',23,3,1,'2025-03-20 11:16:35','2025-03-20 11:16:35',NULL),(358,'NDEL-344',344,'Construction Industry On Sri Lanka','construction-industry-on-sri-lanka',894,8,'00',15,'2003','129','690','VAIC',23,3,1,'2025-03-20 11:16:50','2025-03-20 11:16:50',NULL),(359,'NDEL-345',345,'Cases On Construction Project Export','cases-on-construction-project-export',894,32,'00',15,'2001','155','658.8','VAIC',10,3,1,'2025-03-20 11:18:25','2025-03-20 11:18:25',NULL),(360,'NDEL-346',346,'Managing Complex Construction Projects','managing-complex-construction-projects',474,32,'00',17,'2018','225','658','BRIM',10,3,1,'2025-03-20 11:49:15','2025-03-20 11:49:15',NULL),(361,'NDEL-347',347,'Handbook Of Construction Mangement','handbook-of-construction-mangement',657,8,'00',69,'2014','484','624.068','JOYC',10,3,1,'2025-03-20 12:26:38','2025-03-20 12:27:12',NULL),(362,'NDEL-348',348,'Handbook Of Construction Mangement','handbook-of-construction-mangement',657,8,'00',69,'2014','484','624.068','JOYC',10,3,1,'2025-03-20 12:27:17','2025-03-20 12:27:17',NULL),(363,'NDEL-349',349,'Heavy Construction ','heavy-construction',859,8,'3rd',68,'2009','586','690.1','SINC',22,3,1,'2025-03-20 12:30:09','2025-03-20 12:30:09',NULL),(364,'NDEL-350',350,'Heavy Construction ','heavy-construction',859,8,'3rd',68,'2009','586','690.1','SINC',22,3,1,'2025-03-20 12:34:07','2025-03-20 12:34:07',NULL),(365,'NDEL-351',351,'Women In Construction ','women-in-construction',894,8,'00',15,'1999','107','624.082','NICC',5,3,1,'2025-03-20 12:37:50','2025-03-20 12:37:50',NULL),(366,'NDEL-352',352,'Women In Construction ','women-in-construction',894,8,'00',15,'1999','107','624.082','NICC',5,3,1,'2025-03-20 12:38:08','2025-03-20 12:38:08',NULL),(367,'NDEL-353',353,'Construction Of Structure And Management Of Works','construction-of-structure-and-management-of-works',798,8,'5th',70,'2012','279','692','NICC',23,3,1,'2025-03-20 12:46:59','2025-03-20 12:49:05',NULL),(368,'NDEL-354',354,'Construction Of Structure And Management Of Works','construction-of-structure-and-management-of-works',798,8,'5th',70,'2012','279','692','NICC',23,3,1,'2025-03-20 12:47:17','2025-03-20 12:48:52',NULL),(369,'NDEL-355',355,'Construction Of Structure And Management Of Works','construction-of-structure-and-management-of-works',798,8,'5th',70,'2012','279','692','NICC',23,3,1,'2025-03-20 12:47:35','2025-03-20 12:48:27',NULL),(370,'NDEL-356',356,'Cost Accounting','cost-accounting',634,1,'14th',3,'2013','1035','657.42','HORC',3,3,1,'2025-03-20 14:32:50','2025-03-20 14:33:07',NULL),(371,'NDEL-357',357,'Project Risk Management','project-risk-management',471,1,'00',44,'2009','133','658.404','BOYP',10,3,1,'2025-03-20 14:38:17','2025-03-20 14:38:17',NULL),(372,'NDEL-358',358,'Cases On Construction Project Exports','cases-on-construction-project-exports',894,1,'00',15,'2001','155','658.8','VAIC',10,3,1,'2025-03-20 14:40:05','2025-03-20 14:40:05',NULL),(373,'NDEL-359',359,'Global Construction Data','global-construction-data',602,8,'00',15,'2015','185','338.47624','GRUG',22,3,1,'2025-03-20 14:44:52','2025-03-20 14:45:36',NULL),(374,'NDEL-360',360,'Prestressed Concrete','prestressed-concrete',791,7,'5th',4,'2012','812','624.183412','RAJC',24,3,1,'2025-03-20 14:53:10','2025-03-20 14:53:10',NULL),(375,'NDEL-361',361,'Prestressed Concrete','prestressed-concrete',791,7,'5th',4,'2012','812','624.183412','RAJC',24,3,1,'2025-03-20 14:53:36','2025-03-20 14:53:36',NULL),(376,'NDEL-362',362,'Prestressesd Concrete','prestressesd-concrete',795,7,'00',72,'2002','266','620.137','RAMC',24,3,1,'2025-03-20 14:55:33','2025-03-20 14:55:33',NULL),(377,'NDEL-363',363,'Prestressesd Concrete','prestressesd-concrete',585,7,'00',16,'2014','183','624.183412','GHOC',24,3,1,'2025-03-20 14:57:19','2025-03-20 14:57:19',NULL),(378,'NDEL-364',364,'Prestressesd Concrete','prestressesd-concrete',585,7,'00',16,'2014','183','624.183412','GHOC',24,3,1,'2025-03-20 14:57:34','2025-03-20 14:57:34',NULL),(379,'NDEL-365',365,'Concrete Technology','concrete-technology',744,7,'00',3,'2016','452','666.893','NEVC',24,3,1,'2025-03-20 14:59:27','2025-03-20 14:59:27',NULL),(380,'NDEL-366',366,'Concrete Technology','concrete-technology',896,7,'00',57,'2009','718','620.136','VAZC',24,3,1,'2025-03-20 15:07:09','2025-03-20 15:07:09',NULL),(381,'NDEL-367',367,'Modern Construction','modern-construction',577,8,'00',17,'2018','490','690.068','FORC',22,3,1,'2025-03-20 15:10:10','2025-03-20 15:10:10',NULL),(382,'NDEL-368',368,'Modern Construction','modern-construction',577,8,'00',17,'2018','490','690.068','FORC',22,3,1,'2025-03-20 15:11:21','2025-03-20 15:11:21',NULL),(383,'NDEL-369',369,'Modern Construction','modern-construction',577,8,'00',17,'2018','490','690.068','FORC',22,3,1,'2025-03-20 15:11:32','2025-03-20 15:11:32',NULL),(384,'NDEL-370',370,'Modern Construction','modern-construction',577,8,'00',17,'2018','490','690.068','FORC',22,3,1,'2025-03-20 15:11:36','2025-03-20 15:11:36',NULL),(385,'NDEL-371',371,'Reinventing Lean Introducing Management In To The Supply','reinventing-lean-introducing-management-in-to-the-supply',775,24,'00',73,'2007','303','658.5','PLEC',33,3,1,'2025-03-20 15:14:46','2025-03-20 15:14:46',NULL),(386,'NDEL-372',372,'Corrosion Of Steel In Concrete','corrosion-of-steel-in-concrete',476,7,'2nd',74,'2007','277','620','BROC',24,3,1,'2025-03-20 15:17:41','2025-03-20 15:17:41',NULL),(387,'NDEL-373',373,'Reinforced Concrete Design','reinforced-concrete-design',792,7,'2nd',63,'2003','611','624.1834','RAJC',24,3,1,'2025-03-20 15:47:15','2025-03-20 15:50:04',NULL),(388,'NDEL-374',374,'Reinforced Concrete Design','reinforced-concrete-design',792,7,'2nd',63,'2003','611','624.1834','RAJC',24,3,1,'2025-03-20 15:48:15','2025-03-20 15:50:15',NULL),(389,'NDEL-375',375,'Design Of Concrete Structure','design-of-concrete-structure',556,7,'2nd',75,'2010','1054','624.1834','RAMC',24,3,1,'2025-03-20 15:53:58','2025-03-20 15:53:58',NULL),(390,'NDEL-376',376,'Concrete','concrete',720,7,'4th',58,'2014','675','620.136','MEHC',24,3,1,'2025-03-20 15:55:52','2025-03-20 15:55:52',NULL),(391,'NDEL-377',377,'Concrete','concrete',720,7,'4th',58,'2014','675','620.136','MEHC',24,3,1,'2025-03-20 15:56:19','2025-03-20 15:56:19',NULL),(392,'NDEL-378',378,'Concrete','concrete',720,7,'4th',58,'2014','675','620.136','MEHC',24,3,1,'2025-03-20 15:56:26','2025-03-20 15:56:26',NULL),(393,'NDEL-379',379,'Concrete','concrete',852,7,'00',59,'1982','660','620.136','SHEC',24,3,1,'2025-03-20 16:03:12','2025-03-20 16:03:12',NULL),(394,'NDEL-380',380,'Concrete','concrete',852,7,'00',59,'1982','660','620.136','SHEC',24,3,1,'2025-03-20 16:03:31','2025-03-20 16:03:31',NULL),(395,'NDEL-381',381,'Concrete','concrete',852,7,'00',59,'1982','660','620.136','SHEC',24,3,1,'2025-03-20 16:03:37','2025-03-20 16:03:37',NULL),(396,'NDEL-382',382,'Concrete','concrete',852,7,'00',59,'1982','660','620.136','SHEC',24,3,1,'2025-03-20 16:03:44','2025-03-20 16:03:44',NULL),(397,'NDEL-383',383,'Concrete','concrete',852,7,'00',59,'1982','660','620.136','SHEC',24,3,1,'2025-03-20 16:03:51','2025-03-20 16:03:51',NULL),(398,'NDEL-384',384,'Fundamental Of Reinforced Concrete','fundamental-of-reinforced-concrete',863,7,'00',59,'2008','1146','624.183','SINC',24,3,1,'2025-03-20 16:06:02','2025-03-20 16:06:02',NULL),(399,'NDEL-385',385,'Sustainable Construction ','sustainable-construction',676,7,'00',10,'2008','543','690.0286','KIBC',23,3,1,'2025-03-20 16:08:29','2025-03-20 16:08:29',NULL),(400,'NDEL-386',386,'Building Materials','building-materials',583,3,'00',4,'2012','633','691','GAMB',23,3,1,'2025-03-20 16:11:15','2025-03-20 16:11:15',NULL),(401,'NDEL-387',387,'Building Materials','building-materials',583,3,'00',4,'2012','633','691','GAMB',23,3,1,'2025-03-20 16:11:30','2025-03-20 16:11:30',NULL),(402,'NDEL-388',388,'Building Construction','building-construction',895,3,'00',16,'2007','448','690','VARB',23,3,1,'2025-03-20 16:13:28','2025-03-20 16:13:28',NULL),(403,'NDEL-389',389,'Green Building Materials','green-building-materials',870,3,'3rd',10,'2012','387','691','SPIB',23,3,1,'2025-03-20 16:15:22','2025-03-20 16:15:22',NULL),(404,'NDEL-390',390,'Building Construction ','building-construction',785,3,'10th',96,'2012','666','690','PUNB',23,3,1,'2025-03-20 16:18:01','2025-03-20 16:18:01',NULL),(405,'NDEL-391',391,'Building Construction Materials','building-construction-materials',583,3,'10th',58,'2014','566','691','GAMB',23,3,1,'2025-03-20 16:21:01','2025-03-20 16:21:01',NULL),(406,'NDEL-392',392,'Building Construction Materials','building-construction-materials',583,3,'10th',58,'2014','566','691','GAMB',23,3,1,'2025-03-20 16:21:19','2025-03-20 16:21:19',NULL),(407,'NDEL-393',393,'Building Construction Materials','building-construction-materials',583,3,'10th',58,'2014','566','691','GAMB',23,3,1,'2025-03-20 16:21:25','2025-03-20 16:21:25',NULL),(408,'NDEL-394',394,'Building Construction Materials','building-construction-materials',820,3,'00',58,'2015','563','691','SAHB',23,3,1,'2025-03-20 16:23:47','2025-03-20 16:23:47',NULL),(409,'NDEL-395',395,'Building Materials And Construction','building-materials-and-construction',820,3,'00',58,'2015','563','691','SAHB',23,3,1,'2025-03-20 16:24:07','2025-03-20 16:24:07',NULL),(410,'NDEL-396',396,'Building Construction Materials And Techniques','building-construction-materials-and-techniques',789,3,'00',3,'2016','393','690','PURB',23,3,1,'2025-03-20 16:25:48','2025-03-20 16:25:48',NULL),(411,'NDEL-397',397,'Building Construction Materials And Techniquies','building-construction-materials-and-techniquies',789,3,'00',3,'2016','393','690','PURB',23,3,1,'2025-03-20 16:26:23','2025-03-20 16:26:23',NULL),(412,'NDEL-398',398,'Green Building Design And Construction ','green-building-design-and-construction',686,3,'2nd',73,'2017','1021','720.47','KUBB',23,3,1,'2025-03-20 16:35:36','2025-03-20 16:35:36',NULL),(413,'NDEL-399',399,'Building Materials','building-materials',895,3,'2nd',16,'2016','283','691','VARB',23,3,1,'2025-03-20 16:38:17','2025-03-20 16:38:17',NULL),(414,'NDEL-400',400,'Building Materials','building-materials',895,3,'2nd',16,'2016','283','691','VARB',23,3,1,'2025-03-20 16:38:40','2025-03-20 16:38:40',NULL),(415,'NDEL-401',401,'Contruction Materials','contruction-materials',548,3,'4th',17,'2010','567','624.18','DOMC',5,3,1,'2025-03-20 16:45:26','2025-03-20 16:45:26',NULL),(416,'NDEL-402',402,'Contruction Materials','contruction-materials',548,3,'4th',17,'2010','567','624.18','DOMC',5,3,1,'2025-03-20 16:45:43','2025-03-20 16:45:43',NULL),(417,'NDEL-403',403,'Building And Construction Materials','building-and-construction-materials',583,3,'4th',58,'2014','566','691','GAMB',22,3,1,'2025-03-20 16:47:55','2025-03-20 16:47:55',NULL),(418,'NDEL-404',404,'Construction Technology','construction-technology',478,9,'2nd',22,'2013','453','690.837','BRYC',22,3,1,'2025-03-20 17:15:55','2025-03-20 17:15:55',NULL),(419,'NDEL-405',405,'Construction Technology','construction-technology',478,9,'2nd',22,'2013','453','690.837','BRYC',22,3,1,'2025-03-20 17:16:06','2025-03-20 17:16:06',NULL),(420,'NDEL-406',406,'Construction Technology','construction-technology',507,9,'2nd',3,'2013','245','690','CHUC',22,3,1,'2025-03-20 17:17:29','2025-03-20 17:17:29',NULL),(421,'NDEL-407',407,'Construction Technology','construction-technology',507,9,'2nd',3,'2013','245','690','CHUC',22,3,1,'2025-03-20 17:17:50','2025-03-20 17:17:50',NULL),(422,'NDEL-408',408,'Construction Technology','construction-technology',507,9,'2nd',3,'2013','245','690','CHUC',22,3,1,'2025-03-20 17:17:56','2025-03-20 17:17:56',NULL),(423,'NDEL-409',409,'Construction Technology','construction-technology',507,9,'2nd',3,'2013','245','690','CHUC',22,3,1,'2025-03-20 17:18:02','2025-03-20 17:18:02',NULL),(424,'NDEL-410',410,'Construction Technology','construction-technology',507,9,'2nd',3,'2013','245','690','CHUC',22,3,1,'2025-03-20 17:18:07','2025-03-20 17:18:07',NULL),(425,'NDEL-411',411,'Construction Technology','construction-technology',507,9,'2nd',3,'2013','245','690','CHUC',22,3,1,'2025-03-20 17:18:12','2025-03-20 17:18:12',NULL),(426,'NDEL-412',412,'Construction Technology','construction-technology',507,9,'2nd',3,'2013','245','690','CHUC',22,3,1,'2025-03-20 17:18:17','2025-03-20 17:18:17',NULL),(427,'NDEL-413',413,'Construction Technology','construction-technology',507,9,'2nd',3,'2013','245','690','CHUC',22,3,1,'2025-03-20 17:18:23','2025-03-20 17:18:23',NULL),(428,'NDEL-414',414,'Construction Technology','construction-technology',827,9,'00',20,'2008','572','690','SARC',22,3,1,'2025-03-20 17:20:23','2025-03-20 17:20:23',NULL),(429,'NDEL-415',415,'Construction Technology','construction-technology',827,9,'00',20,'2008','572','690','SARC',22,3,1,'2025-03-20 17:20:43','2025-03-20 17:20:43',NULL),(430,'NDEL-416',416,'Limit State Design','limit-state-design',785,41,'00',96,'2007','936','624.1834','PUNL',21,3,1,'2025-03-21 09:57:11','2025-03-21 09:57:11',NULL),(431,'NDEL-417',417,'Limit State Design Structural ','limit-state-design-structural',854,41,'2nd',16,'2015','405','624.177','SHIL',21,3,1,'2025-03-21 10:02:31','2025-03-21 10:02:31',NULL),(432,'NDEL-418',418,'Design Of Steel Structures','design-of-steel-structures',564,41,'3rd',58,'2015','839','624.1821','DUDD',21,3,1,'2025-03-21 10:04:42','2025-03-21 10:04:42',NULL),(433,'NDEL-419',419,'Design Of Steel Structures','design-of-steel-structures',564,41,'3rd',58,'2015','839','624.1821','DUDD',21,3,1,'2025-03-21 10:05:32','2025-03-21 10:05:32',NULL),(434,'NDEL-420',420,'Design Of Steel Structures','design-of-steel-structures',564,41,'3rd',58,'2015','839','624.1821','DUDD',21,3,1,'2025-03-21 10:06:07','2025-03-21 10:06:07',NULL),(435,'NDEL-421',421,'Geotechnical Engineering','geotechnical-engineering',606,14,'3rd',4,'2015','738','624.151','GULG',12,3,1,'2025-03-21 10:07:39','2025-03-21 10:07:39',NULL),(436,'NDEL-422',422,'Soil Mechanics And Foundation','soil-mechanics-and-foundation',785,14,'16th',96,'2005','916','624.151','PUNS',12,3,1,'2025-03-21 10:10:15','2025-03-21 10:10:15',NULL),(437,'NDEL-423',423,'Geographic Information System','geographic-information-system',486,14,'4th',58,'2015','450','910.285','CHAG',12,3,1,'2025-03-21 10:12:20','2025-03-21 10:12:20',NULL),(438,'NDEL-424',424,'Soil Mechanics And Foundation Engineering','soil-mechanics-and-foundation-engineering',554,14,'00',23,'2010','1003','626.157','MODS',12,3,1,'2025-03-21 10:13:47','2025-03-21 10:13:47',NULL),(439,'NDEL-425',425,'Earthquake - Resistant Design Of Structure','earthquake-resistant-design-of-structure',564,14,'2nd',20,'2013','511','624.1762','DUGD',12,3,1,'2025-03-21 10:16:20','2025-03-21 10:16:20',NULL),(440,'NDEL-426',426,'Design Of Steel Structures','design-of-steel-structures',431,41,'00',24,'2014','756','624.177','ARYD',21,3,1,'2025-03-21 10:18:32','2025-03-21 10:42:17',NULL),(441,'NDEL-427',427,'Design Of Steel Structures','design-of-steel-structures',555,41,'00',96,'2014','1050','624.177','PUNS',21,3,1,'2025-03-21 10:41:46','2025-03-21 10:41:46',NULL),(442,'NDEL-428',428,'Design Of Steel Structures','design-of-steel-structures',555,41,'00',96,'2014','1050','624.177','PUNS',21,3,1,'2025-03-21 10:42:37','2025-03-21 10:43:42',NULL),(443,'NDEL-429',429,'Design Of Steel Structures','design-of-steel-structures',555,41,'00',96,'2014','1050','624.177','PUNS',21,3,1,'2025-03-21 10:43:59','2025-03-21 10:43:59',NULL),(444,'NDEL-430',430,'Design Of Steel Structures','design-of-steel-structures',551,41,'00',59,'2015','868','624.177','DAYS',21,3,1,'2025-03-21 10:51:16','2025-03-21 10:51:16',NULL),(445,'NDEL-431',431,'Design Of Concrete Structure','design-of-concrete-structure',526,41,'15th',58,'2016','786','624.18341','DARC',21,3,1,'2025-03-21 10:52:40','2025-03-21 10:52:40',NULL),(446,'NDEL-432',432,'Design Of Steel Structures','design-of-steel-structures',551,41,'15th',59,'2015','843','624.177','DAYS',21,3,1,'2025-03-21 10:54:46','2025-03-21 10:54:46',NULL),(447,'NDEL-433',433,'Limit State Design Structural ','limit-state-design-structural',551,41,'2nd',16,'2013','405','624.177','SHIL',21,3,1,'2025-03-21 10:56:53','2025-03-21 10:56:53',NULL),(448,'NDEL-434',434,'Analysis Of Structures','analysis-of-structures',896,41,'2nd',57,'2015','1333','624.17','VAZS',21,3,1,'2025-03-21 10:58:31','2025-03-21 10:59:31',NULL),(449,'NDEL-435',435,'Analysis Of Structures','analysis-of-structures',896,41,'2nd',57,'2015','1333','624.17','VAZS',21,3,1,'2025-03-21 10:58:56','2025-03-21 10:59:21',NULL),(450,'NDEL-436',436,'Design Of Steel Structures','design-of-steel-structures',431,41,'6th',24,'2014','756','624.177','ARYD',21,3,1,'2025-03-21 11:03:18','2025-03-21 11:03:18',NULL),(451,'NDEL-437',437,'Soil And Water Conservation Engineering','soil-and-water-conservation-engineering',559,14,'00',23,'2015','1086','631.45','SURS',12,3,1,'2025-03-21 11:05:06','2025-03-21 11:05:34',NULL),(452,'NDEL-438',438,'Damodaran On Valuation','damodaran-on-valuation',522,45,'2nd',7,'2015','688','658..152','DAMV',35,3,1,'2025-03-21 11:07:21','2025-03-21 11:07:35',NULL),(453,'NDEL-439',439,'Mergers, Restructuring And Corporate Control','mergers-restructuring-and-corporate-control',910,12,'2nd',16,'1990','762','0','WESC',25,3,1,'2025-03-21 11:39:59','2025-03-21 11:39:59',NULL),(454,'NDEL-440',440,'E - Commerce','e-commerce',499,6,'2nd',72,'2007','28.14','658.84','CHHE',34,3,1,'2025-03-21 11:45:56','2025-03-21 11:45:56',NULL),(455,'NDEL-441',441,'International Trade And Export Management','international-trade-and-export-management',497,21,'00',8,'2000','528','658','CHEI',34,3,1,'2025-03-21 11:53:16','2025-03-21 11:53:31',NULL),(456,'NDEL-442',442,'Environmental Management','environmental-management',893,14,'2nd',42,'1999','414','551.588','UBEE',12,3,1,'2025-03-21 12:04:14','2025-03-21 12:06:38',NULL),(457,'NDEL-443',443,'Environmental Management','environmental-management',893,14,'2nd',42,'1999','414','551.588','UBEE',12,3,1,'2025-03-21 12:07:03','2025-03-21 12:07:03',NULL),(458,'NDEL-444',444,'Crafting And Executing Strategy','crafting-and-executing-strategy',885,40,'16th',4,'2008','499','658.4012','THOC',36,3,1,'2025-03-21 12:11:07','2025-03-21 12:11:40',NULL),(459,'NDEL-445',445,'Strategic Human Resource Management','strategic-human-resource-management',721,40,'00',5,'2011','667','658.3','MELS',36,3,1,'2025-03-21 14:22:55','2025-03-21 14:22:55',NULL),(460,'NDEL-446',446,'Exploring Corporate Strategy','exploring-corporate-strategy',654,40,'00',3,'2011','1033','658.4012','JOHS',36,3,1,'2025-03-21 14:26:10','2025-03-21 14:26:10',NULL),(461,'NDEL-447',447,'Business Environment Text & Cases','business-environment-text-cases',497,14,'00',3,'2011','776','658.551','CHEB',12,3,1,'2025-03-21 14:29:35','2025-03-21 14:29:35',NULL),(462,'NDEL-448',448,'Business Ethics','business-ethics',572,4,'00',3,'2011','513','174.4','FERB',35,3,1,'2025-03-21 14:33:59','2025-03-21 14:33:59',NULL),(463,'NDEL-449',449,'Strategic Marketing Management','strategic-marketing-management',912,40,'3rd',71,'2005','867','658.802','WILS',36,3,1,'2025-03-21 14:39:29','2025-03-21 14:39:29',NULL),(464,'NDEL-450',450,'International Business','international-business',525,21,'11th',3,'2005','778','658.18','DANI',34,3,1,'2025-03-21 14:41:34','2025-03-21 14:42:59',NULL),(465,'NDEL-451',451,'Strategic Management','strategic-management',533,40,'13th ',16,'2011','290','658.4012','DAVS',36,3,1,'2025-03-21 14:46:53','2025-03-21 14:52:25',NULL),(466,'NDEL-452',452,'International Relations','international-relations',672,21,'3rd',2,'2000','432','327','KHAI',34,3,1,'2025-03-21 15:10:19','2025-03-21 15:10:56',NULL),(467,'NDEL-453',453,'Essentials Of International Relations','essentials-of-international-relations',726,21,'3rd',2,'2000','352','327','MINI',34,3,1,'2025-03-21 15:12:22','2025-03-21 15:12:22',NULL),(468,'NDEL-454',454,'Tests,measurements And Research Methods In Behaviroured','testsmeasurements-and-research-methods-in-behaviroured',855,5,'3rd',26,'2006','616','658','SINT',17,3,1,'2025-03-21 15:15:07','2025-03-21 15:16:10',NULL),(470,'NDEL-455',455,'Fundamental Statistics For The Behaviour Scienece','fundamental-statistics-for-the-behaviour-scienece',637,39,'6th',27,'2006','747','519','HOWF',28,3,1,'2025-03-21 15:50:13','2025-03-21 15:50:13',NULL),(471,'NDEL-456',456,'Sales Management','sales-management',645,24,'6th',5,'2011','435','658.81','INGS',33,3,1,'2025-03-21 16:18:26','2025-03-21 16:18:26',NULL),(472,'NDEL-457',457,'Marketing Research ','marketing-research',710,25,'6th',3,'2011','948','658.83','MALM',8,3,1,'2025-03-21 16:19:54','2025-03-21 16:19:54',NULL),(473,'NDEL-458',458,'Marketing Management','marketing-management',683,25,'6th',3,'2016','756','658.8','KOTM',8,3,1,'2025-03-21 16:23:44','2025-03-21 16:23:44',NULL),(474,'NDEL-459',459,'Dynamics Of Industrial Relations','dynamics-of-industrial-relations',712,30,'6th',8,'2016','793','331.01','MAMD',8,3,1,'2025-03-21 16:25:27','2025-03-21 17:06:27',NULL),(475,'NDEL-460',460,'Digital Marketing','digital-marketing',547,25,'6th',7,'2018','385','658.872','DODD',8,3,1,'2025-03-21 17:03:15','2025-03-21 17:03:15',NULL),(476,'NDEL-461',461,'Advertising And Promotion ','advertising-and-promotion',448,30,'9th',58,'2013','1016','659.1','BELA',32,3,1,'2025-03-21 17:08:29','2025-03-21 17:08:29',NULL),(477,'NDEL-462',462,'Our Political System','our-political-system',662,30,'00',28,'2020','420','320','KASP',32,3,1,'2025-03-21 17:20:16','2025-03-21 17:20:16',NULL),(478,'NDEL-463',463,'Our Constitution ','our-constitution',662,30,'00',28,'2013','416','342','KASC',31,3,1,'2025-03-21 17:21:36','2025-03-21 17:21:36',NULL),(479,'NDEL-464',464,'Explained Socio - Economic Development','explained-socio-economic-development',753,12,'1st',102,'2021','524','320.9667','OJHE',25,3,1,'2025-03-24 09:37:52','2025-03-24 09:38:47',NULL),(480,'NDEL-465',465,'Organization Development','organization-development',579,29,'6th',16,'2021','343','065','FREO',6,3,1,'2025-03-24 09:48:37','2025-03-24 09:48:37',NULL),(481,'NDEL-466',466,'Operations Management','operations-management',815,27,'6th',7,'2021','776','658.5','RUSO',18,3,1,'2025-03-24 09:50:36','2025-03-24 09:50:36',NULL),(482,'NDEL-467',467,'Operations Management','operations-management',815,27,'6th',7,'2021','776','658.5','RUSO',18,3,1,'2025-03-24 09:50:53','2025-03-24 09:50:53',NULL),(483,'NDEL-468',468,'Business Logistics/supply Chain Management','business-logisticssupply-chain-management',440,23,'5th',3,'2007','800','658','BALB',20,3,1,'2025-03-24 09:52:53','2025-03-24 09:52:53',NULL),(484,'NDEL-469',469,'Production And Operation Management','production-and-operation-management',447,27,'3rd',20,'2013','680','658.5','BEDO',19,3,1,'2025-03-24 09:54:45','2025-03-24 09:54:45',NULL),(485,'NDEL-470',470,'Operation Research','operation-research',881,28,'00',78,'2013','1046','1.404','SWAO',19,3,1,'2025-03-24 09:57:34','2025-03-24 09:57:49',NULL),(486,'NDEL-471',471,'The Certified Six Sigma Black Belt Handbook','the-certified-six-sigma-black-belt-handbook',687,39,'2nd',3,'2010','620','658','KUBB',28,3,1,'2025-03-24 10:00:09','2025-03-24 10:00:09',NULL),(487,'NDEL-472',472,'Management Information System','management-information-system',648,24,'5th',58,'2013','814','658','JAWM',33,3,1,'2025-03-24 10:01:56','2025-03-24 10:01:56',NULL),(488,'NDEL-473',473,'Management Science','management-science',627,24,'3rd',58,'2010','604','658','HILM',33,3,1,'2025-03-24 10:03:14','2025-03-24 10:03:14',NULL),(489,'NDEL-474',474,'Operation Research','operation-research',659,28,'3rd',2,'2010','549','1.424','KALO',19,3,1,'2025-03-24 10:04:44','2025-03-24 10:04:44',NULL),(490,'NDEL-475',475,'Projects','projects',5,32,'9th',58,'2014','24.22','658.4','CHAP',10,3,1,'2025-03-24 10:14:22','2025-03-24 10:16:23',NULL),(491,'NDEL-476',476,'Business Analytics','business-analytics',691,4,'00',7,'2017','714','658.5','KUMB',35,3,1,'2025-03-24 10:21:18','2025-03-24 10:21:18',NULL),(492,'NDEL-477',477,'Operation Management ','operation-management',707,27,'2nd',3,'2010','850','658.5','MAHO',18,3,1,'2025-03-24 10:23:12','2025-03-24 10:23:12',NULL),(493,'NDEL-478',478,'Management Information System','management-information-system',752,24,'9th',4,'2010','831','658','BRIM',33,3,1,'2025-03-24 10:25:16','2025-03-24 10:25:16',NULL),(494,'NDEL-479',479,'Project Management','project-management',595,24,'3rd',4,'2010','561','658','GRAP',10,3,1,'2025-03-24 10:32:32','2025-03-24 10:32:32',NULL),(495,'NDEL-480',480,'Introduction Probability Models','introduction-probability-models',811,30,'9th',4,'2007','782','519','ROSI',31,3,1,'2025-03-24 11:31:10','2025-03-24 11:31:10',NULL),(496,'NDEL-481',481,'Research Methodology','research-methodology',682,5,'3rd',63,'2007','782','300.7','KOTR',17,3,1,'2025-03-24 11:58:27','2025-03-24 12:00:41',NULL),(497,'NDEL-482',482,'Supply Chain Management','supply-chain-management',504,42,'4th',63,'2010','555','658','CHOS',20,3,1,'2025-03-24 12:03:10','2025-03-24 12:03:10',NULL),(498,'NDEL-483',483,'The Six Sigma Handbook','the-six-sigma-handbook',786,42,'00',58,'2010','711','658.562','PYZH',28,3,1,'2025-03-24 12:06:17','2025-03-24 12:06:17',NULL),(499,'NDEL-484',484,'Ielts','ielts',443,30,'00',63,'2010','465','420','BARI',32,3,1,'2025-03-24 12:14:03','2025-03-24 12:14:03',NULL),(500,'NDEL-485',485,'Ielts','ielts',884,30,'00',103,'2007','406','428','THAI',31,3,1,'2025-03-24 12:19:54','2025-03-24 12:19:54',NULL),(501,'NDEL-486',486,'Communication Skill For Professionals','communication-skill-for-professionals',498,30,'1st',29,'2015','14.8','000','CHHB',32,3,1,'2025-03-24 12:26:23','2025-03-24 12:26:23',NULL),(502,'NDEL-487',487,'Biotechnology Expanding Horizons','biotechnology-expanding-horizons',857,30,'00',30,'2012','942','660.6','SINB',32,3,1,'2025-03-24 12:28:37','2025-03-24 12:28:37',NULL),(503,'NDEL-488',488,'Plant Physiology','plant-physiology',603,30,'00',61,'1995','629','581.1','GUDP',32,3,1,'2025-03-24 12:33:00','2025-03-24 12:33:00',NULL),(504,'NDEL-489',489,'Economic Botony In The Tropic','economic-botony-in-the-tropic',678,30,'2nd',31,'1995','604','581.1','KOCE',32,3,1,'2025-03-24 12:38:52','2025-03-24 12:38:52',NULL),(505,'NDEL-490',490,'Textbook Of Food Science & Technology','textbook-of-food-science-technology',847,30,'2nd',32,'1995','441','664','SHAF',32,3,1,'2025-03-24 12:40:20','2025-03-24 12:40:20',NULL),(506,'NDEL-491',491,'Comprehensive Biotechnology','comprehensive-biotechnology',796,30,'4th',59,'2009','706','666.6','RAMB',32,3,1,'2025-03-24 12:43:22','2025-03-24 12:43:22',NULL),(507,'NDEL-492',492,'Textbook On Introductory Plant Nematology ','textbook-on-introductory-plant-nematology',904,30,'00',104,'2003','227','520','WALT',32,3,1,'2025-03-24 13:07:24','2025-03-24 13:07:24',NULL),(508,'NDEL-493',493,'Vegetables','vegetables',904,30,'00',28,'2003','229','635','CHOV',32,3,1,'2025-03-24 14:02:38','2025-03-24 14:02:38',NULL),(509,'NDEL-494',494,'Fruits','fruits',861,30,'00',28,'2003','244','634','SINF',32,3,1,'2025-03-24 14:07:07','2025-03-24 14:07:07',NULL),(510,'NDEL-495',495,'Fertilizers A Textbook','fertilizers-a-textbook',446,30,'00',30,'2003','265','631.8','BASF',32,3,1,'2025-03-24 14:09:22','2025-03-24 14:09:22',NULL),(511,'NDEL-496',496,'Textbook Of Agroforestry','textbook-of-agroforestry',509,30,'00',33,'2003','188','525','CHUA',32,3,1,'2025-03-24 14:11:50','2025-03-24 14:14:36',NULL),(512,'NDEL-497',497,'Insect Pests Of Crop','insect-pests-of-crop',781,30,'00',28,'2003','200','632.7','PRAI',32,3,1,'2025-03-24 14:13:56','2025-03-24 14:13:56',NULL),(513,'NDEL-498',498,'Indian Herbal Therapies','indian-herbal-therapies',673,30,'00',34,'2004','304','615.321','KHAH',32,3,1,'2025-03-24 14:30:43','2025-03-24 14:30:43',NULL),(514,'NDEL-499',499,'Fundamentals Of Soil','fundamentals-of-soil',819,30,'00',30,'1990','1270','631.4','SAHS',32,3,1,'2025-03-24 14:34:23','2025-03-24 14:34:23',NULL),(515,'NDEL-500',500,'Elements Of Biotechnology','elements-of-biotechnology',611,30,'2nd',35,'2012','468','660.6','GUPB',32,3,1,'2025-03-24 14:36:18','2025-03-24 14:36:18',NULL),(516,'NDEL-501',501,'Plant Taxonomy','plant-taxonomy',848,30,'2nd',58,'2009','564','581.012','SHAP',32,3,1,'2025-03-24 14:37:54','2025-03-24 14:37:54',NULL),(517,'NDEL-502',502,'Fundamentals Of Plant Physiology','fundamentals-of-plant-physiology',552,30,'18th',59,'2015','723','581.1','JAIP',32,3,1,'2025-03-24 14:41:17','2025-03-24 14:41:17',NULL),(518,'NDEL-503',503,'Plant Systematics','plant-systematics',858,30,'3rd',33,'2015','723','581.1','SINF',32,3,1,'2025-03-24 14:43:14','2025-03-24 14:43:14',NULL),(519,'NDEL-504',504,'Fundamentals Of Foods, Nutrition And Diet Therapy','fundamentals-of-foods-nutrition-and-diet-therapy',731,30,'6th',63,'2015','400','641.1','MUDF',32,3,1,'2025-03-24 14:49:35','2025-03-24 14:49:35',NULL),(520,'NDEL-505',505,'Handbook Of Agriculture','handbook-of-agriculture',643,30,'5th',104,'2006','1345','630','ICAH',31,3,1,'2025-03-24 15:01:57','2025-03-24 15:01:57',NULL),(521,'NDEL-506',506,'Water And Wastewater Technology','water-and-wastewater-technology',618,13,'5th',36,'2006','540','628.1','HAMW',15,3,1,'2025-03-24 15:05:11','2025-03-24 15:08:20',NULL),(522,'NDEL-507',507,'Agroforestry ','agroforestry',788,13,'5th',75,'2014','926','634','RAJA',31,3,1,'2025-03-24 15:08:01','2025-03-24 15:08:01',NULL),(523,'NDEL-508',508,'Economic Botonny In The Tropic','economic-botonny-in-the-tropic',678,13,'4th',31,'2006','664','581.6','KOCB',32,3,1,'2025-03-24 15:17:25','2025-03-24 15:17:25',NULL),(524,'NDEL-509',509,'Principles Of Agronomy','principles-of-agronomy',803,13,'00',30,'2006','821','581.6','REDA',32,3,1,'2025-03-24 15:40:48','2025-03-24 15:40:48',NULL),(525,'NDEL-510',510,'Fundamentals Of Biostatics','fundamentals-of-biostatics',799,13,'2nd',37,'2006','438','519.9','RASB',31,3,1,'2025-03-24 15:42:38','2025-03-24 15:42:38',NULL),(526,'NDEL-511',511,'Dictionary Of Botany','dictionary-of-botany',925,30,'00',38,'2007','390','635.9','PEND',32,3,1,'2025-03-24 15:51:29','2025-03-24 15:51:29',NULL),(527,'NDEL-512',512,'Food Science','food-science',780,30,'5th',39,'2007','608','664','POTS',32,3,1,'2025-03-24 15:54:03','2025-03-24 15:54:03',NULL),(528,'NDEL-513',513,'Plant Anatomy','plant-anatomy',757,14,'5th',39,'2007','518','581.4','PANP',32,3,1,'2025-03-24 15:58:33','2025-03-24 15:58:33',NULL),(529,'NDEL-514',514,'The Science Of Agriculture','the-science-of-agriculture',625,14,'4th',5,'2012','764','630','HERA',12,3,1,'2025-03-24 16:02:00','2025-03-24 16:02:00',NULL),(530,'NDEL-515',515,'Soil Fertility And Fertilizers','soil-fertility-and-fertilizers',623,14,'6th',3,'2012','449','631.422','HAVS',12,3,1,'2025-03-24 16:07:13','2025-03-24 16:07:13',NULL),(531,'NDEL-516',516,'Ecology And Environment','ecology-and-environment',849,14,'11th',35,'2012','643','333.7','SHAE',12,3,1,'2025-03-24 16:18:06','2025-03-24 16:18:06',NULL),(532,'NDEL-517',517,'Food Microbiology','food-microbiology',578,30,'4th',4,'2008','539','641.3','FRAF',32,3,1,'2025-03-24 16:19:52','2025-03-24 16:19:52',NULL),(533,'NDEL-518',518,'Introductory Soil Science','introductory-soil-science',528,14,'4th',30,'2015','879','631.4','DASS',12,3,1,'2025-03-24 16:25:43','2025-03-24 16:28:49',NULL),(534,'NDEL-519',519,'Ecology And Environment','ecology-and-environment',849,14,'12th',35,'2015','703','333.7','SHAE',12,3,1,'2025-03-24 16:28:31','2025-03-24 16:28:58',NULL),(535,'NDEL-520',520,'Business Ethics','business-ethics',520,4,'2nd',20,'2015','566','174.4','CRAB',35,3,1,'2025-03-24 16:31:02','2025-03-24 16:31:02',NULL),(536,'NDEL-521',521,'Food Science','food-science',871,30,'6th',63,'2015','490','641.3','SRIF',32,3,1,'2025-03-24 16:34:32','2025-03-24 16:34:44',NULL),(537,'NDEL-522',522,'Introduction To Plant Biotechnology','introduction-to-plant-biotechnology',871,30,'2nd',63,'2015','538','631.5233','CHAP',32,3,1,'2025-03-24 16:37:36','2025-03-24 16:37:36',NULL),(538,'NDEL-523',523,'Nutrition & Therapeutic Diets','nutrition-therapeutic-diets',868,30,'2nd',40,'2015','272','615.854','SOHN',32,3,1,'2025-03-24 16:39:42','2025-03-24 16:39:42',NULL),(539,'NDEL-524',524,'The Insects Structure And Function','the-insects-structure-and-function',488,30,'3rd',40,'2015','919','595.7','CHAI',32,3,1,'2025-03-24 16:41:20','2025-03-24 16:41:20',NULL),(540,'NDEL-525',525,'E-business In Construction','e-business-in-construction',428,4,'1st',55,'2008','200','690','ANUC',35,3,1,'2025-03-25 09:41:26','2025-03-25 09:41:26',NULL),(541,'NDEL-526',526,'Project Appraisal Planning Control','project-appraisal-planning-control',558,32,'1st',42,'2013','468','658.82','SINP',9,3,1,'2025-03-25 09:43:10','2025-03-25 09:43:10',NULL),(542,'NDEL-527',527,'Engineering Project Appraisal','engineering-project-appraisal',810,32,'2nd',18,'2012','378','658','ROGP',9,3,1,'2025-03-25 09:45:01','2025-03-25 09:45:01',NULL),(543,'NDEL-528',528,'Project Management','project-management',667,32,'11th',43,'2013','1204','658.404','KERP',9,3,1,'2025-03-25 09:47:59','2025-03-25 09:47:59',NULL),(544,'NDEL-529',529,'Project Management','project-management',714,32,'2nd',7,'2014','346','658.404','MMSP',9,3,1,'2025-03-25 09:50:05','2025-03-25 09:50:05',NULL),(545,'NDEL-530',530,'Project Management','project-management',714,32,'2nd',7,'2014','346','658.404','MMSP',9,3,1,'2025-03-25 09:50:17','2025-03-25 09:50:17',NULL),(548,'NDEL-531',531,'Project Management In The Construction Industry','project-management-in-the-construction-industry',546,32,'10th',96,'2016','156','624.068','DILP',9,3,1,'2025-03-25 09:57:29','2025-03-25 09:57:29',NULL),(549,'NDEL-532',532,'Project Management In The Construction Industry','project-management-in-the-construction-industry',546,32,'10th',96,'2016','156','624.068','DILP',9,3,1,'2025-03-25 09:57:59','2025-03-25 09:57:59',NULL),(550,'NDEL-533',533,'Project Management Theory And Practice','project-management-theory-and-practice',805,32,'10th',68,'2010','550','658.404','RICP',9,3,1,'2025-03-25 09:59:23','2025-03-25 09:59:23',NULL),(551,'NDEL-534',534,'Project Management','project-management',667,32,'10th',7,'2009','1094','658.404','KERP',9,3,1,'2025-03-25 10:00:49','2025-03-25 10:00:49',NULL),(552,'NDEL-535',535,'Project Management','project-management',667,32,'10th',7,'2009','1094','658.404','KERP',9,3,1,'2025-03-25 10:01:03','2025-03-25 10:01:03',NULL),(553,'NDEL-536',536,'Project Management','project-management',667,32,'10th',7,'2009','1094','658.404','KERP',9,3,1,'2025-03-25 10:01:09','2025-03-25 10:01:09',NULL),(554,'NDEL-537',537,'Project Management For Engineering Business And Technology','project-management-for-engineering-business-and-technology',745,32,'10th',7,'2012','675','658.404','NICP',9,3,1,'2025-03-25 10:03:32','2025-03-25 10:03:32',NULL),(555,'NDEL-538',538,'Project Management For Engineering Business And Technology','project-management-for-engineering-business-and-technology',745,32,'10th',7,'2012','675','658.404','NICP',9,3,1,'2025-03-25 10:03:52','2025-03-25 10:03:52',NULL),(556,'NDEL-539',539,'Project Management For Engineering Business And Technology','project-management-for-engineering-business-and-technology',745,32,'10th',7,'2012','675','658.404','NICP',9,3,1,'2025-03-25 10:03:57','2025-03-25 10:03:57',NULL),(557,'NDEL-540',540,'Project Management For Engineering Business And Technology','project-management-for-engineering-business-and-technology',745,32,'10th',7,'2012','675','658.404','NICP',9,3,1,'2025-03-25 10:04:03','2025-03-25 10:04:03',NULL),(558,'NDEL-541',541,'Project Management For Engineering Business And Technology','project-management-for-engineering-business-and-technology',745,32,'10th',7,'2012','675','658.404','NICP',9,3,1,'2025-03-25 10:04:09','2025-03-25 10:04:09',NULL),(559,'NDEL-542',542,'Project Management','project-management',773,32,'00',3,'2001','490','658.404','PINP',9,3,1,'2025-03-25 10:06:15','2025-03-25 10:06:15',NULL),(560,'NDEL-543',543,'Project Management','project-management',773,32,'00',3,'2001','490','658.404','PINP',9,3,1,'2025-03-25 10:06:50','2025-03-25 10:06:50',NULL),(561,'NDEL-544',544,'Practical Techniques For Effective Project Investment Appraisal','practical-techniques-for-effective-project-investment-appraisal',887,32,'00',3,'2006','162','332.672','TIFP',9,3,1,'2025-03-25 10:09:22','2025-03-25 10:09:22',NULL),(562,'NDEL-545',545,'Practical Techniques For Effective Project Investment Appraisal','practical-techniques-for-effective-project-investment-appraisal',887,32,'00',3,'2006','162','332.672','TIFP',9,3,1,'2025-03-25 10:16:36','2025-03-25 10:16:36',NULL),(563,'NDEL-546',546,'Practical Techniques For Effective Project Investment Appraisal','practical-techniques-for-effective-project-investment-appraisal',887,32,'00',3,'2006','162','332.672','TIFP',9,3,1,'2025-03-25 10:16:43','2025-03-25 10:16:43',NULL),(564,'NDEL-547',547,'Practical Techniques For Effective Project Investment Appraisal','practical-techniques-for-effective-project-investment-appraisal',887,32,'00',3,'2006','162','332.672','TIFP',9,3,1,'2025-03-25 10:16:52','2025-03-25 10:16:52',NULL),(565,'NDEL-548',548,'Project Reports & Appraisals','project-reports-appraisals',755,32,'7th',45,'2015','936','332.672','PAHP',9,3,1,'2025-03-25 10:19:20','2025-03-25 10:19:20',NULL),(566,'NDEL-549',549,'Project Reports & Appraisals','project-reports-appraisals',755,32,'7th',45,'2015','936','332.672','PAHP',9,3,1,'2025-03-25 10:19:33','2025-03-25 10:19:33',NULL),(567,'NDEL-550',550,'Project Management Body Of Knowledge','project-management-body-of-knowledge',776,32,'6th',105,'2015','756','332.672','PMBP',10,3,1,'2025-03-25 10:26:40','2025-03-25 10:27:12',NULL),(568,'NDEL-551',551,'Project Management And Appraisal','project-management-and-appraisal',674,32,'00',20,'2015','590','332.672','KHAP`',10,3,1,'2025-03-25 10:29:02','2025-03-25 10:29:02',NULL),(569,'NDEL-552',552,'Project Management And Appraisal','project-management-and-appraisal',674,32,'00',20,'2015','590','332.672','KHAP`',10,3,1,'2025-03-25 10:29:15','2025-03-25 10:29:15',NULL),(570,'NDEL-553',553,'Project Management And Appraisal','project-management-and-appraisal',674,32,'00',20,'2015','590','332.672','KHAP`',10,3,1,'2025-03-25 10:29:20','2025-03-25 10:29:20',NULL),(571,'NDEL-554',554,'Project Management And Appraisal','project-management-and-appraisal',674,32,'00',20,'2015','590','332.672','KHAP`',10,3,1,'2025-03-25 10:29:24','2025-03-25 10:29:24',NULL),(572,'NDEL-555',555,'Mega Project Management','mega-project-management',599,32,'00',10,'2013','464','658','GREP',10,3,1,'2025-03-25 10:31:24','2025-03-25 10:31:24',NULL),(573,'NDEL-556',556,'Scheduling Construction Projects','scheduling-construction-projects',907,32,'00',3,'2012','333','658','WEBC',10,3,1,'2025-03-25 10:33:01','2025-03-25 10:33:01',NULL),(574,'NDEL-557',557,'Scheduling Construction Projects','scheduling-construction-projects',907,32,'00',3,'2012','333','658','WEBC',10,3,1,'2025-03-25 10:33:15','2025-03-25 10:33:15',NULL),(575,'NDEL-558',558,'Construction Project Management','construction-project-management',894,32,'00',15,'2003','190','658','VAIC',10,3,1,'2025-03-25 10:35:19','2025-03-25 10:35:19',NULL),(576,'NDEL-559',559,'Project Management Checklists','project-management-checklists',875,32,'00',46,'1992','131','690','STIP',23,3,1,'2025-03-25 10:37:33','2025-03-25 10:38:48',NULL),(577,'NDEL-560',560,'Construction Planning And Scheduling','construction-planning-and-scheduling',629,8,'4th',3,'2012','256','690','HINC',23,3,1,'2025-03-25 10:51:47','2025-03-25 10:51:47',NULL),(578,'NDEL-561',561,'Construction Planning And Scheduling','construction-planning-and-scheduling',629,8,'4th',3,'2012','256','690','HINC',23,3,1,'2025-03-25 10:52:03','2025-03-25 10:52:03',NULL),(579,'NDEL-562',562,'Construction Planning And Scheduling','construction-planning-and-scheduling',629,8,'4th',3,'2012','256','690','HINC',23,3,1,'2025-03-25 10:52:08','2025-03-25 10:52:08',NULL),(580,'NDEL-563',563,' Project Financing','project-financing',575,32,'3rd',7,'2013','543','658','FINP',10,3,1,'2025-03-25 10:57:45','2025-03-25 10:57:45',NULL),(581,'NDEL-564',564,'Project Management','project-management',667,32,'00',7,'2017','528','658','KERP',10,3,1,'2025-03-25 10:58:34','2025-03-25 10:58:44',NULL),(582,'NDEL-565',565,'Project Management','project-management',421,32,'2nd',7,'1994','505','624','AHUP',10,3,1,'2025-03-25 11:00:00','2025-03-25 11:00:00',NULL),(583,'NDEL-566',566,'Project Management','project-management',421,32,'2nd',7,'1994','505','624','AHUP',10,3,1,'2025-03-25 11:00:13','2025-03-25 11:00:13',NULL),(584,'NDEL-567',567,'Project Management Case Studies And Lessons','project-management-case-studies-and-lessons',435,32,'00',68,'1994','215','658','ATEP',10,3,1,'2025-03-25 11:01:37','2025-03-25 11:01:43',NULL),(585,'NDEL-568',568,'Project Management','project-management',667,32,'00',7,'2015','316','658','KERP',10,3,1,'2025-03-25 11:03:48','2025-03-25 11:03:48',NULL),(586,'NDEL-569',569,'Projects','projects',5,32,'8th',58,'2014','24.14','658','CHAP',10,3,1,'2025-03-25 11:07:02','2025-03-25 11:07:02',NULL),(587,'NDEL-570',570,'Projects','projects',5,32,'8th',58,'2014','24.14','658','CHAP',10,3,1,'2025-03-25 11:07:32','2025-03-25 11:07:32',NULL),(588,'NDEL-571',571,'Construction Project Management','construction-project-management',650,32,'2nd',3,'2015','878','658','JHAC',10,3,1,'2025-03-25 11:11:05','2025-03-25 11:11:05',NULL),(589,'NDEL-572',572,'Project Management','project-management',594,32,'6th',58,'2014','917','658','GRAP',10,3,1,'2025-03-25 11:12:33','2025-03-25 11:12:33',NULL),(590,'NDEL-573',573,'Construction Project Management','construction-project-management',503,32,'3rd',58,'2015','826','658.404','CHIC',10,3,1,'2025-03-25 11:15:24','2025-03-25 11:15:24',NULL),(591,'NDEL-574',574,'Project Management','project-management',480,32,'4th',7,'2014','373','658.404','BURP',10,3,1,'2025-03-25 11:16:50','2025-03-25 11:16:50',NULL),(592,'NDEL-575',575,'Projects','projects',5,32,'8th',58,'2014','24.14','658.152','CHAP',10,3,1,'2025-03-25 11:18:04','2025-03-25 11:18:04',NULL),(593,'NDEL-576',576,'Law Of Arbitration & Conciliator','law-of-arbitration-conciliator',856,47,'10th',52,'2012','552','347.5409','SINL',14,3,1,'2025-03-25 11:25:11','2025-03-25 11:32:23',NULL),(594,'NDEL-577',577,'Bids, Tenders & Proposals','bids-tenders-proposals',701,10,'2nd',47,'2012','276','658.1522','LEWB',14,3,1,'2025-03-25 11:27:28','2025-03-25 11:27:28',NULL),(595,'NDEL-578',578,'Bids, Tenders & Proposals','bids-tenders-proposals',701,10,'2nd',47,'2012','276','658.1522','LEWB',14,3,1,'2025-03-25 11:27:42','2025-03-25 11:27:42',NULL),(596,'NDEL-579',579,'Bids, Tenders & Proposals','bids-tenders-proposals',701,10,'2nd',47,'2012','276','658.1522','LEWB',14,3,1,'2025-03-25 11:27:51','2025-03-25 11:27:51',NULL),(597,'NDEL-580',580,'Egocentric Network Analysis','egocentric-network-analysis',766,41,'10th',19,'2018','349','624','PERE',21,3,1,'2025-03-25 12:01:24','2025-03-25 12:01:24',NULL),(598,'NDEL-581',581,'Understanding The Fidic Red Book','understanding-the-fidic-red-book',587,10,'2nd',49,'2011','490','343','GLUC',14,3,1,'2025-03-25 12:04:31','2025-03-25 12:05:38',NULL),(599,'NDEL-582',582,'Delay Analysis In Construction Contracts','delay-analysis-in-construction-contracts',666,10,'2nd',18,'2015','274','690.0685','KENC',13,3,1,'2025-03-25 12:07:48','2025-03-25 12:07:48',NULL),(600,'NDEL-583',583,'Law Relating To Infrastructure ','law-relating-to-infrastructure',656,47,'2nd',50,'2013','1269','343.4093','JOSL',14,3,1,'2025-03-25 12:09:21','2025-03-25 12:09:21',NULL),(601,'NDEL-584',584,'Law Relating To Infrastructure ','law-relating-to-infrastructure',656,47,'2nd',50,'2013','1269','343.4093','JOSL',14,3,1,'2025-03-25 12:09:32','2025-03-25 12:09:32',NULL),(602,'NDEL-585',585,'Value The Four Cornerstones Of Corporate Finance','value-the-four-cornerstones-of-corporate-finance',679,1,'2nd',51,'2011','254','658.15','KOLV',3,3,1,'2025-03-25 12:17:12','2025-03-25 12:17:12',NULL),(603,'NDEL-586',586,'Contract And Specific Relief','contract-and-specific-relief',856,10,'11th',52,'2013','955','346.5402','SINC',13,3,1,'2025-03-25 12:18:44','2025-03-25 12:18:44',NULL),(604,'NDEL-587',587,'Contract And Specific Relief','contract-and-specific-relief',856,10,'11th',52,'2013','955','346.5402','SINC',13,3,1,'2025-03-25 12:18:56','2025-03-25 12:18:56',NULL),(605,'NDEL-588',588,'Contract And Specific Relief','contract-and-specific-relief',856,10,'11th',52,'2013','955','346.5402','SINC',13,3,1,'2025-03-25 12:19:02','2025-03-25 12:19:02',NULL),(606,'NDEL-589',589,'Contract And Specific Relief','contract-and-specific-relief',856,10,'11th',52,'2013','955','346.5402','SINC',13,3,1,'2025-03-25 12:19:07','2025-03-25 12:19:07',NULL),(607,'NDEL-590',590,'Reading On International Contracting And Project Exports','reading-on-international-contracting-and-project-exports',562,10,'11th',15,'2001','201','346.5402','SINC',13,3,1,'2025-03-25 12:33:21','2025-03-25 12:33:21',NULL),(608,'NDEL-591',591,'Reading On International Contracting And Project Exports','reading-on-international-contracting-and-project-exports',562,10,'11th',15,'2001','201','346.5402','SINC',13,3,1,'2025-03-25 12:33:35','2025-03-25 12:33:35',NULL),(609,'NDEL-592',592,'Tenders And Government Contract ','tenders-and-government-contract',541,10,'4th',62,'2016','1122','346.5402','DEST',13,3,1,'2025-03-25 12:35:03','2025-03-25 12:35:03',NULL),(610,'NDEL-593',593,'Tenders And Government Contract ','tenders-and-government-contract',541,10,'4th',62,'2016','1122','346.5402','DEST',13,3,1,'2025-03-25 12:35:17','2025-03-25 12:35:17',NULL),(611,'NDEL-594',594,'Contract Management In Civil Works Projects','contract-management-in-civil-works-projects',783,10,'00',15,'1997','235','692.8','PRAC',13,3,1,'2025-03-25 12:39:00','2025-03-25 12:39:00',NULL),(612,'NDEL-595',595,'Contract Management In Civil Works Projects','contract-management-in-civil-works-projects',783,10,'00',15,'1997','235','692.8','PRAC',13,3,1,'2025-03-25 12:39:22','2025-03-25 12:39:22',NULL),(613,'NDEL-596',596,'Consruction Project Scheduling And Control','consruction-project-scheduling-and-control',822,10,'2nd',7,'2012','456','690.068','MUBC',23,3,1,'2025-03-25 12:42:47','2025-03-25 12:42:47',NULL),(614,'NDEL-597',597,'Total Quality Management','total-quality-management',793,10,'00',5,'2014','642','658','RAJT',30,3,1,'2025-03-25 12:44:01','2025-03-25 12:44:01',NULL),(615,'NDEL-598',598,'Total Quality Management','total-quality-management',793,33,'00',5,'2014','642','658','RAJT',30,3,1,'2025-03-25 12:44:14','2025-03-25 12:46:31',NULL),(616,'NDEL-599',599,'Construction Contracts','construction-contracts',640,10,'5th',71,'2015','435','343.41078','HUGC',14,3,1,'2025-03-25 12:46:22','2025-03-25 12:46:22',NULL),(617,'NDEL-600',600,'Construction Contracts','construction-contracts',793,33,'00',5,'2014','642','658','RAJT',30,3,1,'2025-03-25 12:46:43','2025-03-25 12:46:43',NULL),(618,'NDEL-601',601,'Contract Management In Civil Works Projects','contract-management-in-civil-works-projects',783,10,'00',15,'1997','235','658','PRAC',13,3,1,'2025-03-25 14:19:36','2025-03-25 14:19:36',NULL),(619,'NDEL-602',602,'Contract Management In Civil Works Projects','contract-management-in-civil-works-projects',783,10,'00',15,'1997','235','658','PRAC',13,3,1,'2025-03-25 14:19:50','2025-03-25 14:19:50',NULL),(620,'NDEL-603',603,'Bids, Tenders & Proposals','bids-tenders-proposals',701,10,'2nd',47,'2005','276','625.1522','LEWB',13,3,1,'2025-03-25 14:21:48','2025-03-25 14:21:48',NULL),(621,'NDEL-604',604,'Construction Contracts','construction-contracts',629,10,'3rd',58,'2013','542','343.73','HINC',14,3,1,'2025-03-25 14:31:49','2025-03-25 14:31:49',NULL),(622,'NDEL-605',605,'Construction Contracts','construction-contracts',629,10,'3rd',58,'2013','542','343.73','HINC',14,3,1,'2025-03-25 14:32:03','2025-03-25 14:32:03',NULL),(623,'NDEL-606',606,'Building And Engineering Contract','building-and-engineering-contract',762,10,'6th',53,'2011','612','343.54708','PATB',14,3,1,'2025-03-25 14:33:56','2025-03-25 14:33:56',NULL),(624,'NDEL-607',607,'Projects','projects',5,32,'9th',58,'2001','24.14','658.404','PATB',10,3,1,'2025-03-25 14:35:19','2025-03-25 14:35:19',NULL),(625,'NDEL-608',608,'Projects','projects',5,32,'9th',58,'2001','24.14','658.404','PATB',10,3,1,'2025-03-25 14:35:46','2025-03-25 14:35:46',NULL),(626,'NDEL-609',609,'Projects','projects',5,32,'9th',58,'2001','24.14','658.404','PATB',10,3,1,'2025-03-25 14:35:51','2025-03-25 14:35:51',NULL),(627,'NDEL-610',610,'Civil Engineering Contracts And Estimates','civil-engineering-contracts-and-estimates',762,10,'4th',54,'2015','498','343.5407','PATC',13,3,1,'2025-03-25 14:44:27','2025-03-25 14:46:27',NULL),(628,'NDEL-611',611,'Civil Engineering Contracts And Estimates','civil-engineering-contracts-and-estimates',762,10,'4th',54,'2015','498','343.5407','PATC',13,3,1,'2025-03-25 14:44:38','2025-03-25 14:46:17',NULL),(629,'NDEL-612',612,'Construction Contracting','construction-contracting',510,10,'8th',10,'2015','684','692.8','CLOC',13,3,1,'2025-03-25 14:48:02','2025-03-25 14:48:02',NULL),(630,'NDEL-613',613,'Business Law','business-law',891,47,'3rd',58,'2014','20.50','346.5402','TULB',14,3,1,'2025-03-25 14:53:01','2025-03-25 14:53:01',NULL),(631,'NDEL-614',614,'Law Of Arbitration & Conciliation','law-of-arbitration-conciliation',856,47,'10th',52,'2013','552','375.409','SINL',14,3,1,'2025-03-25 14:55:11','2025-03-25 14:55:24',NULL),(632,'NDEL-615',615,'Research Methodology','research-methodology',682,5,'3rd',63,'2015','449','300.723','KOTR',17,3,1,'2025-03-25 14:57:43','2025-03-25 14:57:43',NULL),(633,'NDEL-616',616,'Analyzing Social Network ','analyzing-social-network',466,30,'2nd',9,'2013','363','302.3','BORA',32,3,1,'2025-03-25 15:15:22','2025-03-25 15:15:22',NULL),(634,'NDEL-617',617,'Supply Chain Management','supply-chain-management',842,42,'2nd',3,'2013','480','658.5','SHAM',20,3,1,'2025-03-25 15:16:50','2025-03-25 15:16:50',NULL),(635,'NDEL-618',618,'Strategic Management ','strategic-management',543,40,'6th',58,'2013','548','658.4012','DESS',36,3,1,'2025-03-25 15:18:30','2025-03-25 15:18:30',NULL),(636,'NDEL-619',619,'Preparing Internatioanl Proposal','preparing-internatioanl-proposal',445,32,'6th',12,'1997','259','658.404','BARP',9,3,1,'2025-03-25 15:20:14','2025-03-25 15:20:14',NULL),(637,'NDEL-620',620,'Earth Democracy','earth-democracy',853,30,'6th',106,'2005','184','333.7','SHIE',32,3,1,'2025-03-25 15:36:21','2025-03-25 15:36:56',NULL),(638,'NDEL-621',621,'Blockchain','blockchain',807,30,'0',6,'2019','201','5.7','RIJB',32,3,1,'2025-03-25 15:45:45','2025-03-25 15:45:45',NULL),(639,'NDEL-622',622,'Communication Skills','communication-skills',690,30,'2nd',20,'2015','600','428.34','KUMC',32,3,1,'2025-03-25 15:49:02','2025-03-25 15:49:02',NULL),(640,'NDEL-623',623,'Construction Contracts','construction-contracts',489,10,'3rd',6,'2015','337','343.4107','CHAC',14,3,1,'2025-03-25 15:51:04','2025-03-25 15:51:14',NULL),(641,'NDEL-624',624,'Construction Contracts','construction-contracts',489,10,'3rd',6,'2015','337','343.4107','CHAC',14,3,1,'2025-03-25 15:51:32','2025-03-25 15:51:32',NULL),(642,'NDEL-625',625,'All India Arbitration Law Reporter','all-india-arbitration-law-reporter',484,47,'108',106,'2014','636','347.4209','CHAA',14,3,1,'2025-03-25 16:05:06','2025-03-25 16:12:43',NULL),(643,'NDEL-626',626,'All India Arbitration Law Reporter','all-india-arbitration-law-reporter',484,47,'107',106,'2014','615','347.4209','CHAA',14,3,1,'2025-03-25 16:06:58','2025-03-25 16:12:34',NULL),(644,'NDEL-627',627,'The Guide To Understanding Commercial Contract Negotiation','the-guide-to-understanding-commercial-contract-negotiation',419,10,'0',62,'2006','257','658.723','ADOC',13,3,1,'2025-03-25 16:08:57','2025-03-25 16:12:21',NULL),(645,'NDEL-628',628,'The Guide To Understanding Commercial Contract Negotiation','the-guide-to-understanding-commercial-contract-negotiation',419,10,'0',62,'2006','257','658.723','ADOC',13,3,1,'2025-03-25 16:09:26','2025-03-25 16:11:54',NULL),(646,'NDEL-629',629,'The Guide To Understanding Commercial Contract Negotiation','the-guide-to-understanding-commercial-contract-negotiation',419,10,'0',62,'2006','257','658.723','ADOC',13,3,1,'2025-03-25 16:09:33','2025-03-25 16:11:25',NULL),(647,'NDEL-630',630,'The Guide To Understanding Tenders','the-guide-to-understanding-tenders',419,10,'0',62,'2006','144','346.00694','ADOC',13,3,1,'2025-03-25 16:10:51','2025-03-25 16:10:51',NULL),(648,'NDEL-631',631,'The Guide To Understanding Tenders','the-guide-to-understanding-tenders',419,10,'0',62,'2014','636','347.4209','CHAA',13,3,1,'2025-03-25 16:13:07','2025-03-25 16:24:12',NULL),(649,'NDEL-632',632,'The Guide To Understanding Tenders','the-guide-to-understanding-tenders',419,10,'0',62,'2014','636','347.4209','CHAA',13,3,1,'2025-03-25 16:13:25','2025-03-25 16:23:21',NULL),(650,'NDEL-633',633,'The Guide To Understanding Confidentiality Agreements','the-guide-to-understanding-confidentiality-agreements',419,10,'0',62,'2014','97','347.4209','CHAA',13,3,1,'2025-03-25 16:13:45','2025-03-25 16:24:55',NULL),(651,'NDEL-634',634,'The Guide To Understanding Confidentiality Agreements','the-guide-to-understanding-confidentiality-agreements',419,10,'0',62,'2014','97','347.4209','CHAA',13,3,1,'2025-03-25 16:13:58','2025-03-25 16:24:40',NULL),(652,'NDEL-635',635,'The Guide To Understanding Confidentiality Agreements','the-guide-to-understanding-confidentiality-agreements',419,10,'0',62,'2014','97','347.4209','CHAA',13,3,1,'2025-03-25 16:14:04','2025-03-25 16:24:26',NULL),(653,'NDEL-636',636,'The Guide Of Understanding Commonly Used Contract Term','the-guide-of-understanding-commonly-used-contract-term',419,10,'0',62,'2014','170','347.4209','CHAA',13,3,1,'2025-03-25 16:14:45','2025-03-25 16:24:30',NULL),(654,'NDEL-637',637,'The Guide Of Understanding Commonly Used Contract Term','the-guide-of-understanding-commonly-used-contract-term',419,10,'0',62,'2006','257','658.723','ADOC',13,3,1,'2025-03-25 16:25:31','2025-03-25 16:25:31',NULL),(655,'NDEL-638',638,'The Guide Of Understanding Commonly Used Contract Term','the-guide-of-understanding-commonly-used-contract-term',419,10,'0',62,'2006','257','658.723','ADOC',13,3,1,'2025-03-25 16:25:36','2025-03-25 16:25:36',NULL),(656,'NDEL-639',639,'The Guide To Understanding Intemnity Clouses','the-guide-to-understanding-intemnity-clouses',419,10,'0',62,'2006','88','658.723','ADOC',13,3,1,'2025-03-25 16:25:55','2025-03-25 16:25:55',NULL),(657,'NDEL-640',640,'Bridge Engineering Handbook','bridge-engineering-handbook',496,13,'2nd',68,'2014','645','624.2','CHEE',15,3,1,'2025-03-25 16:27:30','2025-03-25 16:27:30',NULL),(658,'NDEL-641',641,'The Inevitable','the-inevitable',665,30,'0',107,'2016','328','303.483','KELI',32,3,1,'2025-03-25 16:29:50','2025-03-25 16:37:42',NULL),(659,'NDEL-642',642,'Planning And Design Of Airport','planning-and-design-of-airport',635,13,'5th',58,'2010','670','625','HORP',15,3,1,'2025-03-25 16:37:33','2025-03-25 16:37:33',NULL),(660,'NDEL-643',643,'Managing Airport','managing-airport',593,13,'3rd',71,'2016','333','303.483','GRMM',15,3,1,'2025-03-25 16:39:01','2025-03-25 16:41:41',NULL),(661,'NDEL-644',644,'Airport Planning & Management ','airport-planning-management',915,13,'6th',58,'2016','588','387','YOUM',15,3,1,'2025-03-25 16:41:30','2025-03-25 16:41:30',NULL),(662,'NDEL-645',645,'Airport Planning & Management ','airport-planning-management',593,13,'3rd',71,'2016','333','303.483','GRMM',15,3,1,'2025-03-25 16:42:04','2025-03-25 16:42:04',NULL),(663,'NDEL-646',646,'Bridge Engineering','bridge-engineering',550,13,'3rd',72,'2016','489','624.2','BINB',15,3,1,'2025-03-25 16:43:56','2025-03-25 16:43:56',NULL),(664,'NDEL-647',647,'Bridge Engineering','bridge-engineering',778,13,'2nd',58,'2015','797','624.2','PONB',15,3,1,'2025-03-25 16:45:28','2025-03-25 16:45:41',NULL),(665,'NDEL-648',648,'Public - Private Partnership','public-private-partnership',422,31,'0',58,'2003','422','332.1068','AKJP',30,3,1,'2025-03-25 16:47:32','2025-03-25 16:47:43',NULL),(666,'NDEL-649',649,'Design Of Bridges','design-of-bridges',791,13,'4th',33,'2015','572','624.25','RAJB',16,3,1,'2025-03-25 16:50:35','2025-03-25 16:50:35',NULL),(667,'NDEL-650',650,'Policy, Finance & Management For Ppp','policy-finance-management-for-ppp',422,31,'0',33,'2015','469','332.1068','AKIP',30,3,1,'2025-03-25 16:52:02','2025-03-25 16:52:02',NULL),(668,'NDEL-651',651,'Civil Engineering & Construction Management','civil-engineering-construction-management',746,13,'0',15,'1999','434','338.4','NICC',15,3,1,'2025-03-25 16:54:16','2025-03-25 16:54:16',NULL),(669,'NDEL-652',652,'Civil Engineering & Construction Management','civil-engineering-construction-management',746,13,'0',15,'1999','434','338.4','NICC',15,3,1,'2025-03-25 16:54:33','2025-03-25 16:54:33',NULL),(670,'NDEL-653',653,'Airport Engineering','airport-engineering',433,13,'4th',22,'2011','753','625','NORA',15,3,1,'2025-03-25 16:56:54','2025-03-25 16:56:54',NULL),(671,'NDEL-654',654,'Principles Of Foundation Engineering','principles-of-foundation-engineering',527,13,'7th',5,'2011','794','624.15','DASP',15,3,1,'2025-03-25 16:58:15','2025-03-25 16:58:15',NULL),(672,'NDEL-655',655,'Principles Of Foundation Engineering','principles-of-foundation-engineering',527,13,'7th',5,'2011','794','624.15','DASP',15,3,1,'2025-03-25 16:58:38','2025-03-25 16:58:38',NULL),(673,'NDEL-656',656,'Principles Of Foundation Engineering','principles-of-foundation-engineering',527,13,'7th',5,'2011','794','624.15','DASP',15,3,1,'2025-03-25 16:59:02','2025-03-25 16:59:02',NULL),(674,'NDEL-657',657,'Transportation Engineering','transportation-engineering',896,13,'7th',57,'2013','786','629.04','VAZT',15,3,1,'2025-03-25 17:02:45','2025-03-25 17:02:45',NULL),(675,'NDEL-658',658,'Waterpower Engineering','waterpower-engineering',523,13,'2nd',2,'2013','610','621.3121','DANW',15,3,1,'2025-03-25 17:06:50','2025-03-25 17:06:50',NULL),(676,'NDEL-659',659,'Waste Water Engineering','waste-water-engineering',555,13,'0',96,'1983','660','628.3','PUNW',15,3,1,'2025-03-25 17:08:30','2025-03-25 17:08:30',NULL),(677,'NDEL-660',660,'Power Plant Engineering','power-plant-engineering',610,13,'0',16,'2015','341','621.31','GUPP',15,3,1,'2025-03-25 17:18:28','2025-03-25 17:18:28',NULL),(678,'NDEL-661',661,'Civil Engineering','civil-engineering',675,13,'0',59,'2015','724','624','KHUC',15,3,1,'2025-03-25 17:20:45','2025-03-25 17:20:45',NULL),(679,'NDEL-662',662,'Bridge Engineering','bridge-engineering',778,13,'3rd',58,'2017','889','624.2','PONB',15,3,1,'2025-03-25 17:24:43','2025-03-25 17:24:43',NULL),(680,'NDEL-663',663,'Essential Of Bridge Engineering','essential-of-bridge-engineering',902,13,'6th',33,'2015','480','624.2','VICB',16,3,1,'2025-03-26 10:23:32','2025-03-26 10:23:32',NULL),(681,'NDEL-664',664,'Essential Of Bridge Engineering','essential-of-bridge-engineering',902,13,'6th',33,'2015','480','624.2','VICB',16,3,1,'2025-03-26 10:23:53','2025-03-26 10:23:53',NULL),(682,'NDEL-665',665,'Bridge Engineering','bridge-engineering',778,13,'3rd',58,'2017','889','624.2','PONB',16,3,1,'2025-03-26 10:25:51','2025-03-26 10:25:51',NULL),(683,'NDEL-666',666,'Dock And Harbour Engineering','dock-and-harbour-engineering',754,13,'7th',70,'2013','381','627.2','OZAD',16,3,1,'2025-03-26 10:27:35','2025-03-26 10:27:35',NULL),(684,'NDEL-667',667,'Value Engineering','value-engineering',733,13,'00',9,'2013','188','624','MUKV',16,3,1,'2025-03-26 10:28:53','2025-03-26 10:28:53',NULL),(685,'NDEL-668',668,'Bridge Engineering','bridge-engineering',455,13,'9th',72,'2007','489','624.2','BINB',15,3,1,'2025-03-26 10:31:31','2025-03-26 10:31:31',NULL),(686,'NDEL-669',669,'Energy Source','energy-source',787,13,'0',57,'2016','912','621.042','RAIE',16,3,1,'2025-03-26 10:33:28','2025-03-26 10:33:35',NULL),(687,'NDEL-670',670,'Civil Engineering Materials','civil-engineering-materials',869,13,'2nd',3,'2012','477','624.18','SOME',16,3,1,'2025-03-26 10:35:57','2025-03-26 10:35:57',NULL),(688,'NDEL-671',671,'Civil Engineering Materials','civil-engineering-materials',869,13,'2nd',3,'2012','477','624.18','SOME',16,3,1,'2025-03-26 10:36:14','2025-03-26 10:36:14',NULL),(689,'NDEL-672',672,'Waste Water Treatment For Pollution Control And Resume','waste-water-treatment-for-pollution-control-and-resume',429,13,'3rd',58,'2010','670','628.3','ARCW',15,3,1,'2025-03-26 10:54:44','2025-03-26 10:54:44',NULL),(690,'NDEL-673',673,'Planning And Design Of Airport','planning-and-design-of-airport',635,13,'5th',58,'2010','670','629.136','HORP',15,3,1,'2025-03-26 10:55:35','2025-03-26 10:55:35',NULL),(691,'NDEL-674',674,'Transportation Engineering','transportation-engineering',897,13,'2nd',57,'2015','734','629.04','VAZT',16,3,1,'2025-03-26 10:57:39','2025-03-26 11:00:38',NULL),(692,'NDEL-675',675,'Traffic Engineering And Transport Planning','traffic-engineering-and-transport-planning',553,13,'6th',57,'2015','911','629.04','KADT',16,3,1,'2025-03-26 10:59:02','2025-03-26 10:59:02',NULL),(693,'NDEL-676',676,'Civil Engineering','civil-engineering',896,13,'6th',57,'2015','1136','692.5','VAZC',16,3,1,'2025-03-26 11:00:20','2025-03-26 11:00:20',NULL),(694,'NDEL-677',677,'Civil Engineering','civil-engineering',613,13,'3rd',39,'2002','550','624','GUPC',16,3,1,'2025-03-26 11:02:33','2025-03-26 11:02:33',NULL),(695,'NDEL-678',678,'Public - Private Partnership','public-private-partnership',797,31,'0',6,'2010','335','332.1','RAMP',30,3,1,'2025-03-26 11:04:25','2025-03-26 11:04:25',NULL),(696,'NDEL-679',679,'Public - Private Partnership','public-private-partnership',797,31,'0',6,'2010','335','332.1','RAMP',30,3,1,'2025-03-26 11:04:50','2025-03-26 11:04:50',NULL),(697,'NDEL-680',680,'Highway Engineering','highway-engineering',671,13,'10th',108,'2015','773','625.7','KHAH',15,3,1,'2025-03-26 12:10:07','2025-03-26 12:10:37',NULL),(698,'NDEL-681',681,'Total Quality Management','total-quality-management',451,33,'4th',3,'2015','596','658.56205','BEST',30,3,1,'2025-03-26 12:13:11','2025-03-26 12:13:29',NULL),(699,'NDEL-682',682,'Total Quality Management','total-quality-management',451,33,'4th',3,'2015','596','658.56205','BEST',30,3,1,'2025-03-26 12:13:43','2025-03-26 12:13:43',NULL),(700,'NDEL-683',683,'Environmental Management System','environmental-management-system',888,14,'4th',3,'2016','176','658','TINE',12,3,1,'2025-03-26 12:15:32','2025-03-26 12:16:36',NULL),(701,'NDEL-684',684,'Environmental Management System','environmental-management-system',888,14,'4th',3,'2016','176','658','TINE',12,3,1,'2025-03-26 12:17:57','2025-03-26 12:17:57',NULL),(702,'NDEL-685',685,'Introduction To Envirnoment Management','introduction-to-envirnoment-management',879,14,'3rd',16,'2015','404','363.7','SULE',12,3,1,'2025-03-26 12:19:36','2025-03-26 12:19:36',NULL),(703,'NDEL-686',686,' Business Environment','business-environment',821,14,'3rd',3,'2015','896','658.00954','SALB',12,3,1,'2025-03-26 12:21:52','2025-03-26 12:21:52',NULL),(704,'NDEL-687',687,'Understanding Environment','understanding-environment',500,14,'3rd',3,'2004','331','333.72','CHHE',12,3,1,'2025-03-26 12:27:42','2025-03-26 12:27:42',NULL),(705,'NDEL-688',688,'Understanding Envirnoment','understanding-envirnoment',500,14,'3rd',3,'2004','331','333.72','CHHE',12,3,1,'2025-03-26 12:28:02','2025-03-26 12:28:02',NULL),(706,'NDEL-689',689,'Environmental Management','environmental-management',685,14,'2nd',16,'2015','267','363.7','KRIE',12,3,1,'2025-03-26 12:41:09','2025-03-26 12:41:09',NULL),(707,'NDEL-690',690,'Project Management Concepts Methods And Techniques','project-management-concepts-methods-and-techniques',708,32,'2nd',68,'2012','453','658.404','MALM',9,3,1,'2025-03-26 12:42:40','2025-03-26 12:43:32',NULL),(708,'NDEL-691',691,'Project Management','project-management',594,32,'6th',58,'2015','917','658.404','GRAP',9,3,1,'2025-03-26 12:45:08','2025-03-26 12:45:08',NULL),(709,'NDEL-692',692,'Project Management','project-management',436,32,'6th',68,'2015','564','658.404','BADP',9,3,1,'2025-03-26 12:47:02','2025-03-26 12:47:02',NULL),(710,'NDEL-693',693,'Project Management','project-management',505,32,'0',58,'2014','244','658.404','CHOP',9,3,1,'2025-03-26 12:48:09','2025-03-26 12:48:09',NULL),(711,'NDEL-694',694,'The Project Management Communication Toolkit','the-project-management-communication-toolkit',651,32,'0',68,'2010','182','658.404','JHAP',9,3,1,'2025-03-26 12:49:34','2025-03-26 12:49:34',NULL),(712,'NDEL-695',695,'Architects & Project Managers ','architects-project-managers',489,32,'4th',55,'2006','281','344.41017','CHAA',36,3,1,'2025-03-26 12:52:53','2025-03-26 12:52:53',NULL),(713,'NDEL-696',696,'Environmental Impact Assessment','environmental-impact-assessment',444,14,'0',63,'2012','412','333.714','BARE',12,3,1,'2025-03-26 12:54:58','2025-03-26 12:54:58',NULL),(714,'NDEL-697',697,'Total Quality Management','total-quality-management',732,33,'0',16,'2015','418','658.4013','MUKT',30,3,1,'2025-03-26 12:56:56','2025-03-26 12:59:52',NULL),(715,'NDEL-698',698,'Environmental Management','environmental-management',685,14,'2nd',16,'2015','267','658','KRIE',12,3,1,'2025-03-26 12:59:37','2025-03-26 12:59:37',NULL),(716,'NDEL-699',699,'Environmental Impact Assessment Methodology','environmental-impact-assessment-methodology',426,14,'2nd',13,'2010','428','363.7','ANJE',30,3,1,'2025-03-26 13:01:59','2025-03-26 13:01:59',NULL),(717,'NDEL-700',700,'Environmental Impact Assessment Methodology','environmental-impact-assessment-methodology',426,14,'2nd',13,'2010','428','363.7','ANJE',30,3,1,'2025-03-26 13:02:15','2025-03-26 13:02:15',NULL),(718,'NDEL-701',701,'Project Management Tools And Techniques For Success','project-management-tools-and-techniques-for-success',883,32,'2nd',68,'2013','270','658.404','TAYP',9,3,1,'2025-03-26 13:04:30','2025-03-26 13:04:30',NULL),(719,'NDEL-702',702,'Project Management Tools And Techniques  For Success','project-management-tools-and-techniques-for-success',883,32,'2nd',68,'2013','270','658.404','TAYP',9,3,1,'2025-03-26 13:04:44','2025-03-26 13:04:44',NULL),(720,'NDEL-703',703,'Project Management Theory And Practice','project-management-theory-and-practice',805,32,'0',68,'2011','550','658.404','RICP',9,3,1,'2025-03-26 14:18:54','2025-03-26 14:19:10',NULL),(721,'NDEL-704',704,'Effective Project Management','effective-project-management',914,32,'7th',7,'2014','726','658.404','WYSE',9,3,1,'2025-03-26 14:20:42','2025-03-26 14:20:42',NULL),(722,'NDEL-705',705,'Project Management','project-management',722,32,'8th',7,'2012','586','658.404','MERP',10,3,1,'2025-03-26 14:21:54','2025-03-26 14:21:54',NULL),(723,'NDEL-706',706,'A Management Guide To Pert/cpm','a-management-guide-to-pertcpm',911,32,'2nd',16,'2014','229','658.404','WIEM',10,3,1,'2025-03-26 14:23:28','2025-03-26 14:23:28',NULL),(724,'NDEL-707',707,'Critical Path Analysis In Practice','critical-path-analysis-in-practice',886,32,'0',16,'2001','151','658.4','THOC',10,3,1,'2025-03-26 14:24:48','2025-03-26 14:24:48',NULL),(725,'NDEL-708',708,'Project Management Theory And Practice','project-management-theory-and-practice',805,32,'0',68,'2010','550','658.404','RICP',10,3,1,'2025-03-26 14:26:13','2025-03-26 14:26:13',NULL),(726,'NDEL-709',709,'Plumbing Design And Practice','plumbing-design-and-practice',539,13,'2nd',58,'2016','292','628','DEOP',16,3,1,'2025-03-26 14:28:58','2025-03-26 14:29:12',NULL),(727,'NDEL-710',710,'Highway Engineering','highway-engineering',671,13,'10th',108,'2015','773','625.7','KHAH',16,3,1,'2025-03-26 14:31:17','2025-03-26 14:31:17',NULL),(728,'NDEL-711',711,'Artificial Intelligence','artificial-intelligence',742,30,'2nd',68,'2018','466','681','NEOA',31,3,1,'2025-03-26 14:59:02','2025-03-26 14:59:13',NULL),(729,'NDEL-712',712,'The Management Of Quality Construction ','the-management-of-quality-construction',432,8,'0',74,'2018','237','690.2','ASHT',22,3,1,'2025-03-26 15:01:27','2025-03-26 15:01:38',NULL),(730,'NDEL-713',713,'Total Quality Management','total-quality-management',451,33,'4th',3,'2015','596','658.4013','BEST',30,3,1,'2025-03-26 15:03:35','2025-03-26 15:03:35',NULL),(731,'NDEL-714',714,'Total Quality Management','total-quality-management',878,33,'4th',16,'2014','394','658.4013','SUGT',30,3,1,'2025-03-26 15:05:13','2025-03-26 15:05:13',NULL),(732,'NDEL-715',715,'The Management Of Quality Construction ','the-management-of-quality-construction',432,8,'0',74,'2005','231 ','690.2','ASHT',23,3,1,'2025-03-26 15:08:51','2025-03-26 15:08:51',NULL),(733,'NDEL-716',716,'Total Quality Management','total-quality-management',647,33,'0',16,'2015','250','658.401','JANT',30,3,1,'2025-03-26 15:10:37','2025-03-26 15:10:37',NULL),(734,'NDEL-717',717,'Total Quality Management','total-quality-management',861,33,'0',109,'2000','242','658.401','MOHT',30,3,1,'2025-03-26 15:12:26','2025-03-26 15:13:18',NULL),(735,'NDEL-718',718,'Total Quality Management','total-quality-management',861,33,'0',109,'2000','242','658.401','MOHT',30,3,1,'2025-03-26 15:13:44','2025-03-26 15:13:44',NULL),(736,'NDEL-719',719,'Highway Engineering','highway-engineering',658,13,'0',109,'2015','866','625.7','KADH',16,3,1,'2025-03-26 15:17:08','2025-03-26 15:17:08',NULL),(737,'NDEL-720',720,'Water Supply Engineering','water-supply-engineering',555,13,'0',109,'1995','584','628.1','PUNW',16,3,1,'2025-03-26 15:19:14','2025-03-26 15:19:14',NULL),(738,'NDEL-721',721,'Environmental Impact Assessment Theory &practice','environmental-impact-assessment-theory-practice',802,14,'0',13,'1995','756','363.7','REDE',12,3,1,'2025-03-26 15:20:38','2025-03-26 15:20:52',NULL),(739,'NDEL-722',722,'Environmental Science','environmental-science',826,14,'0',13,'1995','1529','363.7','SANE',12,3,1,'2025-03-26 15:22:42','2025-03-26 15:22:42',NULL),(740,'NDEL-723',723,'Waste Water Engineering','waste-water-engineering',723,13,'4th',58,'2015','1819','628.3','METW',16,3,1,'2025-03-26 15:25:23','2025-03-26 15:25:23',NULL),(741,'NDEL-724',724,'Gate 2017 Civil Engineering','gate-2017-civil-engineering',581,13,'0',110,'2017','16.70','624','GATE',16,3,1,'2025-03-26 15:44:57','2025-03-26 15:45:47',NULL),(742,'NDEL-725',725,'Industrial Safety Health Environmental Management System','industrial-safety-health-environmental-management-system',646,14,'0',57,'2011','1151','362.11','JAII',12,3,1,'2025-03-26 15:46:57','2025-03-26 15:47:27',NULL),(743,'NDEL-726',726,'A Study On Infrastructure Development','a-study-on-infrastructure-development',680,18,'0',15,'2016','70','711.4','KONA',30,3,1,'2025-03-26 15:49:20','2025-03-26 15:49:20',NULL),(744,'NDEL-727',727,'A Study On Infrasturcture Development','a-study-on-infrasturcture-development',680,18,'0',15,'2016','70','711.4','KONA',30,3,1,'2025-03-26 15:49:31','2025-03-26 15:49:31',NULL),(745,'NDEL-728',728,'A Study On Infrastructure Development','a-study-on-infrastructure-development',680,18,'0',15,'2016','70','711.4','KONA',30,3,1,'2025-03-26 15:49:39','2025-03-26 15:49:39',NULL),(746,'NDEL-729',729,'A Study On Infrastructure Development','a-study-on-infrastructure-development',680,18,'0',15,'2016','70','711.4','KONA',30,3,1,'2025-03-26 15:49:48','2025-03-26 15:49:48',NULL),(747,'NDEL-730',730,'Quality Management','quality-management',586,33,'3rd',4,'2010','763','658.562015','GITQ',30,3,1,'2025-03-26 15:52:03','2025-03-26 15:52:03',NULL),(748,'NDEL-731',731,'Quality Management','quality-management',586,33,'3rd',4,'2010','763','658.562015','GITQ',30,3,1,'2025-03-26 15:52:26','2025-03-26 15:52:26',NULL),(749,'NDEL-732',732,'Quality Management','quality-management',586,33,'3rd',4,'2010','763','658.562015','GITQ',30,3,1,'2025-03-26 15:52:31','2025-03-26 15:52:31',NULL),(750,'NDEL-733',733,'Quality Management','quality-management',586,33,'3rd',4,'2010','763','658.562015','GITQ',30,3,1,'2025-03-26 15:52:37','2025-03-26 15:52:37',NULL),(751,'NDEL-734',734,'Quality In Management In Contruction Projects','quality-in-management-in-contruction-projects',814,33,'2nd',68,'2018','537','690.0685','RUMQ',22,3,1,'2025-03-26 16:10:41','2025-03-26 16:10:59',NULL),(752,'NDEL-735',735,'Quality In Management In Contruction Projects','quality-in-management-in-contruction-projects',814,33,'2nd',68,'2018','537','690.0685','RUMQ',22,3,1,'2025-03-26 16:11:11','2025-03-26 16:11:11',NULL),(753,'NDEL-736',736,'Research Methodology ','research-methodology',926,5,'4th',9,'2014','399','001.42','KUMR',17,3,1,'2025-03-26 16:16:59','2025-03-26 16:16:59',NULL),(754,'NDEL-737',737,'Research Methodology ','research-methodology',926,5,'4th',9,'2014','399','001.42','KUMR',17,3,1,'2025-03-26 16:17:16','2025-03-26 16:17:16',NULL),(755,'NDEL-738',738,'Fundamentals Of Quality Control And Improvement','fundamentals-of-quality-control-and-improvement',729,33,'3rd',7,'2008','700','658.562','MITQ',30,3,1,'2025-03-26 16:20:04','2025-03-26 16:20:04',NULL),(756,'NDEL-739',739,'Fundamentals Of Quality Control And Improvement','fundamentals-of-quality-control-and-improvement',729,33,'3rd',7,'2008','700','658.562','MITQ',30,3,1,'2025-03-26 16:20:17','2025-03-26 16:20:17',NULL),(757,'NDEL-740',740,'Construction Quilty Management','construction-quilty-management',906,33,'0',111,'2011','313','658.562','WATC',30,3,1,'2025-03-26 16:22:34','2025-03-26 16:22:59',NULL),(758,'NDEL-741',741,'Quality Management','quality-management',759,33,'0',16,'2014','414','658.401','PANQ',30,3,1,'2025-03-26 16:24:57','2025-03-26 16:24:57',NULL),(759,'NDEL-742',742,'Total Quality Management','total-quality-management',490,33,'2nd',3,'2011','587','658.562','CHAT',30,3,1,'2025-03-26 16:27:10','2025-03-26 16:27:10',NULL),(760,'NDEL-743',743,'Quality Tools For Managing Construction Projects','quality-tools-for-managing-construction-projects',814,33,'2nd',68,'2013','381','624.0684','RUNQ',30,3,1,'2025-03-26 16:29:39','2025-03-26 16:29:39',NULL),(761,'NDEL-744',744,'Materials Management','materials-management',590,26,'0',16,'2014','276','658.7','GOPM',11,3,1,'2025-03-26 16:34:34','2025-03-26 16:34:34',NULL),(762,'NDEL-745',745,'Materials Management','materials-management',590,26,'0',16,'2014','276','658.7','GOPM',11,3,1,'2025-03-26 16:35:08','2025-03-26 16:35:08',NULL),(763,'NDEL-746',746,'Materials Management','materials-management',590,26,'0',16,'2014','276','658.7','GOPM',11,3,1,'2025-03-26 16:35:18','2025-03-26 16:35:18',NULL),(764,'NDEL-747',747,'Materials And Purchasing Management','materials-and-purchasing-management',508,26,'2nd',8,'2012','402','658.72','CHUM',11,3,1,'2025-03-26 16:40:36','2025-03-26 16:40:36',NULL),(765,'NDEL-748',748,'Materials And Purchasing Management','materials-and-purchasing-management',508,26,'2nd',8,'2012','402','658.72','CHUM',11,3,1,'2025-03-26 16:40:50','2025-03-26 16:40:50',NULL),(766,'NDEL-749',749,'Materials And Purchasing Management','materials-and-purchasing-management',508,26,'2nd',8,'2012','402','658.72','CHUM',11,3,1,'2025-03-26 16:41:07','2025-03-26 16:41:07',NULL),(767,'NDEL-750',750,'Materials And Purchasing Management','materials-and-purchasing-management',508,26,'2nd',8,'2012','402','658.72','CHUM',11,3,1,'2025-03-26 16:41:15','2025-03-26 16:41:15',NULL),(768,'NDEL-751',751,'Handbook Of Materials Management','handbook-of-materials-management',589,26,'00',16,'2011','446','658.7','GOPM',11,3,1,'2025-03-26 16:44:05','2025-03-26 16:44:05',NULL),(769,'NDEL-752',752,'Handbook Of Materials Management','handbook-of-materials-management',589,26,'00',16,'2011','446','658.7','GOPM',11,3,1,'2025-03-26 16:44:28','2025-03-26 16:44:28',NULL),(770,'NDEL-753',753,'Materials Management','materials-management',411,26,'00',39,'2010','399','658.7','AHUM',11,3,1,'2025-03-26 16:47:15','2025-03-26 16:47:15',NULL),(771,'NDEL-754',754,'Materials Management','materials-management',411,26,'00',39,'2010','399','658.7','AHUM',11,3,1,'2025-03-26 16:47:31','2025-03-26 16:47:31',NULL),(772,'NDEL-755',755,'Materials Management','materials-management',502,26,'3rd',16,'2014','501','658.7','CHIM',11,3,1,'2025-03-26 16:48:46','2025-03-26 16:48:46',NULL),(773,'NDEL-756',756,'Materials Management','materials-management',502,26,'3rd',16,'2014','501','658.7','CHIM',11,3,1,'2025-03-26 16:49:03','2025-03-26 16:49:03',NULL),(774,'NDEL-757',757,'Purchasing And Materials Management','purchasing-and-materials-management',589,26,'0',58,'2013','439','658.7','GOPM',11,3,1,'2025-03-26 16:50:27','2025-03-26 16:50:43',NULL),(775,'NDEL-758',758,'Purchasing And Materials Management','purchasing-and-materials-management',589,26,'0',58,'2013','439','658.7','GOPM',11,3,1,'2025-03-26 16:50:58','2025-03-26 16:50:58',NULL),(776,'NDEL-759',759,'Materials Management','materials-management',532,26,'2nd',16,'2014','404','658.7','DATM',11,3,1,'2025-03-26 16:52:11','2025-03-26 16:52:11',NULL),(777,'NDEL-760',760,'Materials Management','materials-management',532,26,'2nd',16,'2014','404','658.7','DATM',11,3,1,'2025-03-26 16:52:23','2025-03-26 16:52:23',NULL),(778,'NDEL-761',761,'Materials Management','materials-management',532,26,'2nd',16,'2014','404','658.7','DATM',11,3,1,'2025-03-26 16:52:30','2025-03-26 16:52:30',NULL),(779,'NDEL-762',762,'Materials Management','materials-management',532,26,'2nd',16,'2014','404','658.7','DATM',11,3,1,'2025-03-26 16:52:36','2025-03-26 16:52:36',NULL),(780,'NDEL-763',763,'Materials Management','materials-management',532,26,'2nd',16,'2014','404','658.7','DATM',11,3,1,'2025-03-26 16:52:42','2025-03-26 16:52:42',NULL),(781,'NDEL-764',764,'Materials For Civil And Construction Engineering','materials-for-civil-and-construction-engineering',711,26,'3rd',3,'2015','612','624.18','MAMM',11,3,1,'2025-03-26 16:59:05','2025-03-26 16:59:05',NULL),(782,'NDEL-765',765,'Handbook Of Materials Management','handbook-of-materials-management',591,26,'2nd',3,'2015','790','658.7','GOPM',11,3,1,'2025-03-26 17:00:42','2025-03-26 17:00:42',NULL),(783,'NDEL-766',766,'Handbook Of Materials Management','handbook-of-materials-management',591,26,'2nd',3,'2015','790','658.7','GOPM',11,3,1,'2025-03-26 17:00:55','2025-03-26 17:00:55',NULL),(784,'NDEL-767',767,'Materials Management','materials-management',502,26,'3rd',16,'2014','501','658.7','CHIM',11,3,1,'2025-03-26 17:03:30','2025-03-26 17:03:30',NULL),(785,'NDEL-768',768,'Materials Management','materials-management',502,26,'3rd',16,'2014','501','658.7','CHIM',11,3,1,'2025-03-26 17:03:43','2025-03-26 17:03:43',NULL),(786,'NDEL-769',769,'Quantitative Techniques','quantitative-techniques',890,34,'0',3,'2014','12.18','658.4033','TULQ',19,3,1,'2025-03-27 10:06:54','2025-03-27 10:06:54',NULL),(787,'NDEL-770',770,'Quantitative Techniques Management','quantitative-techniques-management',903,34,'4th',58,'2014','1063','658.4033','VOHQ',19,3,1,'2025-03-27 10:08:25','2025-03-27 10:08:25',NULL),(788,'NDEL-771',771,' Case Studies In Operation Research','case-studies-in-operation-research',735,28,'4th',61,'2014','1063','543','MURO',19,3,1,'2025-03-27 10:09:47','2025-03-27 10:09:47',NULL),(789,'NDEL-772',772,'Operation Research','operation-research',882,28,'9th',3,'2014','816','658.4034','TAHO',19,3,1,'2025-03-27 10:11:01','2025-03-27 10:11:01',NULL),(790,'NDEL-773',773,'Operation Research','operation-research',882,28,'9th',3,'2014','816','658.4034','TAHO',19,3,1,'2025-03-27 10:11:17','2025-03-27 10:11:17',NULL),(791,'NDEL-774',774,'Operation Research','operation-research',882,28,'9th',3,'2014','816','658.4034','TAHO',19,3,1,'2025-03-27 10:11:23','2025-03-27 10:11:23',NULL),(792,'NDEL-775',775,'Operation Research','operation-research',882,28,'9th',3,'2014','816','658.4034','TAHO',19,3,1,'2025-03-27 10:11:30','2025-03-27 10:11:30',NULL),(793,'NDEL-776',776,'Quantitative Techniques For Management','quantitative-techniques-for-management',700,34,'0',3,'2010','13.33','658.4034','LEVQ',19,3,1,'2025-03-27 10:15:27','2025-03-27 10:21:06',NULL),(794,'NDEL-777',777,'Quantitative Techniques For Decision Making','quantitative-techniques-for-decision-making',609,34,'4th',16,'2011','758','658.4033','GUPQ',19,3,1,'2025-03-27 10:18:29','2025-03-27 10:24:56',NULL),(795,'NDEL-778',778,'Quantitative Techniques For Decision Making','quantitative-techniques-for-decision-making',609,34,'4th',16,'2011','758','658.4033','GUPQ',19,3,1,'2025-03-27 10:18:43','2025-03-27 10:24:25',NULL),(796,'NDEL-779',779,'Quantitative Techniques For Decision Making','quantitative-techniques-for-decision-making',670,34,'4th',16,'2011','758','658.4033','KHAQ',19,3,1,'2025-03-27 10:19:56','2025-03-27 10:24:08',NULL),(797,'NDEL-780',780,'Quantitative Techniques For Decision Making','quantitative-techniques-for-decision-making',670,34,'4th',16,'2011','758','658.4033','KHAQ',19,3,1,'2025-03-27 10:20:13','2025-03-27 10:23:56',NULL),(798,'NDEL-781',781,'Quantitative Techniques For Decision Making','quantitative-techniques-for-decision-making',670,34,'4th',16,'2011','758','658.4033','KHAQ',19,3,1,'2025-03-27 10:20:18','2025-03-27 10:23:47',NULL),(799,'NDEL-782',782,'Quantitative Techniques For Decision Making','quantitative-techniques-for-decision-making',670,34,'4th',16,'2011','758','658.4033','KHAQ',19,3,1,'2025-03-27 10:20:24','2025-03-27 10:23:35',NULL),(800,'NDEL-783',783,'Quantitative Techniques For Decision Making','quantitative-techniques-for-decision-making',670,34,'4th',16,'2011','758','658.4033','KHAQ',19,3,1,'2025-03-27 10:20:31','2025-03-27 10:23:29',NULL),(801,'NDEL-784',784,'Quantitative Techniques For Decision Making','quantitative-techniques-for-decision-making',670,34,'4th',16,'2011','758','658.4033','KHAQ',19,3,1,'2025-03-27 10:20:37','2025-03-27 10:23:22',NULL),(802,'NDEL-785',785,'Operation Research','operation-research',889,28,'0',16,'2013','292','658.4033','TIWO',19,3,1,'2025-03-27 10:40:08','2025-03-27 10:40:08',NULL),(803,'NDEL-786',786,'Operation Research','operation-research',759,28,'2nd',16,'2015','608','658.4033','PANO',18,3,1,'2025-03-27 10:41:09','2025-03-27 10:41:09',NULL),(804,'NDEL-787',787,'Operation Research','operation-research',759,28,'2nd',16,'2015','608','658.4033','PANO',18,3,1,'2025-03-27 10:41:25','2025-03-27 10:41:25',NULL),(805,'NDEL-788',788,'Operation Research','operation-research',759,28,'2nd',16,'2015','608','658.4033','PANO',18,3,1,'2025-03-27 10:41:32','2025-03-27 10:41:32',NULL),(806,'NDEL-789',789,'Operation Research','operation-research',759,28,'2nd',16,'2015','608','658.4033','PANO',18,3,1,'2025-03-27 10:41:37','2025-03-27 10:41:37',NULL),(807,'NDEL-790',790,'Operation Research','operation-research',784,28,'0',5,'2012','439','658.4033','PRAO',18,3,1,'2025-03-27 10:42:51','2025-03-27 10:43:08',NULL),(808,'NDEL-791',791,'Operation Research','operation-research',784,28,'0',5,'2012','439','658.4033','PRAO',18,3,1,'2025-03-27 10:43:22','2025-03-27 10:43:22',NULL),(809,'NDEL-792',792,'Operation Research','operation-research',741,28,'2nd',3,'2014','728','658.4033','NATO',18,3,1,'2025-03-27 10:44:37','2025-03-27 10:44:37',NULL),(810,'NDEL-793',793,'Operation Research','operation-research',741,28,'2nd',3,'2014','728','658.4033','NATO',18,3,1,'2025-03-27 10:44:58','2025-03-27 10:44:58',NULL),(811,'NDEL-794',794,'Operation Research','operation-research',741,28,'2nd',3,'2014','728','658.4033','NATO',18,3,1,'2025-03-27 10:45:09','2025-03-27 10:45:09',NULL),(812,'NDEL-795',795,'Operation Research','operation-research',627,28,'9th',58,'2010','102','658.4033','HILO',18,3,1,'2025-03-27 10:46:41','2025-03-27 10:46:41',NULL),(813,'NDEL-796',796,'Operation Research','operation-research',627,28,'9th',58,'2010','102','658.4033','HILO',18,3,1,'2025-03-27 10:47:01','2025-03-27 10:47:01',NULL),(814,'NDEL-797',797,'Operation Research','operation-research',627,28,'9th',58,'2010','102','658.4033','HILO',18,3,1,'2025-03-27 10:47:10','2025-03-27 10:47:10',NULL),(815,'NDEL-798',798,'Operation Research','operation-research',627,28,'9th',58,'2010','102','658.4033','HILO',18,3,1,'2025-03-27 10:47:17','2025-03-27 10:47:17',NULL),(816,'NDEL-799',799,'Estimating And Costing','estimating-and-costing',457,15,'0',72,'2010','1025','658.4033','BIRE',29,3,1,'2025-03-27 10:51:54','2025-03-27 10:51:54',NULL),(817,'NDEL-800',800,'Estimating And Costing','estimating-and-costing',457,15,'0',72,'2010','1025','658.4033','BIRE',29,3,1,'2025-03-27 10:52:06','2025-03-27 10:52:06',NULL),(818,'NDEL-801',801,'Estimating Costing And Valuation','estimating-costing-and-valuation',798,15,'16th',70,'2014','895','624.0299','RANE',29,3,1,'2025-03-27 10:54:28','2025-03-27 10:54:28',NULL),(819,'NDEL-802',802,'Estimating  Costing And Valuation','estimating-costing-and-valuation',798,15,'16th',70,'2014','895','624.0299','RANE',29,3,1,'2025-03-27 10:54:48','2025-03-27 10:54:48',NULL),(820,'NDEL-803',803,'Estimating Construction Costs','estimating-construction-costs',768,15,'5th',4,'2011','560','624.0299','PEUE',29,3,1,'2025-03-27 10:57:49','2025-03-27 10:57:49',NULL),(821,'NDEL-804',804,'Estimating  Construction Costs','estimating-construction-costs',768,15,'5th',4,'2011','560','624.0299','PEUE',29,3,1,'2025-03-27 10:58:00','2025-03-27 10:58:00',NULL),(822,'NDEL-805',805,'Estimating And Costing In Civil Engineering ','estimating-and-costing-in-civil-engineering',565,15,'27th',76,'2012','904','624.0299','DUTE',29,3,1,'2025-03-27 10:59:38','2025-03-27 10:59:38',NULL),(823,'NDEL-806',806,'Estimating And Costing In Civil Engineering ','estimating-and-costing-in-civil-engineering',565,15,'27th',76,'2012','904','624.0299','DUTE',29,3,1,'2025-03-27 11:00:21','2025-03-27 11:00:21',NULL),(824,'NDEL-807',807,'Estimating And Costing In Civil Engineering ','estimating-and-costing-in-civil-engineering',565,15,'27th',76,'2012','904','624.0299','DUTE',29,3,1,'2025-03-27 11:00:27','2025-03-27 11:00:27',NULL),(825,'NDEL-808',808,'Estimating And Costing In Civil Engineering ','estimating-and-costing-in-civil-engineering',565,15,'27th',76,'2012','904','624.0299','DUTE',29,3,1,'2025-03-27 11:00:33','2025-03-27 11:00:33',NULL),(826,'NDEL-809',809,'Estimating, Costing Specification & Valuation In Civil Engineering','estimating-costing-specification-valuation-in-civil-engineering',485,15,'26th',77,'2015','856','624.0299','CHAE',29,3,1,'2025-03-27 11:02:46','2025-03-27 11:02:46',NULL),(827,'NDEL-810',810,'Estimating, Costing Specification & Valuation In Civil Engineering','estimating-costing-specification-valuation-in-civil-engineering',485,15,'26th',77,'2015','856','624.0299','CHAE',29,3,1,'2025-03-27 11:03:00','2025-03-27 11:03:00',NULL),(828,'NDEL-811',811,'Estimating, Costing Specification & Valuation In Civil Engineering','estimating-costing-specification-valuation-in-civil-engineering',485,15,'26th',77,'2015','856','624.0299','CHAE',29,3,1,'2025-03-27 11:03:07','2025-03-27 11:03:07',NULL),(829,'NDEL-812',812,'Estimating, Costing Specification & Valuation In Civil Engineering','estimating-costing-specification-valuation-in-civil-engineering',485,15,'26th',77,'2015','856','624.0299','CHAE',29,3,1,'2025-03-27 11:03:13','2025-03-27 11:03:13',NULL),(830,'NDEL-813',813,'Estimating Construction Costs','estimating-construction-costs',769,15,'6th',58,'2015','574','624.0299','PEUE',29,3,1,'2025-03-27 11:07:25','2025-03-27 11:07:25',NULL),(831,'NDEL-814',814,'Surveying','surveying',441,43,'7th',3,'2013','512','624.0299','BANS',5,3,1,'2025-03-27 11:11:20','2025-03-27 11:11:20',NULL),(832,'NDEL-815',815,'Surveying','surveying',555,43,'1st',96,'2005','536','624.0299','PUNS',5,3,1,'2025-03-27 11:19:10','2025-03-27 11:19:10',NULL),(833,'NDEL-816',816,'Surveying','surveying',555,43,'2nd',96,'2005','536','624.0299','PUNS',5,3,1,'2025-03-27 11:19:31','2025-03-27 11:19:31',NULL),(834,'NDEL-817',817,'Estimating In Building Construction','estimating-in-building-construction',767,15,'8th',3,'2005','360','624.0299','PETE',5,3,1,'2025-03-27 11:21:49','2025-03-27 11:21:49',NULL),(835,'NDEL-818',818,'Modern Portfolio Theory And Investment Analysis','modern-portfolio-theory-and-investment-analysis',570,22,'8th',7,'2010','727','332.6','ELTM',4,3,1,'2025-03-27 11:37:05','2025-03-27 11:37:05',NULL),(836,'NDEL-819',819,'Foreign Exchange & Risk Management','foreign-exchange-risk-management',649,36,'8',7,'2010','33.11','658.152','JEER',34,3,1,'2025-03-27 11:43:33','2025-03-27 11:43:33',NULL),(837,'NDEL-820',820,'Fundamentals Of Financial Management','fundamentals-of-financial-management',475,16,'10th',5,'2004','204','658.152','BRIF',2,3,1,'2025-03-27 11:51:56','2025-03-27 11:51:56',NULL),(838,'NDEL-821',821,'Technical Analysis Of Stock Trends','technical-analysis-of-stock-trends',567,30,'9th',74,'2007','787','332','EDWT',31,3,1,'2025-03-27 11:54:50','2025-03-27 11:55:08',NULL),(839,'NDEL-822',822,'Fundamentals Of Futures And Option Markets','fundamentals-of-futures-and-option-markets',641,30,'8th',3,'2014','580','332.6452','HULF',31,3,1,'2025-03-27 11:56:27','2025-03-27 11:56:27',NULL),(840,'NDEL-823',823,'Investment','investment',463,22,'0',4,'2014','1090','332.6452','BODI',4,3,1,'2025-03-27 11:58:00','2025-03-27 11:58:00',NULL),(841,'NDEL-824',824,'Essentials Of Corporate Finance','essentials-of-corporate-finance',812,16,'3rd',58,'2014','574','658.15','ROSE',2,3,1,'2025-03-27 12:01:44','2025-03-27 12:27:54',NULL),(842,'NDEL-825',825,'Willis\'s Elements Of Quantity Surveying','williss-elements-of-quantity-surveying',695,34,'12th',7,'2014','331','692.5','LEES',19,3,1,'2025-03-27 12:03:39','2025-03-27 12:03:39',NULL),(843,'NDEL-826',826,'Management Accounting ','management-accounting',412,1,'6th',8,'2015','A.65','658.1511','AROM',3,3,1,'2025-03-27 12:27:39','2025-03-27 12:27:39',NULL),(844,'NDEL-827',827,'Basic Econometrics','basic-econometrics',604,16,'4th',4,'2014','1036','330','GUJE',25,3,1,'2025-03-27 12:34:34','2025-03-27 12:34:34',NULL),(845,'NDEL-828',828,'Elements Of Hotel Accountancy','elements-of-hotel-accountancy',582,1,'0',79,'2014','374','657.8374','RAWE',15,3,1,'2025-03-27 12:36:07','2025-03-27 12:38:15',NULL),(846,'NDEL-829',829,'Mergers, Acquisitions And Other Restructuring Activities','mergers-acquisitions-and-other-restructuring-activities',540,24,'10th',60,'2019','561','338.83','DEPM',33,3,1,'2025-03-27 12:38:09','2025-03-27 12:38:09',NULL),(847,'NDEL-830',830,'Macmillian Dictionary Of Modern Economics','macmillian-dictionary-of-modern-economics',764,30,'4th',31,'2011','474','330.03','PEAM',31,3,1,'2025-03-27 14:28:53','2025-03-27 14:28:53',NULL),(848,'NDEL-831',831,'Insurance Principles And Practice','insurance-principles-and-practice',728,19,'0',59,'2001','631','368.9','MISI',4,3,1,'2025-03-27 14:35:03','2025-03-27 14:35:03',NULL),(849,'NDEL-832',832,'Civil Engineering','civil-engineering',615,13,'3rd',39,'2002','550','624','GUPC',16,3,1,'2025-03-27 14:37:41','2025-03-27 14:37:41',NULL),(850,'NDEL-833',833,'Concrete Manual','concrete-manual',583,7,'3rd',72,'2002','234','620','GAMC',24,3,1,'2025-03-27 14:42:21','2025-03-27 14:42:36',NULL),(851,'NDEL-834',834,'Cart Age To Space Age','cart-age-to-space-age',845,30,'3rd',112,'2022','288','620','SHAC',32,3,1,'2025-03-27 14:52:25','2025-03-27 14:52:55',NULL),(852,'NDEL-835',835,'Construction Planning, Equipment And Methods','construction-planning-equipment-and-methods',770,8,'7th',4,'2010','768','624','PEUC',23,3,1,'2025-03-27 14:55:12','2025-03-27 14:55:12',NULL),(853,'NDEL-836',836,'Dictionary Of Civil Engineering','dictionary-of-civil-engineering',851,13,'0',80,'2005','232','624.03','SHAC',5,3,1,'2025-03-27 15:02:22','2025-03-27 15:02:37',NULL),(854,'NDEL-837',837,'Dictionary Of Commerce','dictionary-of-commerce',597,30,'2nd',113,'2005','329','330','GRED',31,3,1,'2025-03-27 15:13:07','2025-03-27 15:14:18',NULL),(855,'NDEL-838',838,'Estimating And Costing In Civil Engineering ','estimating-and-costing-in-civil-engineering',532,30,'25th',76,'2005','904','624','DUTE',25,3,1,'2025-03-27 15:32:48','2025-03-27 15:32:48',NULL),(856,'NDEL-839',839,'Mergers, Acquisitions And Other Restructuring Activities','mergers-acquisitions-and-other-restructuring-activities',540,24,'7th',60,'2015','738','658.16','DEPM',33,3,1,'2025-03-27 17:18:20','2025-03-27 17:18:20',NULL),(857,'NDEL-840',840,'Cost Accounting And Financial Management','cost-accounting-and-financial-management',899,16,'7th',60,'2015','738','657.42','VENF',2,3,1,'2025-03-27 17:19:49','2025-03-27 17:19:49',NULL),(858,'NDEL-841',841,'Financial Accounting','financial-accounting',634,1,'9th',3,'2008','577','657','HORF',3,3,1,'2025-03-27 17:22:39','2025-03-27 17:22:39',NULL),(859,'NDEL-842',842,'Management Accounting','management-accounting',3,1,'6th',58,'2008','577','658.1511','KHAM',3,3,1,'2025-03-27 17:24:21','2025-03-27 17:24:21',NULL),(860,'NDEL-843',843,'Corporate Finance','corporate-finance',465,1,'6th',58,'2015','812','658.1511','BOOC',2,3,1,'2025-03-27 17:26:22','2025-03-27 17:26:22',NULL),(861,'NDEL-844',844,'Project Financing','project-financing',575,1,'3rd',7,'2013','543','658.152','FINP',10,3,1,'2025-03-27 17:29:31','2025-03-27 17:29:31',NULL),(862,'NDEL-845',845,'International Project Analysis & Financing','international-project-analysis-financing',777,32,'0',31,'1999','235','658.15','PALI',10,3,1,'2025-03-28 09:47:23','2025-03-28 09:47:23',NULL),(863,'NDEL-846',846,'Cost-benefit Analysis','cost-benefit-analysis',482,16,'2nd',6,'2016','435','332.6','CAMC',2,3,1,'2025-03-28 09:49:08','2025-03-28 09:49:08',NULL),(864,'NDEL-847',847,'Fundamentals Of Insurance','fundamentals-of-insurance',611,19,'2nd',8,'2011','433','368','GUPF',4,3,1,'2025-03-28 09:50:31','2025-03-28 09:50:31',NULL),(865,'NDEL-848',848,'Fundamentals Of Insurance','fundamentals-of-insurance',611,19,'2nd',8,'2011','433','368','GUPF',4,3,1,'2025-03-28 09:50:43','2025-03-28 09:50:43',NULL),(866,'NDEL-849',849,'Investments','investments',462,22,'10th',58,'2015','1091','658.1554','BODI',4,3,1,'2025-03-28 09:52:43','2025-03-28 09:52:43',NULL),(867,'NDEL-850',850,'Cost Management Of Capital Projects','cost-management-of-capital-projects',624,16,'10th',58,'1996','325','658.1554','HEIC',2,3,1,'2025-03-28 09:54:13','2025-03-28 09:54:44',NULL),(868,'NDEL-851',851,'Investment Banking','investment-banking',816,22,'2nd',58,'2015','660','332.6','GIRI',4,3,1,'2025-03-28 09:56:44','2025-03-28 09:57:50',NULL),(869,'NDEL-852',852,'Investment Banking','investment-banking',816,22,'2nd',58,'2015','660','332.6','GIRI',4,3,1,'2025-03-28 09:58:04','2025-03-28 09:58:04',NULL),(870,'NDEL-853',853,'Principles Of Corporate Finance','principles-of-corporate-finance',472,16,'11th',58,'2014','974','658.15','BREC',2,3,1,'2025-03-28 09:59:55','2025-03-28 09:59:55',NULL),(871,'NDEL-854',854,'Principles Of Corporate Finance','principles-of-corporate-finance',472,16,'11th',58,'2014','974','658.15','BREC',2,3,1,'2025-03-28 10:00:11','2025-03-28 10:00:11',NULL),(872,'NDEL-855',855,'Principles Of Corporate Finance','principles-of-corporate-finance',472,16,'11th',58,'2014','974','658.15','BREC',2,3,1,'2025-03-28 10:00:17','2025-03-28 10:00:17',NULL),(873,'NDEL-856',856,'Principles Of Corporate Finance','principles-of-corporate-finance',472,16,'11th',58,'2014','974','658.15','BREC',2,3,1,'2025-03-28 10:00:23','2025-03-28 10:00:23',NULL),(874,'NDEL-857',857,'Corporate Finance Theory And Practice','corporate-finance-theory-and-practice',522,16,'2nd',7,'2014','982','658.15','DAMC',2,3,1,'2025-03-28 10:01:25','2025-03-28 10:01:25',NULL),(875,'NDEL-858',858,'Corporate Finance Theory And Practice','corporate-finance-theory-and-practice',522,16,'2nd',7,'2014','982','658.15','DAMC',2,3,1,'2025-03-28 10:01:41','2025-03-28 10:01:41',NULL),(876,'NDEL-859',859,'Corporate Finance Theory And Practice','corporate-finance-theory-and-practice',522,16,'2nd',7,'2014','982','658.15','DAMC',2,3,1,'2025-03-28 10:02:02','2025-03-28 10:02:02',NULL),(877,'NDEL-860',860,'Corporate Finance Theory And Practice','corporate-finance-theory-and-practice',522,16,'2nd',7,'2014','982','658.15','DAMC',2,3,1,'2025-03-28 10:02:12','2025-03-28 10:02:12',NULL),(878,'NDEL-861',861,'Corporate Finance','corporate-finance',817,16,'2nd',9,'2007','761','658.15','VISC',2,3,1,'2025-03-28 10:05:03','2025-03-28 10:05:03',NULL),(879,'NDEL-862',862,'Corporate Finance','corporate-finance',817,16,'2nd',9,'2007','761','658.15','VISC',2,3,1,'2025-03-28 10:05:23','2025-03-28 10:05:23',NULL),(880,'NDEL-863',863,'Corporate Finance','corporate-finance',817,16,'2nd',9,'2007','761','658.15','VISC',2,3,1,'2025-03-28 10:05:29','2025-03-28 10:05:29',NULL),(881,'NDEL-864',864,'Corporate Finance','corporate-finance',817,16,'2nd',9,'2007','761','658.15','VISC',2,3,1,'2025-03-28 10:05:35','2025-03-28 10:05:35',NULL),(882,'NDEL-865',865,'Fundamental Managerial Accounting Concepts','fundamental-managerial-accounting-concepts',566,1,'6th',58,'2015','714','658.11','EDMA',3,3,1,'2025-03-28 10:07:57','2025-03-28 10:07:57',NULL),(883,'NDEL-866',866,'Cost - Benefit Analysis','cost-benefit-analysis',461,16,'6th',3,'2006','576','658.11','BOAC',2,3,1,'2025-03-28 10:09:19','2025-03-28 10:09:19',NULL),(884,'NDEL-867',867,'Risk Management In Projects','risk-management-in-projects',703,36,'2nd',74,'1993','260','658.152','LOOR',34,3,1,'2025-03-28 10:11:25','2025-03-28 10:11:25',NULL),(885,'NDEL-868',868,'Risk Management In Projects','risk-management-in-projects',703,36,'2nd',74,'1993','260','658.152','LOOR',34,3,1,'2025-03-28 10:11:51','2025-03-28 10:11:51',NULL),(886,'NDEL-869',869,'Risk Management In Projects','risk-management-in-projects',703,36,'2nd',74,'1993','260','658.152','LOOR',34,3,1,'2025-03-28 10:11:57','2025-03-28 10:11:57',NULL),(887,'NDEL-870',870,'Risk Management And Insurance','risk-management-and-insurance',864,36,'0',18,'2007','368','658.152','SKIR',34,3,1,'2025-03-28 10:13:50','2025-03-28 10:13:50',NULL),(888,'NDEL-871',871,'Risk Management And Insurance','risk-management-and-insurance',864,36,'0',18,'2007','368','658.152','SKIR',34,3,1,'2025-03-28 10:14:05','2025-03-28 10:14:05',NULL),(889,'NDEL-872',872,'Risk Management And Insurance','risk-management-and-insurance',864,36,'0',18,'2007','368','658.152','SKIR',34,3,1,'2025-03-28 10:14:11','2025-03-28 10:14:11',NULL),(890,'NDEL-873',873,'Project Risk Management','project-risk-management',909,36,'0',14,'2007','180','658.152','VANP',34,3,1,'2025-03-28 10:15:55','2025-03-28 10:15:55',NULL),(891,'NDEL-874',874,'Project Risk Management','project-risk-management',909,36,'0',14,'2007','180','658.152','VANP',34,3,1,'2025-03-28 10:16:07','2025-03-28 10:16:07',NULL),(892,'NDEL-875',875,'Practical Project Risk Management','practical-project-risk-management',628,36,'2nd',81,'2012','253','658.155','DAVR',34,3,1,'2025-03-28 10:18:16','2025-03-28 10:18:16',NULL),(893,'NDEL-876',876,'Risk Management For Project Organizations ','risk-management-for-project-organizations',655,36,'0',81,'2013','334','658.404','JORR',34,3,1,'2025-03-28 10:20:07','2025-03-28 10:20:07',NULL),(894,'NDEL-877',877,'Risk Management For Projet  Organizations ','risk-management-for-projet-organizations',655,36,'0',81,'2013','334','658.404','JORR',34,3,1,'2025-03-28 10:21:13','2025-03-28 10:21:13',NULL),(895,'NDEL-878',878,'High-rise Security And Fire Life Safety','high-rise-security-and-fire-life-safety',519,37,'3rd',60,'2008','334','658.477','CRAH',7,3,1,'2025-03-28 10:39:36','2025-03-28 10:39:36',NULL),(896,'NDEL-879',879,'International Business','international-business',626,21,'10th',58,'2014','805','658.049','HILI',34,3,1,'2025-03-28 11:00:21','2025-03-28 11:00:21',NULL),(897,'NDEL-880',880,'International Businesss','international-businesss',626,21,'11th',58,'2017','835','658.049','HILI',34,3,1,'2025-03-28 11:01:23','2025-03-28 11:01:23',NULL),(898,'NDEL-881',881,'Project Risk Management','project-risk-management',487,36,'2nd',10,'2003','389','658','CHAP',34,3,1,'2025-03-28 11:04:46','2025-03-28 11:04:46',NULL),(899,'NDEL-882',882,'Insurance And Risk Management','insurance-and-risk-management',611,36,'0',8,'2010','349','368','GUPI',34,3,1,'2025-03-28 11:06:19','2025-03-28 11:06:19',NULL),(900,'NDEL-883',883,'Risk Optimizer For Business Applications','risk-optimizer-for-business-applications',743,36,'2nd',82,'2011','228','368','NERR',34,3,1,'2025-03-28 11:08:38','2025-03-28 11:08:38',NULL),(901,'NDEL-884',884,'B\'com','bcom',696,4,'2nd',5,'2016','487','658.45','LEHB',35,3,1,'2025-03-28 11:10:07','2025-03-28 11:10:07',NULL),(902,'NDEL-885',885,'B\'com','bcom',696,4,'2nd',5,'2016','487','658.45','LEHB',35,3,1,'2025-03-28 11:10:32','2025-03-28 11:10:32',NULL),(903,'NDEL-886',886,'B\'com','bcom',696,4,'2nd',5,'2016','487','658.45','LEHB',35,3,1,'2025-03-28 11:10:37','2025-03-28 11:10:37',NULL),(904,'NDEL-887',887,'B\'com','bcom',696,4,'2nd',5,'2016','487','658.45','LEHB',35,3,1,'2025-03-28 11:10:42','2025-03-28 11:10:42',NULL),(905,'NDEL-888',888,'Business Communication Today','business-communication-today',696,4,'10th',3,'2016','487','658','LEHB',35,3,1,'2025-03-28 11:17:30','2025-03-28 11:17:30',NULL),(906,'NDEL-889',889,'Business Communication For Managers','business-communication-for-managers',765,4,'5th',5,'2004','470','651.7','PENB',35,3,1,'2025-03-28 11:18:42','2025-03-28 11:18:42',NULL),(907,'NDEL-890',890,'Millennials Poised To Lead','millennials-poised-to-lead',844,30,'0',5,'2015','342','650','SHAM',31,3,1,'2025-03-28 11:26:46','2025-03-28 11:26:46',NULL),(908,'NDEL-891',891,'Management Education In India','management-education-in-india',738,24,'0',83,'2015','341','650.092','NANM',33,3,1,'2025-03-28 11:28:57','2025-03-28 11:28:57',NULL),(909,'NDEL-892',892,'International Business','international-business',626,21,'10th',58,'2014','805','658.049','HILI',34,3,1,'2025-03-28 11:31:14','2025-03-28 11:31:14',NULL),(910,'NDEL-893',893,'International Businesss','international-businesss',626,21,'10th',58,'2014','805','658.049','HILI',34,3,1,'2025-03-28 11:31:27','2025-03-28 11:31:27',NULL),(911,'NDEL-894',894,'The Fortune At The Bottom Of The Pyramid','the-fortune-at-the-bottom-of-the-pyramid',782,30,'0',3,'2014','360','339','PRAF',31,3,1,'2025-03-28 11:33:54','2025-03-28 11:33:54',NULL),(912,'NDEL-895',895,'The Fortune At The Bottom Of The Pyramid','the-fortune-at-the-bottom-of-the-pyramid',782,30,'0',3,'2014','360','339','PRAF',31,3,1,'2025-03-28 11:34:20','2025-03-28 11:34:20',NULL),(913,'NDEL-896',896,'Step To Innovation','step-to-innovation',521,30,'0',84,'2014','308','658.4063','DABI',31,3,1,'2025-03-28 11:36:11','2025-03-28 11:36:11',NULL),(914,'NDEL-897',897,'Step To Innovation','step-to-innovation',521,30,'0',84,'2014','308','658.4063','DABI',31,3,1,'2025-03-28 11:36:22','2025-03-28 11:36:22',NULL),(915,'NDEL-898',898,'The Goal','the-goal',588,30,'0',84,'2013','341','823','GOLG',32,3,1,'2025-03-28 11:37:32','2025-03-28 11:37:32',NULL),(916,'NDEL-899',899,'The Goal','the-goal',588,30,'0',84,'2013','341','823','GOLG',32,3,1,'2025-03-28 11:37:44','2025-03-28 11:37:44',NULL),(917,'NDEL-900',900,'Management Information System','management-information-system',648,24,'5th',58,'2014','814','658','JAWM',33,3,1,'2025-03-28 11:39:26','2025-03-28 11:39:26',NULL),(918,'NDEL-901',901,'Business Communication','business-communication',697,4,'13th',58,'2015','772','651.74','LESB',35,3,1,'2025-03-28 11:40:49','2025-03-28 11:40:49',NULL),(919,'NDEL-902',902,'Management Communication','management-communication',813,24,'4th',3,'2011','417','658','ROUM',33,3,1,'2025-03-28 11:42:59','2025-03-28 11:42:59',NULL),(920,'NDEL-903',903,'Crafting And Executing Strategy','crafting-and-executing-strategy',885,40,'19th',58,'2014','448','658.4012','THOC',36,3,1,'2025-03-28 11:47:25','2025-03-28 11:47:25',NULL),(921,'NDEL-904',904,'Architects & Project Managers ','architects-project-managers',489,2,'4th',55,'2014','281','344.41','CHAA',36,3,1,'2025-03-28 11:49:15','2025-03-28 11:49:15',NULL),(922,'NDEL-905',905,'Business Communication For Managers','business-communication-for-managers',765,4,'4th',5,'2004','470','657.7','PERB',35,3,1,'2025-03-28 11:50:46','2025-03-28 11:50:46',NULL),(923,'NDEL-906',906,'Interior Graphic Standards','interior-graphic-standards',456,20,'2nd',10,'2012','484','729','BINI',36,3,1,'2025-03-28 11:53:07','2025-03-28 11:53:07',NULL),(924,'NDEL-907',907,'Building Drawing ','building-drawing',843,20,'5th',58,'2012','406','720.47','SHAB',36,3,1,'2025-03-28 11:54:58','2025-03-28 11:54:58',NULL),(925,'NDEL-908',908,'Design Manual','design-manual',880,20,'2nd',86,'2004','301','721.044','SUSD',36,3,1,'2025-03-28 11:57:26','2025-03-28 11:57:26',NULL),(926,'NDEL-909',909,'Design Manual','design-manual',880,20,'2nd',86,'2004','301','721.044','SUSD',36,3,1,'2025-03-28 11:57:37','2025-03-28 11:57:37',NULL),(927,'NDEL-910',910,'Design Manual','design-manual',880,20,'2nd',86,'2004','301','721.044','SUSD',36,3,1,'2025-03-28 11:57:43','2025-03-28 11:57:43',NULL),(928,'NDEL-911',911,'Design Manual','design-manual',880,20,'2nd',86,'2004','301','721.044','SUSD',36,3,1,'2025-03-28 11:57:50','2025-03-28 11:57:50',NULL),(929,'NDEL-912',912,'Cost-benefit Anaylsis','cost-benefit-anaylsis',461,16,'3rd',3,'2006','576','658.1554','BORC',2,3,1,'2025-03-28 12:00:43','2025-03-28 12:00:43',NULL),(930,'NDEL-913',913,'Designing Commercial Interior','designing-commercial-interior',774,20,'3rd',7,'2016','556','747.852','PIOI',36,3,1,'2025-03-28 12:02:55','2025-03-28 12:03:09',NULL),(931,'NDEL-914',914,'Evidence- Based Design For Interior Designers','evidence-based-design-for-interior-designers',774,20,'0',114,'2009','374','747.072','NUSE',36,3,1,'2025-03-28 12:08:07','2025-03-28 12:08:40',NULL),(932,'NDEL-915',915,'Competitive Advantage ','competitive-advantage',779,24,'0',87,'1985','557','658','PORC',33,3,1,'2025-03-28 12:10:43','2025-03-28 12:10:43',NULL),(933,'NDEL-916',916,'Database Systems','database-systems',569,24,'6th',3,'2013','1214','5.756','ELMD',38,3,1,'2025-03-28 12:12:52','2025-03-28 12:12:52',NULL),(934,'NDEL-917',917,'Database Systems','database-systems',569,24,'6th',3,'2013','1214','5.756','ELMD',38,3,1,'2025-03-28 12:13:05','2025-03-28 12:13:05',NULL),(935,'NDEL-918',918,'Strategic Management ','strategic-management',630,40,'9th',5,'2013','748','658.4012','HITS',36,3,1,'2025-03-28 12:14:52','2025-03-28 12:14:52',NULL),(936,'NDEL-919',919,'Strategic Management ','strategic-management',630,40,'9th',5,'2013','748','658.4012','HITS',36,3,1,'2025-03-28 12:15:09','2025-03-28 12:15:09',NULL),(937,'NDEL-920',920,'Decision Making Under Uncertainty','decision-making-under-uncertainty',913,30,'2nd',82,'2010','252','368','WIND',30,3,1,'2025-03-28 12:16:53','2025-03-28 12:16:53',NULL),(938,'NDEL-921',921,'Business Ethi And Corporate Gover','business-ethi-and-corporate-gover',572,4,'2nd',3,'2012','595','658.001','FERB',35,3,1,'2025-03-28 12:18:45','2025-03-28 12:18:45',NULL),(939,'NDEL-922',922,'Entrepreneurship Development And Small Business Enterprises','entrepreneurship-development-and-small-business-enterprises',490,30,'2nd',3,'2014','396','338.542','CHAE',31,3,1,'2025-03-28 12:20:30','2025-03-28 12:20:30',NULL),(940,'NDEL-923',923,'Operations Strategy','operations-strategy',865,40,'5th',3,'2018','471','658.5','SLAO',36,3,1,'2025-03-28 12:24:44','2025-03-28 12:24:44',NULL),(941,'NDEL-924',924,'The Balanced Score Card','the-balanced-score-card',661,32,'0',88,'1996','322','658.4','KALB',10,3,1,'2025-03-28 12:32:03','2025-03-28 12:32:11',NULL),(942,'NDEL-925',925,'The Balanced Score Card','the-balanced-score-card',661,32,'0',88,'1996','322','658.4','KALB',10,3,1,'2025-03-28 12:32:28','2025-03-28 12:32:28',NULL),(943,'NDEL-926',926,'Managemet Communications','managemet-communications',813,24,'4th',3,'2011','417','651.7','ROUM',33,3,1,'2025-03-28 12:35:59','2025-03-28 12:35:59',NULL),(944,'NDEL-927',927,'Management Communications','management-communications',813,24,'4th',3,'2011','417','651.7','ROUM',33,3,1,'2025-03-28 12:36:09','2025-03-28 12:36:09',NULL),(945,'NDEL-928',928,'Management Communications','management-communications',813,24,'4th',3,'2011','417','651.7','ROUM',33,3,1,'2025-03-28 12:36:18','2025-03-28 12:36:18',NULL),(946,'NDEL-929',929,'Strategic Management','strategic-management',543,40,'0',58,'2013','548','658.4012','DESS',36,3,1,'2025-03-28 12:40:44','2025-03-28 12:40:56',NULL),(947,'NDEL-930',930,'Management Of Technology','management-of-technology',543,24,'2nd',58,'2013','536','658.5','KHAM',33,3,1,'2025-03-28 12:42:03','2025-03-28 12:42:03',NULL),(948,'NDEL-931',931,'Introduction To Management Science','introduction-to-management-science',689,24,'0',5,'2013','512','658','KUMM',33,3,1,'2025-03-28 12:43:07','2025-03-28 12:43:07',NULL),(949,'NDEL-932',932,'Essentials Of Management','essentials-of-management',681,24,'10th',58,'2015','496','658.4','KOOM',33,3,1,'2025-03-28 12:47:56','2025-03-28 12:47:56',NULL),(950,'NDEL-933',933,'Management Control Systems','management-control-systems',427,24,'12th',58,'2007','769','658.15','ANTM',33,3,1,'2025-03-28 12:49:18','2025-03-28 12:49:18',NULL),(951,'NDEL-934',934,'Management Information System','management-information-system',648,24,'5th',58,'2007','814','658.4038','JAWM',33,3,1,'2025-03-28 12:50:44','2025-03-28 12:50:44',NULL),(952,'NDEL-935',935,'Innovation Management','innovation-management',410,24,'2nd',20,'2007','390','658.406','AFUI',33,3,1,'2025-03-28 12:51:46','2025-03-28 12:51:46',NULL),(953,'NDEL-936',936,'Management Information System','management-information-system',473,24,'10th',58,'2007','954','658.4038','BRIM',33,3,1,'2025-03-28 12:52:59','2025-03-28 12:53:20',NULL),(954,'NDEL-937',937,'Implementing Iso9001: 2000','implementing-iso9001-2000',716,30,'0',2,'2000','393','658.562','MATI',32,3,1,'2025-03-28 12:58:01','2025-03-28 12:59:08',NULL),(955,'NDEL-938',938,'Implementing Iso9001: 2000','implementing-iso9001-2000',716,30,'0',2,'2000','393','658.562','MATI',32,3,1,'2025-03-28 12:58:59','2025-03-28 12:58:59',NULL),(956,'NDEL-939',939,'Direct Taxes','direct-taxes',557,44,'54th',89,'2015','597','336.2','SIND',37,3,1,'2025-03-28 13:03:50','2025-03-28 13:05:14',NULL),(957,'NDEL-940',940,'Direct Taxes','direct-taxes',557,44,'54th',89,'2015','597','336.2','SIND',37,3,1,'2025-03-28 13:04:56','2025-03-28 13:05:24',NULL),(958,'NDEL-941',941,'Corporate Tax Planning & Management','corporate-tax-planning-management',561,44,'17th',45,'2016','775','336.2','AHUC',37,3,1,'2025-03-28 13:07:26','2025-03-28 13:07:26',NULL),(959,'NDEL-942',942,'Corporatetax Planning & Management','corporatetax-planning-management',561,44,'17th',45,'2016','775','336.2','AHUC',37,3,1,'2025-03-28 13:07:42','2025-03-28 13:07:42',NULL),(960,'NDEL-943',943,'Direct & Indirect Taxes','direct-indirect-taxes',561,44,'32',45,'2016','923','336.2','AHUC',37,3,1,'2025-03-28 13:08:21','2025-03-28 13:08:21',NULL),(961,'NDEL-944',944,'Direct & Indirect Taxes','direct-indirect-taxes',561,44,'32',45,'2016','923','336.2','AHUC',37,3,1,'2025-03-28 13:08:37','2025-03-28 13:08:37',NULL),(962,'NDEL-945',945,'E Business And E - Commerce For Managers','e-business-and-e-commerce-for-managers',537,6,'32',45,'2011','794','658.84','DEIB',34,3,1,'2025-03-28 13:11:03','2025-03-28 13:11:03',NULL),(963,'NDEL-946',946,'Project Management','project-management',667,32,'3rd',45,'2014','794','658.404','KERP',10,3,1,'2025-03-28 13:58:30','2025-03-28 13:58:43',NULL),(964,'NDEL-947',947,'Framework - Modern Techniques','framework-modern-techniques',667,32,'0',90,'2014','258','624.1834','GROM',15,3,1,'2025-03-28 14:02:19','2025-03-28 14:02:19',NULL),(965,'NDEL-948',948,'Software Project Management','software-project-management',638,38,'5th',58,'2014','397','5.1068','HUGM',38,3,1,'2025-03-28 14:07:09','2025-03-28 14:07:09',NULL),(966,'NDEL-949',949,'Project 2013 For Dummies','project-2013-for-dummies',867,38,'5th',7,'2013','338','658.404','SNYP',38,3,1,'2025-03-28 14:20:12','2025-03-28 14:20:42',NULL),(967,'NDEL-950',950,'Valuation Of Real Properties','valuation-of-real-properties',798,38,'0',70,'2013','440','658.404','RANV',35,3,1,'2025-03-28 14:23:29','2025-03-28 14:23:37',NULL),(973,'NDEL-951',951,'Construction & Real Estate','construction-real-estate',825,35,'2nd',116,'2013','427','333.3','SANC',35,3,1,'2025-03-28 15:03:11','2025-03-28 15:03:11',NULL),(974,'NDEL-952',952,'Real Estate Finance In India','real-estate-finance-in-india',529,35,'2nd',9,'2014','327','332.7209','DASR',35,3,1,'2025-03-28 15:04:34','2025-03-28 15:04:34',NULL),(975,'NDEL-953',953,'Property Valuation','property-valuation',832,45,'3rd',71,'2014','192','333','SCAP',35,3,1,'2025-03-28 15:06:30','2025-03-28 15:06:30',NULL),(976,'NDEL-954',954,'Successful Project Management','successful-project-management',454,32,'3rd',16,'2012','433','658.404','BIAS',9,3,1,'2025-03-28 15:08:12','2025-03-28 15:08:12',NULL),(977,'NDEL-955',955,'Oracle Primavera P6','oracle-primavera-p6',622,38,'0',91,'2014','424','658.4','HARP',38,3,1,'2025-03-28 15:10:09','2025-03-28 15:10:20',NULL),(978,'NDEL-956',956,'Project Planning And Contorl With Pert & Cpm','project-planning-and-contorl-with-pert-cpm',555,32,'0',96,'2025','250','658.4032','PUNP',9,3,1,'2025-03-28 15:17:08','2025-03-28 15:17:08',NULL),(979,'NDEL-957',957,'Property Valuation','property-valuation',725,45,'5th',71,'2000','279','333.332','MILV',35,3,1,'2025-03-28 15:20:04','2025-03-28 15:20:04',NULL),(980,'NDEL-958',958,'Urban Planning And Real Estate Development','urban-planning-and-real-estate-development',800,35,'3rd',71,'2009','704','307.1216','RATR',35,3,1,'2025-03-28 15:38:06','2025-03-28 15:38:06',NULL),(981,'NDEL-959',959,'Microsoft Project 2010 Inside Out','microsoft-project-2010-inside-out',876,38,'0',71,'2012','1307','658.404','STOP',38,3,1,'2025-03-28 15:39:49','2025-03-28 15:39:49',NULL),(982,'NDEL-960',960,'Oracle Primavera P6 Version - 7','oracle-primavera-p6-version-7',622,38,'0',91,'2014','31.8','658.4','HARP',38,3,1,'2025-03-28 15:53:41','2025-03-28 15:55:40',NULL),(983,'NDEL-961',961,'Soft Skills','soft-skills',494,38,'0',7,'2014','244','658.4','CHAS',38,3,1,'2025-03-28 15:55:12','2025-03-28 15:55:12',NULL),(984,'NDEL-962',962,'Microsoft Project 2013','microsoft-project-2013',492,38,'0',16,'2015','557','658.404','CARP',38,3,1,'2025-03-28 15:59:26','2025-03-28 15:59:26',NULL),(985,'NDEL-963',963,'Primavera P6 Version 7','primavera-p6-version-7',622,38,'0',91,'2014','31.8','658.4','HARP',38,3,1,'2025-03-28 16:02:08','2025-03-28 16:02:08',NULL),(986,'NDEL-964',964,'Successful Project Management','successful-project-management',454,38,'0',16,'2012','433','658','BIAP',38,3,1,'2025-03-28 16:03:24','2025-03-28 16:03:24',NULL),(987,'NDEL-965',965,'Step By Step Microsoft Project - 2013','step-by-step-microsoft-project-2013',492,38,'0',16,'2015','557','658.404','CHAP',38,3,1,'2025-03-28 16:04:21','2025-03-28 16:04:21',NULL),(988,'NDEL-966',966,'Plain & Simple Microsoft Project 2013','plain-simple-microsoft-project-2013',636,38,'0',16,'2013','220','658.404','HOWP',38,3,1,'2025-03-28 16:26:37','2025-03-28 16:26:37',NULL),(989,'NDEL-967',967,'Plain & Simple Microsoft Project 2013','plain-simple-microsoft-project-2013',636,38,'0',16,'2013','220','658.404','HOWP',38,3,1,'2025-03-28 16:26:50','2025-03-28 16:26:50',NULL),(990,'NDEL-968',968,'Total Quality Management','total-quality-management',878,33,'0',16,'2006','394','658.4013','SUGT',30,3,1,'2025-03-28 16:28:31','2025-03-28 16:28:31',NULL),(991,'NDEL-969',969,'Materials Management','materials-management',590,26,'0',16,'2004','276','658.7','GOPM',11,3,1,'2025-03-28 16:30:25','2025-03-28 16:30:25',NULL),(992,'NDEL-970',970,'Project Management','project-management',421,32,'2nd',16,'1994','505','690','AHUP',9,3,1,'2025-03-28 16:31:48','2025-03-28 16:31:48',NULL),(993,'NDEL-971',971,'Direct Taxes Ready Reckoner','direct-taxes-ready-reckoner',862,44,'35th',16,'2014','350','336','SIND',37,3,1,'2025-03-28 16:38:53','2025-03-28 16:38:53',NULL),(994,'NDEL-972',972,'Heavy Construction -planning, Equipment And Method','heavy-construction-planning-equipment-and-method',859,13,'0',93,'1993','1084','680','SINC',15,3,1,'2025-03-28 16:44:00','2025-03-28 16:44:00',NULL),(995,'NDEL-973',973,'Management A Global Perspective','management-a-global-perspective',908,24,'10th',58,'1994','744','658','WEIM',33,3,1,'2025-03-28 16:48:15','2025-03-28 16:48:15',NULL),(996,'NDEL-974',974,'Construction Planning, Equipment And Methods','construction-planning-equipment-and-methods',768,8,'6th',4,'2003','669','624','PEUC',23,3,1,'2025-03-28 16:50:01','2025-03-28 16:50:01',NULL),(997,'NDEL-975',975,'Construction Management','construction-management',617,8,'0',10,'1980','483','690','HALC',23,3,1,'2025-04-01 09:42:01','2025-04-01 09:42:01',NULL),(998,'NDEL-976',976,'Construction Equipment And Its Planning And Application','construction-equipment-and-its-planning-and-application',560,8,'3rd',94,'1979','623','624','VARC',5,3,1,'2025-04-01 09:44:00','2025-04-01 09:44:00',NULL),(999,'NDEL-977',977,'Estimating Construction Costs','estimating-construction-costs',769,8,'4th',58,'1979','473','690','PEUC',23,3,1,'2025-04-01 09:47:02','2025-04-01 09:47:02',NULL),(1000,'NDEL-978',978,'Handbook Of Construction Management','handbook-of-construction-management',657,32,'2nd',31,'1991','484','658','JOYC',10,3,1,'2025-04-01 09:49:24','2025-04-01 09:56:41',NULL),(1001,'NDEL-979',979,'Total Project Management Contract','total-project-management-contract',657,32,'2nd',31,'1994','600','658','JOYP',10,3,1,'2025-04-01 09:56:24','2025-04-01 09:56:24',NULL),(1002,'NDEL-980',980,'Total Quality Management','total-quality-management',878,33,'0',16,'2005','383','658','SUGT',30,3,1,'2025-04-01 10:01:12','2025-04-01 10:01:12',NULL),(1003,'NDEL-981',981,'Construction Project Management','construction-project-management',503,32,'0',4,'1998','558','658.404','CHIC',10,3,1,'2025-04-01 10:02:38','2025-04-01 10:02:38',NULL),(1004,'NDEL-982',982,'Project Management','project-management',505,32,'0',4,'1998','244','658.404','CHOP',10,3,1,'2025-04-01 10:03:52','2025-04-01 10:03:52',NULL),(1005,'NDEL-983',983,'Law Relating To Infrastructure Project','law-relating-to-infrastructure-project',656,47,'2nd',50,'2003','1269','332','JOSL',14,3,1,'2025-04-01 10:08:05','2025-04-01 10:08:05',NULL),(1006,'NDEL-984',984,'Microsoft Project 2002','microsoft-project-2002',517,38,'2nd',91,'2003','771','658.4','COUP',38,3,1,'2025-04-01 10:10:16','2025-04-01 10:10:28',NULL),(1007,'NDEL-985',985,'Total Quality Management','total-quality-management',563,38,'2nd',96,'2006','231','658.4','KUMQ',30,3,1,'2025-04-01 10:11:57','2025-04-01 10:11:57',NULL),(1008,'NDEL-986',986,'Projects','projects',5,32,'5th',4,'2004','745','332.67','CHAP',10,3,1,'2025-04-01 10:48:42','2025-04-01 10:48:42',NULL),(1009,'NDEL-987',987,'Financial Management','financial-management',5,16,'6th',4,'2004','1155','658.15','CHAF',1,3,1,'2025-04-01 10:50:00','2025-04-01 10:50:00',NULL),(1010,'NDEL-988',988,'E - Commerce','e-commerce',693,6,'13th',3,'2018','1155','658.872','LAUC',34,3,1,'2025-04-01 10:53:44','2025-04-01 10:53:44',NULL),(1011,'NDEL-989',989,'Microsoft Project 2010 Inside Out','microsoft-project-2010-inside-out',876,38,'0',16,'2012','1307','658.404','STOP',38,3,1,'2025-04-01 11:05:12','2025-04-01 11:05:12',NULL),(1012,'NDEL-990',990,'Urban Planning And Real Estate Development','urban-planning-and-real-estate-development',800,35,'3rd',71,'2012','704','307.1216','RATU',35,3,1,'2025-04-01 11:06:56','2025-04-01 11:06:56',NULL),(1013,'NDEL-991',991,'101 Case Studies In Construction Management','101-case-studies-in-construction-management',631,8,'3rd',71,'2019','164','690.068','HOLC',22,3,1,'2025-04-01 11:09:12','2025-04-01 11:09:12',NULL),(1014,'NDEL-992',992,'Project Cost Engineering','project-cost-engineering',927,8,'3rd',68,'1997','445','658','RICP',9,3,1,'2025-04-01 11:20:07','2025-04-01 11:20:45',NULL),(1015,'NDEL-993',993,'Legal Framework Of Construction','legal-framework-of-construction',927,8,'0',15,'2015','340','690','NICL',27,3,1,'2025-04-01 11:25:24','2025-04-01 11:25:24',NULL),(1016,'NDEL-994',994,'The India Infrastructure Report','the-india-infrastructure-report',794,18,'1st',117,'1996','49','711','RAKT',30,3,1,'2025-04-01 11:32:24','2025-04-01 11:33:03',NULL),(1017,'NDEL-995',995,'Introduction To Infrastructures Planning And Management','introduction-to-infrastructures-planning-and-management',928,18,'0',118,'2005','200','711','JETI',30,3,1,'2025-04-01 11:55:00','2025-04-01 11:55:00',NULL),(1018,'NDEL-996',996,'The India Infrastructure Report','the-india-infrastructure-report',794,18,'3rd',117,'1996','226','711','RAKT',30,3,1,'2025-04-01 11:59:40','2025-04-01 11:59:40',NULL),(1019,'NDEL-997',997,'The India Infrastructure Report','the-india-infrastructure-report',794,18,'3rd',117,'1996','226','711','RAKT',30,3,1,'2025-04-01 12:09:05','2025-04-01 12:09:05',NULL),(1020,'NDEL-998',998,'Cost Management Of Capital Projects','cost-management-of-capital-projects',642,32,'0',119,'1996','650','658.1552','HUMC',10,3,1,'2025-04-01 12:43:28','2025-04-01 12:44:08',NULL),(1021,'NDEL-999',999,'Construction, Contracts And Contracting','construction-contracts-and-contracting',746,32,'0',15,'2002','167','690.22','NICC',22,3,1,'2025-04-01 12:57:44','2025-04-01 12:57:44',NULL),(1022,'NDEL-1000',1000,'Preventing Workplace Incidents In Construction','preventing-workplace-incidents-in-construction',660,32,'0',6,'2002','167','690.22','NICC',22,3,1,'2025-04-01 13:13:47','2025-04-01 13:13:47',NULL),(1023,'NDEL-1001',1001,'Organization Behavior','organization-behavior',835,29,'12th',7,'2012','130','658','SCHO',6,3,1,'2025-04-01 13:15:13','2025-04-01 13:15:21',NULL),(1024,'NDEL-1002',1002,'Practical Information For Quantity Surveyors','practical-information-for-quantity-surveyors',653,13,'0',97,'2010','150','624','JOGQ',5,3,1,'2025-04-01 14:00:57','2025-04-01 14:00:57',NULL),(1025,'NDEL-1003',1003,'Practical Information For Quantity Surveyors','practical-information-for-quantity-surveyors',653,13,'0',97,'2010','150','624','JOGQ',5,3,1,'2025-04-01 14:01:13','2025-04-01 14:01:13',NULL),(1026,'NDEL-1004',1004,'Practical Information For Quantity Surveyors','practical-information-for-quantity-surveyors',653,13,'0',97,'2010','150','624','JOGQ',5,3,1,'2025-04-01 14:01:24','2025-04-01 14:01:24',NULL),(1027,'NDEL-1005',1005,'Practical Information For Quantity Surveyors','practical-information-for-quantity-surveyors',653,13,'0',97,'2010','150','624','JOGQ',5,3,1,'2025-04-01 14:01:32','2025-04-01 14:01:32',NULL),(1028,'NDEL-1006',1006,'Paper On Management In Construction Industry','paper-on-management-in-construction-industry',894,13,'0',15,'1991','236','690','VAIC',22,3,1,'2025-04-01 14:05:49','2025-04-01 14:05:49',NULL),(1029,'NDEL-1007',1007,'Discovering Statistics Using Ibm Spass Statistics','discovering-statistics-using-ibm-spass-statistics',573,39,'4th',9,'1991','915','519.5','FIES',28,3,1,'2025-04-01 14:07:25','2025-04-01 14:07:25',NULL),(1030,'NDEL-1008',1008,'The Oxford Handbook Of Mega Project Management','the-oxford-handbook-of-mega-project-management',576,39,'0',20,'2017','600','658.404','FLYH',9,3,1,'2025-04-01 14:21:18','2025-04-01 14:21:26',NULL),(1031,'NDEL-1009',1009,'Risk Management','risk-management',734,36,'0',20,'2003','336','658.404','MULR',34,3,1,'2025-04-01 14:22:49','2025-04-01 14:22:49',NULL),(1032,'NDEL-1010',1010,'Research Methods For Business And Social Science Students','research-methods-for-business-and-social-science-students',418,5,'2nd',9,'2014','290','1.42','ADAR',17,3,1,'2025-04-01 14:24:19','2025-04-01 14:24:19',NULL),(1033,'NDEL-1011',1011,'Learning Statistics With Stat Tools','learning-statistics-with-stat-tools',423,39,'2nd',82,'2010','201','519','ALBS',28,3,1,'2025-04-01 14:26:37','2025-04-01 14:26:37',NULL),(1034,'NDEL-1012',1012,'Evolver Solutions For Business','evolver-solutions-for-business',743,39,'2nd',82,'2011','267','519','NERE',32,3,1,'2025-04-01 14:28:08','2025-04-01 14:28:08',NULL),(1035,'NDEL-1013',1013,'Lease Administration Simplified','lease-administration-simplified',424,39,'0',82,'2009','99','333.338','ALEL',32,3,1,'2025-04-01 14:33:12','2025-04-01 14:33:20',NULL),(1036,'NDEL-1014',1014,'Legal Frame - Work Of Project Management Pgpm 34','legal-frame-work-of-project-management-pgpm-34',746,32,'0',15,'2015','225','658','NICL',9,3,1,'2025-04-01 14:39:19','2025-04-01 14:39:19',NULL),(1037,'NDEL-1015',1015,'The Guide To Understanding Indemnity Clouses','the-guide-to-understanding-indemnity-clouses',419,10,'0',62,'2006','88','346.94022','ADOC',14,3,1,'2025-04-01 14:43:23','2025-04-01 14:43:23',NULL),(1038,'NDEL-1016',1016,'Research Methods For Business A Skill - Building Approach','research-methods-for-business-a-skill-building-approach',840,5,'6th',7,'2016','423','650.072','SEKR',17,3,1,'2025-04-01 14:44:57','2025-04-01 14:44:57',NULL),(1039,'NDEL-1017',1017,'Highway Project Development Idm44','highway-project-development-idm44',746,5,'0',15,'2015','359','624','NICH',16,3,1,'2025-04-01 14:51:30','2025-04-01 14:51:30',NULL),(1040,'NDEL-1018',1018,'Technology And Management Of High Rise And Special Building','technology-and-management-of-high-rise-and-special-building',746,24,'0',15,'2015','78','658','NICT',33,3,1,'2025-04-01 14:53:52','2025-04-01 14:53:52',NULL),(1041,'NDEL-1019',1019,'Business Research Methods ','business-research-methods',612,5,'0',58,'2014','440','658.0072','GUPB',17,3,1,'2025-04-01 14:55:34','2025-04-01 14:55:34',NULL),(1042,'NDEL-1020',1020,'How To Find Peace In A Noisy World Hear Yourself','how-to-find-peace-in-a-noisy-world-hear-yourself',801,30,'0',58,'2021','260','000','RAWH',31,3,1,'2025-04-01 15:03:21','2025-04-01 15:03:21',NULL),(1043,'NDEL-1021',1021,'Construction Technology','construction-technology',827,9,'0',20,'2008','572','690','SARC',22,3,1,'2025-04-01 15:07:07','2025-04-01 15:07:07',NULL),(1044,'NDEL-1022',1022,'Pragmatic Ways For Atmanirbhar Bharat','pragmatic-ways-for-atmanirbhar-bharat',524,30,'0',99,'2020','344','00','DANP',31,3,1,'2025-04-01 15:11:20','2025-04-01 15:11:29',NULL),(1045,'NDEL-1023',1023,'Dk Ultimate Visual Dictionary','dk-ultimate-visual-dictionary',929,30,'0',120,'2007','640','00','DKK',31,3,1,'2025-04-01 15:23:40','2025-04-01 15:25:51',NULL),(1046,'NDEL-1024',1024,'Business Research Methods ','business-research-methods',438,5,'0',3,'2011','762','658.0072','BAJB',17,3,1,'2025-04-01 15:27:40','2025-04-01 15:27:55',NULL),(1047,'NDEL-1025',1025,'Oxford Dictionary Of English','oxford-dictionary-of-english',873,5,'3rd',3,'2010','2069','0','2069',31,3,1,'2025-04-01 15:30:30','2025-04-01 15:30:30',NULL),(1048,'NDEL-1026',1026,'The Handbook Of Building Types Neufert Architects Data','the-handbook-of-building-types-neufert-architects-data',930,5,'2nd ',7,'2002','433','721.0212','NEUT',31,3,1,'2025-04-01 15:49:50','2025-04-01 15:50:31',NULL);

--
